{"id":17,"date":"2026-01-15T14:08:39","date_gmt":"2026-01-15T17:08:39","guid":{"rendered":"https:\/\/pos.uel.br\/treinamento-esportivo\/?page_id=17"},"modified":"2026-01-15T14:08:39","modified_gmt":"2026-01-15T17:08:39","slug":"sobre-o-curso","status":"publish","type":"page","link":"https:\/\/pos.uel.br\/treinamento-esportivo\/sobre-o-curso\/","title":{"rendered":"Sobre o curso"},"content":{"rendered":"\n<p>O <strong>Curso de Especializa\u00e7\u00e3o<\/strong> <strong>em Treinamento Esportivo <\/strong>visa discutir e oferecer efetivas condi\u00e7\u00f5es para fundamentar a profiss\u00e3o do treinador\/professor de diferentes modalidades esportivas e \u00e1reas de atua\u00e7\u00e3o no contexto da Educa\u00e7\u00e3o F\u00edsica. Visa-se repensar a forma\u00e7\u00e3o com base em novas perspectivas, considerando os conhecimentos dispon\u00edveis na atualidade, garantindo desta forma necessidades essenciais que permitam o desenvolvimento dos esportes e de jovens atletas, enfatizando os princ\u00edpios gerais da forma\u00e7\u00e3o de treinadores e suas correspondentes estrat\u00e9gias.<\/p>\n\n\n\n<p>Desta forma, entendemos que a ideia de uma forma\u00e7\u00e3o inicial (n\u00facleo comum), que optamos por denomin\u00e1-lo como <strong>Forma\u00e7\u00e3o Geral <\/strong>(195h), com duas \u00eanfases (165h cada uma delas), sendo uma em <strong>Forma\u00e7\u00e3o de Jovens Esportistas<\/strong> e outra em <strong>Forma\u00e7\u00e3o de Jovens Esportistas com Defici\u00eancia e TEA<\/strong>, atenderia sobremaneira a necessidade destes professores\/treinadores, com conhecimentos apropriados e aprofundados na tem\u00e1tica proposta.<\/p>\n\n\n\n<p>Este curso de especializa\u00e7\u00e3o ser\u00e1 desenvolvido na Universidade Estadual de Londrina (UEL). Inesgot\u00e1vel no que diz respeito \u00e0 pesquisa, e como dito anteriormente, pelo seu grande desenvolvimento em nosso meio, o presente projeto tem por finalidade a implanta\u00e7\u00e3o de um curso de P\u00f3s-Gradua\u00e7\u00e3o em n\u00edvel de especializa\u00e7\u00e3o na \u00e1rea de Treinamento Esportivo, com o prop\u00f3sito de capacitar os recursos humanos do Estado do Paran\u00e1, permitindo melhorias qualitativas e quantitativas relacionadas a atividades de treinamento realizados com atletas em diferentes n\u00edveis de rendimento.<\/p>\n\n\n\n<h3 class=\"wp-block-heading\"><strong>Objetivos<\/strong><\/h3>\n\n\n\n<p>Formar recursos humanos p\u00f3s-graduados em n\u00edvel de especializa\u00e7\u00e3o, em <strong>Treinamento Esportivo<\/strong>, com possibilidade de \u00eanfase em <strong>Forma\u00e7\u00e3o de Jovens Esportistas<\/strong> ou <strong>Forma\u00e7\u00e3o de Jovens Esportistas com Defici\u00eancia e TEA<\/strong>, de forma a possibilitar o aperfei\u00e7oamento dos profissionais em atividades desenvolvidas nas diferentes \u00e1reas que comp\u00f5em o rendimento esportivo.<\/p>\n\n\n\n<p>Oferecer aos profissionais de Educa\u00e7\u00e3o F\u00edsica, Esporte e \u00e1reas afins, conhecimentos te\u00f3ricos, pr\u00e1ticos e cient\u00edficos relevantes para a cria\u00e7\u00e3o, aplica\u00e7\u00e3o e desenvolvimento de um programa de treinamento esportivo, e que venham contribuir para sua qualifica\u00e7\u00e3o profissional e aperfei\u00e7oamento t\u00e9cnico did\u00e1tico.<\/p>\n\n\n\n<h3 class=\"wp-block-heading\"><strong>P\u00fablico Alvo<\/strong><\/h3>\n\n\n\n<p>O Curso de P\u00f3s-Gradua\u00e7\u00e3o Lato Sensu Treinamento Esportivo ser\u00e1 <strong>totalmente gratuito<\/strong>, sendo financiado com recursos da Superintend\u00eancia Geral de Esportes &#8211; PARAN\u00c1 ESPORTE \u2013 Escola do Esporte.<\/p>\n\n\n\n<p>Destinado \u00e0 capacita\u00e7\u00e3o de servidores municipais e estaduais dos sistemas do Esporte e Sa\u00fade P\u00fablica do Estado do Paran\u00e1, e de professores das redes estadual e municipal, todos obrigatoriamente graduados em Bacharelado em Ci\u00eancias do Esporte, Esporte, Educa\u00e7\u00e3o F\u00edsica ou Licenciatura em Educa\u00e7\u00e3o F\u00edsica.<\/p>\n\n\n\n<h3 class=\"wp-block-heading\"><strong>Sistema de oferta do curso<\/strong><\/h3>\n\n\n\n<p>O Curso de Treinamento Esportivo ser\u00e1 ofertado no modo <strong>remoto s\u00edncrono, <\/strong>conforme resolu\u00e7\u00e3o CEPE N\u00ba 013\/2021, at\u00e9 a sua conclus\u00e3o.\u00a0<\/p>\n\n\n\n<p>Entende-se como <strong>remoto s\u00edncrono<\/strong>, aulas em que o professor e o aluno <strong>dever\u00e3o <\/strong>participar de forma simult\u00e2nea em ambiente (plataforma) virtual estabelecido.<\/p>\n\n\n\n<p><\/p>\n","protected":false},"excerpt":{"rendered":"<p>O Curso de Especializa\u00e7\u00e3o em Treinamento Esportivo visa discutir e oferecer efetivas condi\u00e7\u00f5es para fundamentar a profiss\u00e3o do treinador\/professor de diferentes modalidades esportivas e \u00e1reas de atua\u00e7\u00e3o no contexto da Educa\u00e7\u00e3o F\u00edsica. Visa-se repensar a forma\u00e7\u00e3o com base em novas perspectivas, considerando os conhecimentos dispon\u00edveis na atualidade, garantindo desta forma necessidades essenciais que permitam o [&hellip;]<\/p>\n","protected":false},"author":8,"featured_media":0,"parent":0,"menu_order":0,"comment_status":"closed","ping_status":"closed","template":"","meta":{"_acf_changed":false,"_themeisle_gutenberg_block_has_review":false,"footnotes":""},"class_list":["post-17","page","type-page","status-publish","hentry"],"acf":[],"_links":{"self":[{"href":"https:\/\/pos.uel.br\/treinamento-esportivo\/wp-json\/wp\/v2\/pages\/17","targetHints":{"allow":["GET"]}}],"collection":[{"href":"https:\/\/pos.uel.br\/treinamento-esportivo\/wp-json\/wp\/v2\/pages"}],"about":[{"href":"https:\/\/pos.uel.br\/treinamento-esportivo\/wp-json\/wp\/v2\/types\/page"}],"author":[{"embeddable":true,"href":"https:\/\/pos.uel.br\/treinamento-esportivo\/wp-json\/wp\/v2\/users\/8"}],"replies":[{"embeddable":true,"href":"https:\/\/pos.uel.br\/treinamento-esportivo\/wp-json\/wp\/v2\/comments?post=17"}],"version-history":[{"count":2,"href":"https:\/\/pos.uel.br\/treinamento-esportivo\/wp-json\/wp\/v2\/pages\/17\/revisions"}],"predecessor-version":[{"id":19,"href":"https:\/\/pos.uel.br\/treinamento-esportivo\/wp-json\/wp\/v2\/pages\/17\/revisions\/19"}],"wp:attachment":[{"href":"https:\/\/pos.uel.br\/treinamento-esportivo\/wp-json\/wp\/v2\/media?parent=17"}],"curies":[{"name":"wp","href":"https:\/\/api.w.org\/{rel}","templated":true}]}}