{"id":11,"date":"2026-01-15T13:58:47","date_gmt":"2026-01-15T16:58:47","guid":{"rendered":"https:\/\/pos.uel.br\/treinamento-esportivo\/?page_id=11"},"modified":"2026-01-15T13:58:47","modified_gmt":"2026-01-15T16:58:47","slug":"estrutura-curricular","status":"publish","type":"page","link":"https:\/\/pos.uel.br\/treinamento-esportivo\/estrutura-curricular\/","title":{"rendered":"Estrutura Curricular"},"content":{"rendered":"\n<p>O desenvolvimento do Curso obedecer\u00e1 \u00e0 seguinte organiza\u00e7\u00e3o curricular:<br><\/p>\n\n\n\n<p><strong>1 \u2013 Forma\u00e7\u00e3o Geral <\/strong><em>(obrigat\u00f3rio)<\/em><strong><br><\/strong>2 DES 099 &#8211; Processo de Treinamento em Longo Prazo &#8211; 30h<br>2 DES 100 &#8211; Fisiologia Aplicada aos Esportes &#8211; 30h<br>2 DES 101 &#8211; Avalia\u00e7\u00e3o Antropom\u00e9trica, Motora e Funcional &#8211; 30h<br>2 DES 102 &#8211; Comportamento Social e Psicol\u00f3gico no Esporte &#8211; 30h<br>2 DES 103 &#8211; Aplica\u00e7\u00f5es da Biomec\u00e2nica no Esporte &#8211; 30h<br>2 DES 104 &#8211; Tecnologias e Estat\u00edstica Aplicadas ao Esporte &#8211; 30h<br>2 DES 105 &#8211; Esporte para Pessoas com Defici\u00eancia &#8211; 15h<br><\/p>\n\n\n\n<p><strong>2 \u2013 \u00canfase em Forma\u00e7\u00e3o de Jovens Esportistas <\/strong><em>(exigem-se 12 cr\u00e9ditos)<\/em><strong><br><\/strong>2 DES 106 &#8211; Conhecimento e Compet\u00eancias do Treinador &#8211; 30h<br>2 DES 107 &#8211; Pedagogia do Esporte &#8211; 45h<br>2 DES 108 &#8211; Metodologia do Ensino dos Esportes &#8211; 45h<br>2 DES 109 &#8211; Desenvolvimento e Identifica\u00e7\u00e3o de Talentos em Contextos de Pr\u00e1tica Desportiva &#8211; 15h<br>2 DES 110 &#8211; Aspectos Biopsicossociais do Esporte na Inf\u00e2ncia e Adolesc\u00eancia &#8211; 15h<br>2 DES 111 &#8211; Elabora\u00e7\u00e3o de Tarefas de Treino &#8211; 15h<br>2 DES 112 &#8211; Relat\u00f3rio Final &#8211; 15h<br><\/p>\n\n\n\n<p><strong>3 \u2013 \u00canfase em Forma\u00e7\u00e3o de Jovens Esportistas com Defici\u00eancia e TEA<\/strong> <em>(exigem-se 12 cr\u00e9ditos)<\/em><br>2 DES 141 &#8211; Forma\u00e7\u00e3o esportiva, capacitismo e inclus\u00e3o social de jovens com defici\u00eancia e TEA &#8211; 30h<br>2 DES 142 &#8211; Metodologia do Ensino dos Esportes para jovens com defici\u00eancia sensorial e motora &#8211; 45h<br>2 DES 143 &#8211; Metodologia do Ensino dos Esportes para jovens com defici\u00eancia Intelectual e TEA &#8211; 45h<br>2 DES 144 &#8211; Treinamento a longo prazo e modelos de detec\u00e7\u00e3o de talentos esportivos entre jovens com defici\u00eancia &#8211; 15h<br>2 DES 145 &#8211; Avalia\u00e7\u00e3o de Jovens Esportistas com Defici\u00eancia &#8211; 30h<br>2 DES 146 &#8211; Relat\u00f3rio final &#8211; 15h<\/p>\n","protected":false},"excerpt":{"rendered":"<p>O desenvolvimento do Curso obedecer\u00e1 \u00e0 seguinte organiza\u00e7\u00e3o curricular: 1 \u2013 Forma\u00e7\u00e3o Geral (obrigat\u00f3rio)2 DES 099 &#8211; Processo de Treinamento em Longo Prazo &#8211; 30h2 DES 100 &#8211; Fisiologia Aplicada aos Esportes &#8211; 30h2 DES 101 &#8211; Avalia\u00e7\u00e3o Antropom\u00e9trica, Motora e Funcional &#8211; 30h2 DES 102 &#8211; Comportamento Social e Psicol\u00f3gico no Esporte &#8211; 30h2 [&hellip;]<\/p>\n","protected":false},"author":8,"featured_media":0,"parent":0,"menu_order":0,"comment_status":"closed","ping_status":"closed","template":"","meta":{"_acf_changed":false,"_themeisle_gutenberg_block_has_review":false,"footnotes":""},"class_list":["post-11","page","type-page","status-publish","hentry"],"acf":[],"_links":{"self":[{"href":"https:\/\/pos.uel.br\/treinamento-esportivo\/wp-json\/wp\/v2\/pages\/11","targetHints":{"allow":["GET"]}}],"collection":[{"href":"https:\/\/pos.uel.br\/treinamento-esportivo\/wp-json\/wp\/v2\/pages"}],"about":[{"href":"https:\/\/pos.uel.br\/treinamento-esportivo\/wp-json\/wp\/v2\/types\/page"}],"author":[{"embeddable":true,"href":"https:\/\/pos.uel.br\/treinamento-esportivo\/wp-json\/wp\/v2\/users\/8"}],"replies":[{"embeddable":true,"href":"https:\/\/pos.uel.br\/treinamento-esportivo\/wp-json\/wp\/v2\/comments?post=11"}],"version-history":[{"count":1,"href":"https:\/\/pos.uel.br\/treinamento-esportivo\/wp-json\/wp\/v2\/pages\/11\/revisions"}],"predecessor-version":[{"id":12,"href":"https:\/\/pos.uel.br\/treinamento-esportivo\/wp-json\/wp\/v2\/pages\/11\/revisions\/12"}],"wp:attachment":[{"href":"https:\/\/pos.uel.br\/treinamento-esportivo\/wp-json\/wp\/v2\/media?parent=11"}],"curies":[{"name":"wp","href":"https:\/\/api.w.org\/{rel}","templated":true}]}}