{"id":921,"date":"2023-06-04T22:39:58","date_gmt":"2023-06-05T01:39:58","guid":{"rendered":"https:\/\/pos.uel.br\/sersocial\/?page_id=921"},"modified":"2025-04-22T19:05:45","modified_gmt":"2025-04-22T22:05:45","slug":"area-de-concentracao-linhas-de-pesquisa","status":"publish","type":"page","link":"https:\/\/pos.uel.br\/sersocial\/area-de-concentracao-linhas-de-pesquisa\/","title":{"rendered":"\u00c1rea de Concentra\u00e7\u00e3o\/Linhas de Pesquisa"},"content":{"rendered":"\t\t<div data-elementor-type=\"wp-page\" data-elementor-id=\"921\" class=\"elementor elementor-921\">\n\t\t\t\t<div class=\"elementor-element elementor-element-6d99296 e-flex e-con-boxed e-con e-parent\" data-id=\"6d99296\" data-element_type=\"container\" data-e-type=\"container\">\n\t\t\t\t\t<div class=\"e-con-inner\">\n\t\t\t\t<div class=\"elementor-element elementor-element-b576f44 elementor-widget elementor-widget-heading\" data-id=\"b576f44\" data-element_type=\"widget\" data-e-type=\"widget\" data-widget_type=\"heading.default\">\n\t\t\t\t<div class=\"elementor-widget-container\">\n\t\t\t\t\t<h2 class=\"elementor-heading-title elementor-size-default\">\u00c1rea de Concentra\u00e7\u00e3o\/Linhas de Pesquisa<\/h2>\t\t\t\t<\/div>\n\t\t\t\t<\/div>\n\t\t\t\t\t<\/div>\n\t\t\t\t<\/div>\n\t\t<div class=\"elementor-element elementor-element-8124d0a e-flex e-con-boxed e-con e-parent\" data-id=\"8124d0a\" data-element_type=\"container\" data-e-type=\"container\" data-settings=\"{&quot;background_background&quot;:&quot;classic&quot;}\">\n\t\t\t\t\t<div class=\"e-con-inner\">\n\t\t<div class=\"elementor-element elementor-element-532b761 e-con-full e-flex e-con e-child\" data-id=\"532b761\" data-element_type=\"container\" data-e-type=\"container\">\n\t\t\t\t<div class=\"elementor-element elementor-element-b518db6 elementor-widget elementor-widget-text-editor\" data-id=\"b518db6\" data-element_type=\"widget\" data-e-type=\"widget\" data-widget_type=\"text-editor.default\">\n\t\t\t\t<div class=\"elementor-widget-container\">\n\t\t\t\t\t\t\t\t\t<p><strong>\u00c1rea de Concentra\u00e7\u00e3o:<\/strong> Pol\u00edtica Social<\/p><p><strong>Linhas de Pesquisa:<\/strong>\u00a0<\/p><p><strong style=\"font-size: 1rem\">a) LINHA DE PESQUISA em Gest\u00e3o de Pol\u00edtica Social<\/strong><\/p><p>Objetivo: refletir o papel de grupos e classe sociais na constitui\u00e7\u00e3o e gest\u00e3o das pol\u00edticas sociais, na rela\u00e7\u00e3o entre o Estado e a sociedade civil.<\/p><p>Docentes que pertencem a essa linha de pesquisa:<\/p><p>Profa. Dra Ana Patr\u00edcia Piles Nalesso<br \/>Profa. Dra. Andrea Pires Rocha<br \/>Profa. Dra. C\u00e1ssia Maria Carloto<br \/>Profa. Dra. Denise Maria de Almeida Funk<br \/>Profa. Dra. Eliane Christine Santos de Campos<br \/>Profa. Dra. Evelyn Secco Faquin<br \/>Profa. Dra. L\u00edria Maria Bettiol Lanza<br \/>Prof. Dr. Rozinaldo Antonio Miani<br \/>Profa. Dra Sandra Maria Almeida Cordeiro<br \/>Prof. Dr. Wagner Roberto do Amaral<br \/><strong><br \/><\/strong><\/p><p><strong>b) LINHA DE PESQUISA em Servi\u00e7o Social e Trabalho<\/strong><\/p><p>Objetivo: refletir sobre as transforma\u00e7\u00f5es da sociedade e do Estado, o mundo do trabalho e as novas demandas postas ao Servi\u00e7o Social.<\/p><p>Docentes que pertencem a essa linha de pesquisa:<\/p><p>Profa. Dra. Claudia Neves da Silva<br \/>Profa. Dra. Lorena Ferreira Portes<br \/>Profa. Dra. Mabel Mascarenhas Torres<br \/>Profa. Dra. Melissa Ferreira Portes<br \/>Profa. Dra. Olegna Souza Guedes<br \/>Profa. Dra. Sandra Louren\u00e7o de Andrade Fortuna<\/p>\t\t\t\t\t\t\t\t<\/div>\n\t\t\t\t<\/div>\n\t\t\t\t<\/div>\n\t\t<div class=\"elementor-element elementor-element-d871685 e-con-full e-flex e-con e-child\" data-id=\"d871685\" data-element_type=\"container\" data-e-type=\"container\">\n\t\t\t\t<div class=\"elementor-element elementor-element-963b02b elementor-widget elementor-widget-image\" data-id=\"963b02b\" data-element_type=\"widget\" data-e-type=\"widget\" data-widget_type=\"image.default\">\n\t\t\t\t<div class=\"elementor-widget-container\">\n\t\t\t\t\t\t\t\t\t\t\t\t\t\t\t<img fetchpriority=\"high\" decoding=\"async\" width=\"300\" height=\"450\" src=\"https:\/\/pos.uel.br\/sersocial\/wp-content\/uploads\/2023\/06\/UEL.jpg\" class=\"attachment-large size-large wp-image-926\" alt=\"\" srcset=\"https:\/\/pos.uel.br\/sersocial\/wp-content\/uploads\/2023\/06\/UEL.jpg 300w, https:\/\/pos.uel.br\/sersocial\/wp-content\/uploads\/2023\/06\/UEL-200x300.jpg 200w\" sizes=\"(max-width: 300px) 100vw, 300px\" \/>\t\t\t\t\t\t\t\t\t\t\t\t\t\t\t<\/div>\n\t\t\t\t<\/div>\n\t\t\t\t<\/div>\n\t\t\t\t\t<\/div>\n\t\t\t\t<\/div>\n\t\t\t\t<\/div>\n\t\t","protected":false},"excerpt":{"rendered":"<p>\u00c1rea de Concentra\u00e7\u00e3o\/Linhas de Pesquisa \u00c1rea de Concentra\u00e7\u00e3o: Pol\u00edtica Social Linhas de Pesquisa:\u00a0 a) LINHA DE PESQUISA em Gest\u00e3o de Pol\u00edtica Social Objetivo: refletir o papel de grupos e classe sociais na constitui\u00e7\u00e3o e gest\u00e3o das pol\u00edticas sociais, na rela\u00e7\u00e3o entre o Estado e a sociedade civil. Docentes que pertencem a essa linha de pesquisa: [&hellip;]<\/p>\n","protected":false},"author":6,"featured_media":0,"parent":0,"menu_order":0,"comment_status":"closed","ping_status":"closed","template":"elementor_header_footer","meta":{"_acf_changed":false,"footnotes":""},"class_list":["post-921","page","type-page","status-publish","hentry"],"acf":[],"_links":{"self":[{"href":"https:\/\/pos.uel.br\/sersocial\/wp-json\/wp\/v2\/pages\/921","targetHints":{"allow":["GET"]}}],"collection":[{"href":"https:\/\/pos.uel.br\/sersocial\/wp-json\/wp\/v2\/pages"}],"about":[{"href":"https:\/\/pos.uel.br\/sersocial\/wp-json\/wp\/v2\/types\/page"}],"author":[{"embeddable":true,"href":"https:\/\/pos.uel.br\/sersocial\/wp-json\/wp\/v2\/users\/6"}],"replies":[{"embeddable":true,"href":"https:\/\/pos.uel.br\/sersocial\/wp-json\/wp\/v2\/comments?post=921"}],"version-history":[{"count":19,"href":"https:\/\/pos.uel.br\/sersocial\/wp-json\/wp\/v2\/pages\/921\/revisions"}],"predecessor-version":[{"id":1611,"href":"https:\/\/pos.uel.br\/sersocial\/wp-json\/wp\/v2\/pages\/921\/revisions\/1611"}],"wp:attachment":[{"href":"https:\/\/pos.uel.br\/sersocial\/wp-json\/wp\/v2\/media?parent=921"}],"curies":[{"name":"wp","href":"https:\/\/api.w.org\/{rel}","templated":true}]}}

Área de Concentração/Linhas de Pesquisa

<div data-elementor-type="wp-page" data-elementor-id="921" class="elementor elementor-921">
				<div class="elementor-element elementor-element-6d99296 e-flex e-con-boxed e-con e-parent" data-id="6d99296" data-element_type="container" data-e-type="container">
					<div class="e-con-inner">
				<div class="elementor-element elementor-element-b576f44 elementor-widget elementor-widget-heading" data-id="b576f44" data-element_type="widget" data-e-type="widget" data-widget_type="heading.default">
				<div class="elementor-widget-container">
					<h2 class="elementor-heading-title elementor-size-default">Área de Concentração/Linhas de Pesquisa</h2>				</div>
				</div>
					</div>
				</div>
		<div class="elementor-element elementor-element-8124d0a e-flex e-con-boxed e-con e-parent" data-id="8124d0a" data-element_type="container" data-e-type="container" data-settings="{&quot;background_background&quot;:&quot;classic&quot;}">
					<div class="e-con-inner">
		<div class="elementor-element elementor-element-532b761 e-con-full e-flex e-con e-child" data-id="532b761" data-element_type="container" data-e-type="container">
				<div class="elementor-element elementor-element-b518db6 elementor-widget elementor-widget-text-editor" data-id="b518db6" data-element_type="widget" data-e-type="widget" data-widget_type="text-editor.default">
				<div class="elementor-widget-container">
									<p><strong>Área de Concentração:</strong> Política Social</p><p><strong>Linhas de Pesquisa:</strong> </p><p><strong style="font-size: 1rem">a) LINHA DE PESQUISA em Gestão de Política Social</strong></p><p>Objetivo: refletir o papel de grupos e classe sociais na constituição e gestão das políticas sociais, na relação entre o Estado e a sociedade civil.</p><p>Docentes que pertencem a essa linha de pesquisa:</p><p>Profa. Dra Ana Patrícia Piles Nalesso<br />Profa. Dra. Andrea Pires Rocha<br />Profa. Dra. Cássia Maria Carloto<br />Profa. Dra. Denise Maria de Almeida Funk<br />Profa. Dra. Eliane Christine Santos de Campos<br />Profa. Dra. Evelyn Secco Faquin<br />Profa. Dra. Líria Maria Bettiol Lanza<br />Prof. Dr. Rozinaldo Antonio Miani<br />Profa. Dra Sandra Maria Almeida Cordeiro<br />Prof. Dr. Wagner Roberto do Amaral<br /><strong><br /></strong></p><p><strong>b) LINHA DE PESQUISA em Serviço Social e Trabalho</strong></p><p>Objetivo: refletir sobre as transformações da sociedade e do Estado, o mundo do trabalho e as novas demandas postas ao Serviço Social.</p><p>Docentes que pertencem a essa linha de pesquisa:</p><p>Profa. Dra. Claudia Neves da Silva<br />Profa. Dra. Lorena Ferreira Portes<br />Profa. Dra. Mabel Mascarenhas Torres<br />Profa. Dra. Melissa Ferreira Portes<br />Profa. Dra. Olegna Souza Guedes<br />Profa. Dra. Sandra Lourenço de Andrade Fortuna</p>								</div>
				</div>
				</div>
		<div class="elementor-element elementor-element-d871685 e-con-full e-flex e-con e-child" data-id="d871685" data-element_type="container" data-e-type="container">
				<div class="elementor-element elementor-element-963b02b elementor-widget elementor-widget-image" data-id="963b02b" data-element_type="widget" data-e-type="widget" data-widget_type="image.default">
				<div class="elementor-widget-container">
															<img fetchpriority="high" decoding="async" width="300" height="450" src="https://pos.uel.br/sersocial/wp-content/uploads/2023/06/UEL.jpg" class="attachment-large size-large wp-image-926" alt="" srcset="https://pos.uel.br/sersocial/wp-content/uploads/2023/06/UEL.jpg 300w, https://pos.uel.br/sersocial/wp-content/uploads/2023/06/UEL-200x300.jpg 200w" sizes="(max-width: 300px) 100vw, 300px" />															</div>
				</div>
				</div>
					</div>
				</div>
				</div>

<p>Área de Concentração/Linhas de Pesquisa Área de Concentração: Política Social Linhas de Pesquisa:  a) LINHA DE PESQUISA em Gestão de Política Social Objetivo: refletir o papel de grupos e classe sociais na constituição e gestão das políticas sociais, na relação entre o Estado e a sociedade civil. Docentes que pertencem a essa linha de pesquisa: [&hellip;]</p>
