{"id":1011,"date":"2023-06-05T12:45:57","date_gmt":"2023-06-05T15:45:57","guid":{"rendered":"https:\/\/pos.uel.br\/sersocial\/?page_id=1011"},"modified":"2023-06-05T12:52:56","modified_gmt":"2023-06-05T15:52:56","slug":"comissao-planejamento-estrategico","status":"publish","type":"page","link":"https:\/\/pos.uel.br\/sersocial\/comissao-planejamento-estrategico\/","title":{"rendered":"Comiss\u00e3o Planejamento Estrat\u00e9gico"},"content":{"rendered":"\t\t<div data-elementor-type=\"wp-page\" data-elementor-id=\"1011\" class=\"elementor elementor-1011\">\n\t\t\t\t<div class=\"elementor-element elementor-element-ef84872 e-flex e-con-boxed e-con e-parent\" data-id=\"ef84872\" data-element_type=\"container\" data-e-type=\"container\">\n\t\t\t\t\t<div class=\"e-con-inner\">\n\t\t<div class=\"elementor-element elementor-element-373ce902 e-flex e-con-boxed e-con e-parent\" data-id=\"373ce902\" data-element_type=\"container\" data-e-type=\"container\">\n\t\t\t\t\t<div class=\"e-con-inner\">\n\t\t\t\t<div class=\"elementor-element elementor-element-64da6730 elementor-widget elementor-widget-heading\" data-id=\"64da6730\" data-element_type=\"widget\" data-e-type=\"widget\" data-widget_type=\"heading.default\">\n\t\t\t\t<div class=\"elementor-widget-container\">\n\t\t\t\t\t<h2 class=\"elementor-heading-title elementor-size-default\">Comiss\u00e3o Planejamento Estrat\u00e9gico<\/h2>\t\t\t\t<\/div>\n\t\t\t\t<\/div>\n\t\t\t\t\t<\/div>\n\t\t\t\t<\/div>\n\t\t\t\t\t<\/div>\n\t\t\t\t<\/div>\n\t\t<div class=\"elementor-element elementor-element-4dce72e4 e-flex e-con-boxed e-con e-parent\" data-id=\"4dce72e4\" data-element_type=\"container\" data-e-type=\"container\">\n\t\t\t\t\t<div class=\"e-con-inner\">\n\t\t\t\t<div class=\"elementor-element elementor-element-74f82284 elementor-widget elementor-widget-heading\" data-id=\"74f82284\" data-element_type=\"widget\" data-e-type=\"widget\" data-widget_type=\"heading.default\">\n\t\t\t\t<div class=\"elementor-widget-container\">\n\t\t\t\t\t<h2 class=\"elementor-heading-title elementor-size-default\">Comiss\u00e3o Planejamento Estrat\u00e9gico<\/h2>\t\t\t\t<\/div>\n\t\t\t\t<\/div>\n\t\t\t\t\t<\/div>\n\t\t\t\t<\/div>\n\t\t<div class=\"elementor-element elementor-element-374990b4 e-con-full e-flex e-con e-parent\" data-id=\"374990b4\" data-element_type=\"container\" data-e-type=\"container\" data-settings=\"{&quot;background_background&quot;:&quot;classic&quot;}\">\n\t\t<div class=\"elementor-element elementor-element-4a5f8c6a e-con-full e-flex e-con e-parent\" data-id=\"4a5f8c6a\" data-element_type=\"container\" data-e-type=\"container\">\n\t\t\t\t<div class=\"elementor-element elementor-element-65cd65f4 elementor-widget elementor-widget-image\" data-id=\"65cd65f4\" data-element_type=\"widget\" data-e-type=\"widget\" data-widget_type=\"image.default\">\n\t\t\t\t<div class=\"elementor-widget-container\">\n\t\t\t\t\t\t\t\t\t\t\t\t\t\t\t<img fetchpriority=\"high\" decoding=\"async\" width=\"500\" height=\"500\" src=\"https:\/\/pos.uel.br\/sersocial\/wp-content\/uploads\/2023\/06\/mulher-500x500-1.jpg\" class=\"attachment-large size-large wp-image-851\" alt=\"\" srcset=\"https:\/\/pos.uel.br\/sersocial\/wp-content\/uploads\/2023\/06\/mulher-500x500-1.jpg 500w, https:\/\/pos.uel.br\/sersocial\/wp-content\/uploads\/2023\/06\/mulher-500x500-1-300x300.jpg 300w, https:\/\/pos.uel.br\/sersocial\/wp-content\/uploads\/2023\/06\/mulher-500x500-1-150x150.jpg 150w\" sizes=\"(max-width: 500px) 100vw, 500px\" \/>\t\t\t\t\t\t\t\t\t\t\t\t\t\t\t<\/div>\n\t\t\t\t<\/div>\n\t\t\t\t<div class=\"elementor-element elementor-element-72a55e6a elementor-widget elementor-widget-heading\" data-id=\"72a55e6a\" data-element_type=\"widget\" data-e-type=\"widget\" data-widget_type=\"heading.default\">\n\t\t\t\t<div class=\"elementor-widget-container\">\n\t\t\t\t\t<p class=\"elementor-heading-title elementor-size-default\">Profa. Dra. Eliane Christine Santos de Campos <br>- elianecampos@uel.br\n\n<\/p>\t\t\t\t<\/div>\n\t\t\t\t<\/div>\n\t\t\t\t<\/div>\n\t\t<div class=\"elementor-element elementor-element-27e4422e e-con-full e-flex e-con e-parent\" data-id=\"27e4422e\" data-element_type=\"container\" data-e-type=\"container\">\n\t\t\t\t<div class=\"elementor-element elementor-element-56eb2174 elementor-widget elementor-widget-image\" data-id=\"56eb2174\" data-element_type=\"widget\" data-e-type=\"widget\" data-widget_type=\"image.default\">\n\t\t\t\t<div class=\"elementor-widget-container\">\n\t\t\t\t\t\t\t\t\t\t\t\t\t\t\t<img fetchpriority=\"high\" decoding=\"async\" width=\"500\" height=\"500\" src=\"https:\/\/pos.uel.br\/sersocial\/wp-content\/uploads\/2023\/06\/mulher-500x500-1.jpg\" class=\"attachment-large size-large wp-image-851\" alt=\"\" srcset=\"https:\/\/pos.uel.br\/sersocial\/wp-content\/uploads\/2023\/06\/mulher-500x500-1.jpg 500w, https:\/\/pos.uel.br\/sersocial\/wp-content\/uploads\/2023\/06\/mulher-500x500-1-300x300.jpg 300w, https:\/\/pos.uel.br\/sersocial\/wp-content\/uploads\/2023\/06\/mulher-500x500-1-150x150.jpg 150w\" sizes=\"(max-width: 500px) 100vw, 500px\" \/>\t\t\t\t\t\t\t\t\t\t\t\t\t\t\t<\/div>\n\t\t\t\t<\/div>\n\t\t\t\t<div class=\"elementor-element elementor-element-4b63db1a elementor-widget elementor-widget-heading\" data-id=\"4b63db1a\" data-element_type=\"widget\" data-e-type=\"widget\" data-widget_type=\"heading.default\">\n\t\t\t\t<div class=\"elementor-widget-container\">\n\t\t\t\t\t<p class=\"elementor-heading-title elementor-size-default\">Prof. Dr. Wagner Roberto do Amaral<br> - wamaral@uel.br\n\n<\/p>\t\t\t\t<\/div>\n\t\t\t\t<\/div>\n\t\t\t\t<\/div>\n\t\t<div class=\"elementor-element elementor-element-18c12149 e-con-full e-flex e-con e-parent\" data-id=\"18c12149\" data-element_type=\"container\" data-e-type=\"container\">\n\t\t\t\t<div class=\"elementor-element elementor-element-643897c2 elementor-widget elementor-widget-image\" data-id=\"643897c2\" data-element_type=\"widget\" data-e-type=\"widget\" data-widget_type=\"image.default\">\n\t\t\t\t<div class=\"elementor-widget-container\">\n\t\t\t\t\t\t\t\t\t\t\t\t\t\t\t<img fetchpriority=\"high\" decoding=\"async\" width=\"500\" height=\"500\" src=\"https:\/\/pos.uel.br\/sersocial\/wp-content\/uploads\/2023\/06\/mulher-500x500-1.jpg\" class=\"attachment-large size-large wp-image-851\" alt=\"\" srcset=\"https:\/\/pos.uel.br\/sersocial\/wp-content\/uploads\/2023\/06\/mulher-500x500-1.jpg 500w, https:\/\/pos.uel.br\/sersocial\/wp-content\/uploads\/2023\/06\/mulher-500x500-1-300x300.jpg 300w, https:\/\/pos.uel.br\/sersocial\/wp-content\/uploads\/2023\/06\/mulher-500x500-1-150x150.jpg 150w\" sizes=\"(max-width: 500px) 100vw, 500px\" \/>\t\t\t\t\t\t\t\t\t\t\t\t\t\t\t<\/div>\n\t\t\t\t<\/div>\n\t\t\t\t<div class=\"elementor-element elementor-element-60dfa4ca elementor-widget elementor-widget-heading\" data-id=\"60dfa4ca\" data-element_type=\"widget\" data-e-type=\"widget\" data-widget_type=\"heading.default\">\n\t\t\t\t<div class=\"elementor-widget-container\">\n\t\t\t\t\t<p class=\"elementor-heading-title elementor-size-default\">Profa. Dra. Mabel Macarenhas Torres  <br>-  mmtorres@uel.br\n\n<\/p>\t\t\t\t<\/div>\n\t\t\t\t<\/div>\n\t\t\t\t<\/div>\n\t\t\t\t<\/div>\n\t\t<div class=\"elementor-element elementor-element-e668c50 e-con-full e-flex e-con e-parent\" data-id=\"e668c50\" data-element_type=\"container\" data-e-type=\"container\" data-settings=\"{&quot;background_background&quot;:&quot;classic&quot;}\">\n\t\t<div class=\"elementor-element elementor-element-725e826 e-con-full e-flex e-con e-parent\" data-id=\"725e826\" data-element_type=\"container\" data-e-type=\"container\">\n\t\t\t\t<div class=\"elementor-element elementor-element-84222e2 elementor-widget elementor-widget-image\" data-id=\"84222e2\" data-element_type=\"widget\" data-e-type=\"widget\" data-widget_type=\"image.default\">\n\t\t\t\t<div class=\"elementor-widget-container\">\n\t\t\t\t\t\t\t\t\t\t\t\t\t\t\t<img fetchpriority=\"high\" decoding=\"async\" width=\"500\" height=\"500\" src=\"https:\/\/pos.uel.br\/sersocial\/wp-content\/uploads\/2023\/06\/mulher-500x500-1.jpg\" class=\"attachment-large size-large wp-image-851\" alt=\"\" srcset=\"https:\/\/pos.uel.br\/sersocial\/wp-content\/uploads\/2023\/06\/mulher-500x500-1.jpg 500w, https:\/\/pos.uel.br\/sersocial\/wp-content\/uploads\/2023\/06\/mulher-500x500-1-300x300.jpg 300w, https:\/\/pos.uel.br\/sersocial\/wp-content\/uploads\/2023\/06\/mulher-500x500-1-150x150.jpg 150w\" sizes=\"(max-width: 500px) 100vw, 500px\" \/>\t\t\t\t\t\t\t\t\t\t\t\t\t\t\t<\/div>\n\t\t\t\t<\/div>\n\t\t\t\t<div class=\"elementor-element elementor-element-84d81ae elementor-widget elementor-widget-heading\" data-id=\"84d81ae\" data-element_type=\"widget\" data-e-type=\"widget\" data-widget_type=\"heading.default\">\n\t\t\t\t<div class=\"elementor-widget-container\">\n\t\t\t\t\t<p class=\"elementor-heading-title elementor-size-default\">Profa. Dra. Liria Maria Bettiol Lanza <br>- liriabettiol@uel.br\n\n<\/p>\t\t\t\t<\/div>\n\t\t\t\t<\/div>\n\t\t\t\t<\/div>\n\t\t<div class=\"elementor-element elementor-element-b5247f6 e-con-full e-flex e-con e-parent\" data-id=\"b5247f6\" data-element_type=\"container\" data-e-type=\"container\">\n\t\t\t\t<div class=\"elementor-element elementor-element-fa4ce39 elementor-widget elementor-widget-image\" data-id=\"fa4ce39\" data-element_type=\"widget\" data-e-type=\"widget\" data-widget_type=\"image.default\">\n\t\t\t\t<div class=\"elementor-widget-container\">\n\t\t\t\t\t\t\t\t\t\t\t\t\t\t\t<img fetchpriority=\"high\" decoding=\"async\" width=\"500\" height=\"500\" src=\"https:\/\/pos.uel.br\/sersocial\/wp-content\/uploads\/2023\/06\/mulher-500x500-1.jpg\" class=\"attachment-large size-large wp-image-851\" alt=\"\" srcset=\"https:\/\/pos.uel.br\/sersocial\/wp-content\/uploads\/2023\/06\/mulher-500x500-1.jpg 500w, https:\/\/pos.uel.br\/sersocial\/wp-content\/uploads\/2023\/06\/mulher-500x500-1-300x300.jpg 300w, https:\/\/pos.uel.br\/sersocial\/wp-content\/uploads\/2023\/06\/mulher-500x500-1-150x150.jpg 150w\" sizes=\"(max-width: 500px) 100vw, 500px\" \/>\t\t\t\t\t\t\t\t\t\t\t\t\t\t\t<\/div>\n\t\t\t\t<\/div>\n\t\t\t\t<div class=\"elementor-element elementor-element-937b6fb elementor-widget elementor-widget-heading\" data-id=\"937b6fb\" data-element_type=\"widget\" data-e-type=\"widget\" data-widget_type=\"heading.default\">\n\t\t\t\t<div class=\"elementor-widget-container\">\n\t\t\t\t\t<p class=\"elementor-heading-title elementor-size-default\">Profa. Dra. Lorena Portes <br>-  lorenaportes@uel.br\n\n<\/p>\t\t\t\t<\/div>\n\t\t\t\t<\/div>\n\t\t\t\t<\/div>\n\t\t<div class=\"elementor-element elementor-element-d07cbb7 e-con-full e-flex e-con e-parent\" data-id=\"d07cbb7\" data-element_type=\"container\" data-e-type=\"container\">\n\t\t\t\t<div class=\"elementor-element elementor-element-76702a6 elementor-widget elementor-widget-image\" data-id=\"76702a6\" data-element_type=\"widget\" data-e-type=\"widget\" data-widget_type=\"image.default\">\n\t\t\t\t<div class=\"elementor-widget-container\">\n\t\t\t\t\t\t\t\t\t\t\t\t\t\t\t<img fetchpriority=\"high\" decoding=\"async\" width=\"500\" height=\"500\" src=\"https:\/\/pos.uel.br\/sersocial\/wp-content\/uploads\/2023\/06\/mulher-500x500-1.jpg\" class=\"attachment-large size-large wp-image-851\" alt=\"\" srcset=\"https:\/\/pos.uel.br\/sersocial\/wp-content\/uploads\/2023\/06\/mulher-500x500-1.jpg 500w, https:\/\/pos.uel.br\/sersocial\/wp-content\/uploads\/2023\/06\/mulher-500x500-1-300x300.jpg 300w, https:\/\/pos.uel.br\/sersocial\/wp-content\/uploads\/2023\/06\/mulher-500x500-1-150x150.jpg 150w\" sizes=\"(max-width: 500px) 100vw, 500px\" \/>\t\t\t\t\t\t\t\t\t\t\t\t\t\t\t<\/div>\n\t\t\t\t<\/div>\n\t\t\t\t<div class=\"elementor-element elementor-element-0b42db5 elementor-widget elementor-widget-heading\" data-id=\"0b42db5\" data-element_type=\"widget\" data-e-type=\"widget\" data-widget_type=\"heading.default\">\n\t\t\t\t<div class=\"elementor-widget-container\">\n\t\t\t\t\t<p class=\"elementor-heading-title elementor-size-default\">Profa. Denise Maria Fank de Almeida<br> - denise.fank@uel.br\n\n<\/p>\t\t\t\t<\/div>\n\t\t\t\t<\/div>\n\t\t\t\t<\/div>\n\t\t\t\t<\/div>\n\t\t<div class=\"elementor-element elementor-element-63e98927 e-flex e-con-boxed e-con e-parent\" data-id=\"63e98927\" data-element_type=\"container\" data-e-type=\"container\">\n\t\t\t\t\t<div class=\"e-con-inner\">\n\t\t\t\t<div class=\"elementor-element elementor-element-4ab8848a elementor-widget elementor-widget-heading\" data-id=\"4ab8848a\" data-element_type=\"widget\" data-e-type=\"widget\" data-widget_type=\"heading.default\">\n\t\t\t\t<div class=\"elementor-widget-container\">\n\t\t\t\t\t<h2 class=\"elementor-heading-title elementor-size-default\">Representantes discentes\n\n<\/h2>\t\t\t\t<\/div>\n\t\t\t\t<\/div>\n\t\t\t\t\t<\/div>\n\t\t\t\t<\/div>\n\t\t<div class=\"elementor-element elementor-element-39ff6506 e-con-full e-flex e-con e-parent\" data-id=\"39ff6506\" data-element_type=\"container\" data-e-type=\"container\" data-settings=\"{&quot;background_background&quot;:&quot;classic&quot;}\">\n\t\t<div class=\"elementor-element elementor-element-5369ad99 e-con-full e-flex e-con e-parent\" data-id=\"5369ad99\" data-element_type=\"container\" data-e-type=\"container\">\n\t\t\t\t<div class=\"elementor-element elementor-element-834cf6e elementor-widget elementor-widget-image\" data-id=\"834cf6e\" data-element_type=\"widget\" data-e-type=\"widget\" data-widget_type=\"image.default\">\n\t\t\t\t<div class=\"elementor-widget-container\">\n\t\t\t\t\t\t\t\t\t\t\t\t\t\t\t<img fetchpriority=\"high\" decoding=\"async\" width=\"500\" height=\"500\" src=\"https:\/\/pos.uel.br\/sersocial\/wp-content\/uploads\/2023\/06\/mulher-500x500-1.jpg\" class=\"attachment-large size-large wp-image-851\" alt=\"\" srcset=\"https:\/\/pos.uel.br\/sersocial\/wp-content\/uploads\/2023\/06\/mulher-500x500-1.jpg 500w, https:\/\/pos.uel.br\/sersocial\/wp-content\/uploads\/2023\/06\/mulher-500x500-1-300x300.jpg 300w, https:\/\/pos.uel.br\/sersocial\/wp-content\/uploads\/2023\/06\/mulher-500x500-1-150x150.jpg 150w\" sizes=\"(max-width: 500px) 100vw, 500px\" \/>\t\t\t\t\t\t\t\t\t\t\t\t\t\t\t<\/div>\n\t\t\t\t<\/div>\n\t\t\t\t<div class=\"elementor-element elementor-element-1fe3530f elementor-widget elementor-widget-heading\" data-id=\"1fe3530f\" data-element_type=\"widget\" data-e-type=\"widget\" data-widget_type=\"heading.default\">\n\t\t\t\t<div class=\"elementor-widget-container\">\n\t\t\t\t\t<p class=\"elementor-heading-title elementor-size-default\">Carmila Rocha Delmonico - mestranda  - camilarocha.delmonico@uel.br \n\n<\/p>\t\t\t\t<\/div>\n\t\t\t\t<\/div>\n\t\t\t\t<\/div>\n\t\t<div class=\"elementor-element elementor-element-7fa3df77 e-con-full e-flex e-con e-parent\" data-id=\"7fa3df77\" data-element_type=\"container\" data-e-type=\"container\">\n\t\t\t\t<div class=\"elementor-element elementor-element-232ce0ec elementor-widget elementor-widget-image\" data-id=\"232ce0ec\" data-element_type=\"widget\" data-e-type=\"widget\" data-widget_type=\"image.default\">\n\t\t\t\t<div class=\"elementor-widget-container\">\n\t\t\t\t\t\t\t\t\t\t\t\t\t\t\t<img fetchpriority=\"high\" decoding=\"async\" width=\"500\" height=\"500\" src=\"https:\/\/pos.uel.br\/sersocial\/wp-content\/uploads\/2023\/06\/mulher-500x500-1.jpg\" class=\"attachment-large size-large wp-image-851\" alt=\"\" srcset=\"https:\/\/pos.uel.br\/sersocial\/wp-content\/uploads\/2023\/06\/mulher-500x500-1.jpg 500w, https:\/\/pos.uel.br\/sersocial\/wp-content\/uploads\/2023\/06\/mulher-500x500-1-300x300.jpg 300w, https:\/\/pos.uel.br\/sersocial\/wp-content\/uploads\/2023\/06\/mulher-500x500-1-150x150.jpg 150w\" sizes=\"(max-width: 500px) 100vw, 500px\" \/>\t\t\t\t\t\t\t\t\t\t\t\t\t\t\t<\/div>\n\t\t\t\t<\/div>\n\t\t\t\t<div class=\"elementor-element elementor-element-45216f6c elementor-widget elementor-widget-heading\" data-id=\"45216f6c\" data-element_type=\"widget\" data-e-type=\"widget\" data-widget_type=\"heading.default\">\n\t\t\t\t<div class=\"elementor-widget-container\">\n\t\t\t\t\t<p class=\"elementor-heading-title elementor-size-default\">Marcelo Oliveira - doutorando - social.marcelo@gmail.com \n\n<\/p>\t\t\t\t<\/div>\n\t\t\t\t<\/div>\n\t\t\t\t<\/div>\n\t\t<div class=\"elementor-element elementor-element-4f229d e-con-full e-flex e-con e-parent\" data-id=\"4f229d\" data-element_type=\"container\" data-e-type=\"container\">\n\t\t\t\t<\/div>\n\t\t\t\t<\/div>\n\t\t<div class=\"elementor-element elementor-element-488d0bd7 e-flex e-con-boxed e-con e-parent\" data-id=\"488d0bd7\" data-element_type=\"container\" data-e-type=\"container\">\n\t\t\t\t\t<div class=\"e-con-inner\">\n\t\t\t\t<div class=\"elementor-element elementor-element-2733397d elementor-widget elementor-widget-heading\" data-id=\"2733397d\" data-element_type=\"widget\" data-e-type=\"widget\" data-widget_type=\"heading.default\">\n\t\t\t\t<div class=\"elementor-widget-container\">\n\t\t\t\t\t<h2 class=\"elementor-heading-title elementor-size-default\">Representante Egressos\n\n<\/h2>\t\t\t\t<\/div>\n\t\t\t\t<\/div>\n\t\t\t\t\t<\/div>\n\t\t\t\t<\/div>\n\t\t<div class=\"elementor-element elementor-element-19c5f8f5 e-con-full e-flex e-con e-parent\" data-id=\"19c5f8f5\" data-element_type=\"container\" data-e-type=\"container\" data-settings=\"{&quot;background_background&quot;:&quot;classic&quot;}\">\n\t\t<div class=\"elementor-element elementor-element-40403887 e-con-full e-flex e-con e-parent\" data-id=\"40403887\" data-element_type=\"container\" data-e-type=\"container\">\n\t\t\t\t<\/div>\n\t\t<div class=\"elementor-element elementor-element-13f2ea31 e-con-full e-flex e-con e-parent\" data-id=\"13f2ea31\" data-element_type=\"container\" data-e-type=\"container\">\n\t\t\t\t<div class=\"elementor-element elementor-element-40ff69e8 elementor-widget elementor-widget-image\" data-id=\"40ff69e8\" data-element_type=\"widget\" data-e-type=\"widget\" data-widget_type=\"image.default\">\n\t\t\t\t<div class=\"elementor-widget-container\">\n\t\t\t\t\t\t\t\t\t\t\t\t\t\t\t<img fetchpriority=\"high\" decoding=\"async\" width=\"500\" height=\"500\" src=\"https:\/\/pos.uel.br\/sersocial\/wp-content\/uploads\/2023\/06\/mulher-500x500-1.jpg\" class=\"attachment-large size-large wp-image-851\" alt=\"\" srcset=\"https:\/\/pos.uel.br\/sersocial\/wp-content\/uploads\/2023\/06\/mulher-500x500-1.jpg 500w, https:\/\/pos.uel.br\/sersocial\/wp-content\/uploads\/2023\/06\/mulher-500x500-1-300x300.jpg 300w, https:\/\/pos.uel.br\/sersocial\/wp-content\/uploads\/2023\/06\/mulher-500x500-1-150x150.jpg 150w\" sizes=\"(max-width: 500px) 100vw, 500px\" \/>\t\t\t\t\t\t\t\t\t\t\t\t\t\t\t<\/div>\n\t\t\t\t<\/div>\n\t\t\t\t<div class=\"elementor-element elementor-element-59dd63e1 elementor-widget elementor-widget-heading\" data-id=\"59dd63e1\" data-element_type=\"widget\" data-e-type=\"widget\" data-widget_type=\"heading.default\">\n\t\t\t\t<div class=\"elementor-widget-container\">\n\t\t\t\t\t<p class=\"elementor-heading-title elementor-size-default\">Claudiana Tavares  -  clautavares@hotmail.com\n\n<\/p>\t\t\t\t<\/div>\n\t\t\t\t<\/div>\n\t\t\t\t<\/div>\n\t\t<div class=\"elementor-element elementor-element-4398e174 e-con-full e-flex e-con e-parent\" data-id=\"4398e174\" data-element_type=\"container\" data-e-type=\"container\">\n\t\t\t\t<\/div>\n\t\t\t\t<\/div>\n\t\t<div class=\"elementor-element elementor-element-e22c868 e-flex e-con-boxed e-con e-parent\" data-id=\"e22c868\" data-element_type=\"container\" data-e-type=\"container\">\n\t\t\t\t\t<div class=\"e-con-inner\">\n\t\t\t\t\t<\/div>\n\t\t\t\t<\/div>\n\t\t\t\t<\/div>\n\t\t","protected":false},"excerpt":{"rendered":"<p>Comiss\u00e3o Planejamento Estrat\u00e9gico Comiss\u00e3o Planejamento Estrat\u00e9gico Profa. Dra. Eliane Christine Santos de Campos &#8211; elianecampos@uel.br Prof. Dr. Wagner Roberto do Amaral &#8211; wamaral@uel.br Profa. Dra. Mabel Macarenhas Torres &#8211; mmtorres@uel.br Profa. Dra. Liria Maria Bettiol Lanza &#8211; liriabettiol@uel.br Profa. Dra. Lorena Portes &#8211; lorenaportes@uel.br Profa. Denise Maria Fank de Almeida &#8211; denise.fank@uel.br Representantes discentes Carmila [&hellip;]<\/p>\n","protected":false},"author":6,"featured_media":0,"parent":0,"menu_order":0,"comment_status":"closed","ping_status":"closed","template":"elementor_header_footer","meta":{"_acf_changed":false,"footnotes":""},"class_list":["post-1011","page","type-page","status-publish","hentry"],"acf":[],"_links":{"self":[{"href":"https:\/\/pos.uel.br\/sersocial\/wp-json\/wp\/v2\/pages\/1011","targetHints":{"allow":["GET"]}}],"collection":[{"href":"https:\/\/pos.uel.br\/sersocial\/wp-json\/wp\/v2\/pages"}],"about":[{"href":"https:\/\/pos.uel.br\/sersocial\/wp-json\/wp\/v2\/types\/page"}],"author":[{"embeddable":true,"href":"https:\/\/pos.uel.br\/sersocial\/wp-json\/wp\/v2\/users\/6"}],"replies":[{"embeddable":true,"href":"https:\/\/pos.uel.br\/sersocial\/wp-json\/wp\/v2\/comments?post=1011"}],"version-history":[{"count":7,"href":"https:\/\/pos.uel.br\/sersocial\/wp-json\/wp\/v2\/pages\/1011\/revisions"}],"predecessor-version":[{"id":1022,"href":"https:\/\/pos.uel.br\/sersocial\/wp-json\/wp\/v2\/pages\/1011\/revisions\/1022"}],"wp:attachment":[{"href":"https:\/\/pos.uel.br\/sersocial\/wp-json\/wp\/v2\/media?parent=1011"}],"curies":[{"name":"wp","href":"https:\/\/api.w.org\/{rel}","templated":true}]}}