{"id":48,"date":"2021-04-29T11:23:41","date_gmt":"2021-04-29T14:23:41","guid":{"rendered":"https:\/\/pos.uel.br\/saudecoletiva\/?page_id=48"},"modified":"2023-09-25T18:07:52","modified_gmt":"2023-09-25T21:07:52","slug":"formularios-2","status":"publish","type":"page","link":"https:\/\/pos.uel.br\/saudecoletiva\/formularios-2\/","title":{"rendered":"Pedidos de qualifica\u00e7\u00e3o\/defesa"},"content":{"rendered":"\n<p id=\"block-c5ca917c-13d6-409e-bc1e-3c73cad68e33\"><br>PARA FAZER O PEDIDO DE QUALIFICA\u00c7\u00c3O OU DEFESA, PREENCHA O FORMUL\u00c1RIO PELO LINK: <\/p>\n\n\n\n<p><a href=\"https:\/\/forms.gle\/Xir1BHz42Tiba4br8\">https:\/\/forms.gle\/Xir1BHz42Tiba4br8<\/a><\/p>\n\n\n\n<p id=\"block-e7b9aa30-13c7-49b7-8236-557fab2d8f58\">REGISTRO DE COMPARECIMENTO DE P\u00d3S-GRADUANDOS EM BANCAS DE QUALIFICA\u00c7\u00c3O OU DEFESA<\/p>\n\n\n\n<div class=\"wp-block-file\"><a id=\"wp-block-file--media-be2c9380-e2e9-4471-bf2e-793c9de80bb0\" href=\"https:\/\/pos.uel.br\/saudecoletiva\/wp-content\/uploads\/2021\/10\/Declarac\u0327a\u0303o-comparecimento-em-bancas-1.docx\">Declarac\u0327a\u0303o-comparecimento-em-bancas-1<\/a><a href=\"https:\/\/pos.uel.br\/saudecoletiva\/wp-content\/uploads\/2021\/10\/Declarac\u0327a\u0303o-comparecimento-em-bancas-1.docx\" class=\"wp-block-file__button wp-element-button\" download aria-describedby=\"wp-block-file--media-be2c9380-e2e9-4471-bf2e-793c9de80bb0\">Baixar<\/a><\/div>\n\n\n\n<p>FORMUL\u00c1RIO DE CADASTRO DE PROFESSOR CONVIDADO<\/p>\n\n\n\n<div class=\"wp-block-file\"><a id=\"wp-block-file--media-9c6fdf4d-4ef1-4a10-af13-69d8d714710e\" href=\"https:\/\/pos.uel.br\/saudecoletiva\/wp-content\/uploads\/2022\/05\/Cadastro-Professor-convidado_SPGCCS.UEL_.doc\">Cadastro-Professor-convidado_SPGCCS.UEL_<\/a><a href=\"https:\/\/pos.uel.br\/saudecoletiva\/wp-content\/uploads\/2022\/05\/Cadastro-Professor-convidado_SPGCCS.UEL_.doc\" class=\"wp-block-file__button wp-element-button\" download aria-describedby=\"wp-block-file--media-9c6fdf4d-4ef1-4a10-af13-69d8d714710e\">Baixar<\/a><\/div>\n","protected":false},"excerpt":{"rendered":"<p>PARA FAZER O PEDIDO DE QUALIFICA\u00c7\u00c3O OU DEFESA, PREENCHA O FORMUL\u00c1RIO PELO LINK: https:\/\/forms.gle\/Xir1BHz42Tiba4br8 REGISTRO DE COMPARECIMENTO DE P\u00d3S-GRADUANDOS EM BANCAS DE QUALIFICA\u00c7\u00c3O OU DEFESA FORMUL\u00c1RIO DE CADASTRO DE PROFESSOR CONVIDADO<\/p>\n","protected":false},"author":7,"featured_media":0,"parent":0,"menu_order":0,"comment_status":"closed","ping_status":"closed","template":"","meta":{"footnotes":""},"class_list":["post-48","page","type-page","status-publish","hentry"],"acf":[],"_links":{"self":[{"href":"https:\/\/pos.uel.br\/saudecoletiva\/wp-json\/wp\/v2\/pages\/48","targetHints":{"allow":["GET"]}}],"collection":[{"href":"https:\/\/pos.uel.br\/saudecoletiva\/wp-json\/wp\/v2\/pages"}],"about":[{"href":"https:\/\/pos.uel.br\/saudecoletiva\/wp-json\/wp\/v2\/types\/page"}],"author":[{"embeddable":true,"href":"https:\/\/pos.uel.br\/saudecoletiva\/wp-json\/wp\/v2\/users\/7"}],"replies":[{"embeddable":true,"href":"https:\/\/pos.uel.br\/saudecoletiva\/wp-json\/wp\/v2\/comments?post=48"}],"version-history":[{"count":9,"href":"https:\/\/pos.uel.br\/saudecoletiva\/wp-json\/wp\/v2\/pages\/48\/revisions"}],"predecessor-version":[{"id":1479,"href":"https:\/\/pos.uel.br\/saudecoletiva\/wp-json\/wp\/v2\/pages\/48\/revisions\/1479"}],"wp:attachment":[{"href":"https:\/\/pos.uel.br\/saudecoletiva\/wp-json\/wp\/v2\/media?parent=48"}],"curies":[{"name":"wp","href":"https:\/\/api.w.org\/{rel}","templated":true}]}}