{"id":442,"date":"2021-10-04T19:55:09","date_gmt":"2021-10-04T22:55:09","guid":{"rendered":"https:\/\/pos.uel.br\/saudecoletiva\/?page_id=442"},"modified":"2021-10-21T12:21:56","modified_gmt":"2021-10-21T15:21:56","slug":"selecao-turma-2022-2","status":"publish","type":"page","link":"https:\/\/pos.uel.br\/saudecoletiva\/selecao-turma-2022-2\/","title":{"rendered":"Sele\u00e7\u00e3o turma 2022"},"content":{"rendered":"\n<h2 class=\"wp-block-heading\">Cronograma de publica\u00e7\u00f5es<\/h2>\n\n\n\n<div class=\"wp-block-file\"><a href=\"https:\/\/pos.uel.br\/saudecoletiva\/wp-content\/uploads\/2021\/09\/Edital_MestradoPROPPG-2022-.pdf\">01\/10\/21 &#8211; Edital_MestradoPROPPG-2022<\/a><a href=\"https:\/\/pos.uel.br\/saudecoletiva\/wp-content\/uploads\/2021\/09\/Edital_MestradoPROPPG-2022-.pdf\" class=\"wp-block-file__button\" download>Baixar<\/a><\/div>\n\n\n\n<p><\/p>\n\n\n\n<div class=\"wp-block-file\"><a href=\"https:\/\/pos.uel.br\/saudecoletiva\/wp-content\/uploads\/2021\/10\/Curriculo-Modelo-MESTRADO-2022-.docx\">01\/10\/21 &#8211; Curriculo Modelo MESTRADO 2022<\/a><a href=\"https:\/\/pos.uel.br\/saudecoletiva\/wp-content\/uploads\/2021\/10\/Curriculo-Modelo-MESTRADO-2022-.docx\" class=\"wp-block-file__button\" download>Baixar<\/a><\/div>\n\n\n\n<p><\/p>\n\n\n\n<div class=\"wp-block-file\"><a href=\"https:\/\/pos.uel.br\/saudecoletiva\/wp-content\/uploads\/2021\/10\/ANEXO-I.pdf\">01\/10\/21- ANEXO I<\/a><a href=\"https:\/\/pos.uel.br\/saudecoletiva\/wp-content\/uploads\/2021\/10\/ANEXO-I.pdf\" class=\"wp-block-file__button\" download>Baixar<\/a><\/div>\n\n\n\n<p><\/p>\n\n\n\n<p>18\/10\/21 &#8211; <a href=\"https:\/\/pos.uel.br\/saudecoletiva\/sem-categoria\/2021\/10\/17\/resultado-dos-pedidos-de-isencao-de-inscricao\/\">Resultado dos pedidos de isen\u00e7\u00e3o da taxa de inscri\u00e7\u00e3o<\/a><\/p>\n\n\n\n<p>19\/10\/21 &#8211; <a href=\"http:\/\/www.uel.br\/eventos\/insc\/?id=6794\">Requerimento de Recurso &#8211; Isen\u00e7\u00e3o Cad\u00danico<\/a><\/p>\n\n\n\n<p>21\/10\/21 &#8211; <a href=\"https:\/\/pos.uel.br\/saudecoletiva\/wp-content\/uploads\/2021\/10\/Retificac%CC%A7a%CC%83o-editais-PPG-Sau%CC%81de-Coletiva.pdf\">Edital 08\/2021<\/a><\/p>\n","protected":false},"excerpt":{"rendered":"<p>Cronograma de publica\u00e7\u00f5es 18\/10\/21 &#8211; Resultado dos pedidos de isen\u00e7\u00e3o da taxa de inscri\u00e7\u00e3o 19\/10\/21 &#8211; Requerimento de Recurso &#8211; Isen\u00e7\u00e3o Cad\u00danico 21\/10\/21 &#8211; Edital 08\/2021<\/p>\n","protected":false},"author":8,"featured_media":0,"parent":0,"menu_order":0,"comment_status":"closed","ping_status":"closed","template":"","meta":{"footnotes":""},"class_list":["post-442","page","type-page","status-publish","hentry"],"acf":[],"_links":{"self":[{"href":"https:\/\/pos.uel.br\/saudecoletiva\/wp-json\/wp\/v2\/pages\/442","targetHints":{"allow":["GET"]}}],"collection":[{"href":"https:\/\/pos.uel.br\/saudecoletiva\/wp-json\/wp\/v2\/pages"}],"about":[{"href":"https:\/\/pos.uel.br\/saudecoletiva\/wp-json\/wp\/v2\/types\/page"}],"author":[{"embeddable":true,"href":"https:\/\/pos.uel.br\/saudecoletiva\/wp-json\/wp\/v2\/users\/8"}],"replies":[{"embeddable":true,"href":"https:\/\/pos.uel.br\/saudecoletiva\/wp-json\/wp\/v2\/comments?post=442"}],"version-history":[{"count":6,"href":"https:\/\/pos.uel.br\/saudecoletiva\/wp-json\/wp\/v2\/pages\/442\/revisions"}],"predecessor-version":[{"id":749,"href":"https:\/\/pos.uel.br\/saudecoletiva\/wp-json\/wp\/v2\/pages\/442\/revisions\/749"}],"wp:attachment":[{"href":"https:\/\/pos.uel.br\/saudecoletiva\/wp-json\/wp\/v2\/media?parent=442"}],"curies":[{"name":"wp","href":"https:\/\/api.w.org\/{rel}","templated":true}]}}

Seleção turma 2022

<h2 class="wp-block-heading">Cronograma de publicações</h2>



<div class="wp-block-file"><a href="https://pos.uel.br/saudecoletiva/wp-content/uploads/2021/09/Edital_MestradoPROPPG-2022-.pdf">01/10/21 &#8211; Edital_MestradoPROPPG-2022</a><a href="https://pos.uel.br/saudecoletiva/wp-content/uploads/2021/09/Edital_MestradoPROPPG-2022-.pdf" class="wp-block-file__button" download>Baixar</a></div>



<p></p>



<div class="wp-block-file"><a href="https://pos.uel.br/saudecoletiva/wp-content/uploads/2021/10/Curriculo-Modelo-MESTRADO-2022-.docx">01/10/21 &#8211; Curriculo Modelo MESTRADO 2022</a><a href="https://pos.uel.br/saudecoletiva/wp-content/uploads/2021/10/Curriculo-Modelo-MESTRADO-2022-.docx" class="wp-block-file__button" download>Baixar</a></div>



<p></p>



<div class="wp-block-file"><a href="https://pos.uel.br/saudecoletiva/wp-content/uploads/2021/10/ANEXO-I.pdf">01/10/21- ANEXO I</a><a href="https://pos.uel.br/saudecoletiva/wp-content/uploads/2021/10/ANEXO-I.pdf" class="wp-block-file__button" download>Baixar</a></div>



<p></p>



<p>18/10/21 &#8211; <a href="https://pos.uel.br/saudecoletiva/sem-categoria/2021/10/17/resultado-dos-pedidos-de-isencao-de-inscricao/">Resultado dos pedidos de isenção da taxa de inscrição</a></p>



<p>19/10/21 &#8211; <a href="http://www.uel.br/eventos/insc/?id=6794">Requerimento de Recurso &#8211; Isenção CadÚnico</a></p>



<p>21/10/21 &#8211; <a href="https://pos.uel.br/saudecoletiva/wp-content/uploads/2021/10/Retificac%CC%A7a%CC%83o-editais-PPG-Sau%CC%81de-Coletiva.pdf">Edital 08/2021</a></p>

<p>Cronograma de publicações 18/10/21 &#8211; Resultado dos pedidos de isenção da taxa de inscrição 19/10/21 &#8211; Requerimento de Recurso &#8211; Isenção CadÚnico 21/10/21 &#8211; Edital 08/2021</p>
