{"id":44,"date":"2021-04-29T11:23:41","date_gmt":"2021-04-29T14:23:41","guid":{"rendered":"https:\/\/pos.uel.br\/saudecoletiva\/?page_id=44"},"modified":"2025-05-13T14:31:36","modified_gmt":"2025-05-13T17:31:36","slug":"doutorado","status":"publish","type":"page","link":"https:\/\/pos.uel.br\/saudecoletiva\/doutorado\/","title":{"rendered":"Doutorado"},"content":{"rendered":"\n<p>A sele\u00e7\u00e3o do doutorado em Sa\u00fade Coletiva ocorre todos anos, em geral, nos meses de novembro e dezembro. <\/p>\n\n\n\n<p><\/p>\n","protected":false},"excerpt":{"rendered":"<p>A sele\u00e7\u00e3o do doutorado em Sa\u00fade Coletiva ocorre todos anos, em geral, nos meses de novembro e dezembro.<\/p>\n","protected":false},"author":7,"featured_media":0,"parent":0,"menu_order":0,"comment_status":"closed","ping_status":"closed","template":"","meta":{"footnotes":""},"class_list":["post-44","page","type-page","status-publish","hentry"],"acf":[],"_links":{"self":[{"href":"https:\/\/pos.uel.br\/saudecoletiva\/wp-json\/wp\/v2\/pages\/44","targetHints":{"allow":["GET"]}}],"collection":[{"href":"https:\/\/pos.uel.br\/saudecoletiva\/wp-json\/wp\/v2\/pages"}],"about":[{"href":"https:\/\/pos.uel.br\/saudecoletiva\/wp-json\/wp\/v2\/types\/page"}],"author":[{"embeddable":true,"href":"https:\/\/pos.uel.br\/saudecoletiva\/wp-json\/wp\/v2\/users\/7"}],"replies":[{"embeddable":true,"href":"https:\/\/pos.uel.br\/saudecoletiva\/wp-json\/wp\/v2\/comments?post=44"}],"version-history":[{"count":4,"href":"https:\/\/pos.uel.br\/saudecoletiva\/wp-json\/wp\/v2\/pages\/44\/revisions"}],"predecessor-version":[{"id":1977,"href":"https:\/\/pos.uel.br\/saudecoletiva\/wp-json\/wp\/v2\/pages\/44\/revisions\/1977"}],"wp:attachment":[{"href":"https:\/\/pos.uel.br\/saudecoletiva\/wp-json\/wp\/v2\/media?parent=44"}],"curies":[{"name":"wp","href":"https:\/\/api.w.org\/{rel}","templated":true}]}}

<p>A seleção do doutorado em Saúde Coletiva ocorre todos anos, em geral, nos meses de novembro e dezembro. </p>



<p></p>

<p>A seleção do doutorado em Saúde Coletiva ocorre todos anos, em geral, nos meses de novembro e dezembro.</p>
