{"id":190,"date":"2021-07-27T11:49:17","date_gmt":"2021-07-27T14:49:17","guid":{"rendered":"https:\/\/pos.uel.br\/saudecoletiva\/?page_id=190"},"modified":"2021-10-22T13:39:57","modified_gmt":"2021-10-22T16:39:57","slug":"quali-capes","status":"publish","type":"page","link":"https:\/\/pos.uel.br\/saudecoletiva\/quali-capes\/","title":{"rendered":"Qualis Capes"},"content":{"rendered":"\n<p>Qualis peri\u00f3dicos  <a href=\"https:\/\/sucupira.capes.gov.br\/sucupira\/public\/consultas\/coleta\/veiculoPublicacaoQualis\/listaConsultaGeralPeriodicos.jsf\" data-type=\"URL\" data-id=\"https:\/\/sucupira.capes.gov.br\/sucupira\/public\/consultas\/coleta\/veiculoPublicacaoQualis\/listaConsultaGeralPeriodicos.jsf\"><img loading=\"lazy\" decoding=\"async\" width=\"90\" height=\"32\" class=\"wp-image-771\" style=\"width: 90px;\" src=\"https:\/\/pos.uel.br\/saudecoletiva\/wp-content\/uploads\/2021\/10\/Clique.png\" alt=\"\"><\/a><\/p>\n\n\n\n<p>Qualis peri\u00f3dicos provis\u00f3rio  <a href=\"https:\/\/www.abrasco.org.br\/site\/coordenadoresdepos\/wp-content\/uploads\/sites\/2\/2019\/06\/1.-Planilha-Classifica%C3%A7%C3%A3o-Qualis-2017-2018.pdf\" data-type=\"URL\" data-id=\"https:\/\/www.abrasco.org.br\/site\/coordenadoresdepos\/wp-content\/uploads\/sites\/2\/2019\/06\/1.-Planilha-Classifica%C3%A7%C3%A3o-Qualis-2017-2018.pdf\"><img loading=\"lazy\" decoding=\"async\" width=\"90\" height=\"32\" class=\"wp-image-771\" style=\"width: 90px;\" src=\"https:\/\/pos.uel.br\/saudecoletiva\/wp-content\/uploads\/2021\/10\/Clique.png\" alt=\"\"><\/a><\/p>\n","protected":false},"excerpt":{"rendered":"<p>Qualis peri\u00f3dicos Qualis peri\u00f3dicos provis\u00f3rio<\/p>\n","protected":false},"author":8,"featured_media":0,"parent":0,"menu_order":0,"comment_status":"closed","ping_status":"closed","template":"","meta":{"footnotes":""},"class_list":["post-190","page","type-page","status-publish","hentry"],"acf":[],"_links":{"self":[{"href":"https:\/\/pos.uel.br\/saudecoletiva\/wp-json\/wp\/v2\/pages\/190","targetHints":{"allow":["GET"]}}],"collection":[{"href":"https:\/\/pos.uel.br\/saudecoletiva\/wp-json\/wp\/v2\/pages"}],"about":[{"href":"https:\/\/pos.uel.br\/saudecoletiva\/wp-json\/wp\/v2\/types\/page"}],"author":[{"embeddable":true,"href":"https:\/\/pos.uel.br\/saudecoletiva\/wp-json\/wp\/v2\/users\/8"}],"replies":[{"embeddable":true,"href":"https:\/\/pos.uel.br\/saudecoletiva\/wp-json\/wp\/v2\/comments?post=190"}],"version-history":[{"count":5,"href":"https:\/\/pos.uel.br\/saudecoletiva\/wp-json\/wp\/v2\/pages\/190\/revisions"}],"predecessor-version":[{"id":773,"href":"https:\/\/pos.uel.br\/saudecoletiva\/wp-json\/wp\/v2\/pages\/190\/revisions\/773"}],"wp:attachment":[{"href":"https:\/\/pos.uel.br\/saudecoletiva\/wp-json\/wp\/v2\/media?parent=190"}],"curies":[{"name":"wp","href":"https:\/\/api.w.org\/{rel}","templated":true}]}}

<p>Qualis periódicos  <a href="https://sucupira.capes.gov.br/sucupira/public/consultas/coleta/veiculoPublicacaoQualis/listaConsultaGeralPeriodicos.jsf" data-type="URL" data-id="https://sucupira.capes.gov.br/sucupira/public/consultas/coleta/veiculoPublicacaoQualis/listaConsultaGeralPeriodicos.jsf"><img loading="lazy" decoding="async" width="90" height="32" class="wp-image-771" style="width: 90px;" src="https://pos.uel.br/saudecoletiva/wp-content/uploads/2021/10/Clique.png" alt=""></a></p>



<p>Qualis periódicos provisório  <a href="https://www.abrasco.org.br/site/coordenadoresdepos/wp-content/uploads/sites/2/2019/06/1.-Planilha-Classifica%C3%A7%C3%A3o-Qualis-2017-2018.pdf" data-type="URL" data-id="https://www.abrasco.org.br/site/coordenadoresdepos/wp-content/uploads/sites/2/2019/06/1.-Planilha-Classifica%C3%A7%C3%A3o-Qualis-2017-2018.pdf"><img loading="lazy" decoding="async" width="90" height="32" class="wp-image-771" style="width: 90px;" src="https://pos.uel.br/saudecoletiva/wp-content/uploads/2021/10/Clique.png" alt=""></a></p>

<p>Qualis periódicos Qualis periódicos provisório</p>
