{"id":1756,"date":"2024-08-15T18:59:33","date_gmt":"2024-08-15T21:59:33","guid":{"rendered":"https:\/\/pos.uel.br\/saudecoletiva\/?page_id=1756"},"modified":"2024-11-27T16:00:43","modified_gmt":"2024-11-27T19:00:43","slug":"selecao-turma-2025","status":"publish","type":"page","link":"https:\/\/pos.uel.br\/saudecoletiva\/selecao-turma-2025\/","title":{"rendered":"Sele\u00e7\u00e3o turma 2025"},"content":{"rendered":"\n<p><\/p>\n\n\n\n<p>30.08.2024 &#8211; Edital 12\/2024 &#8211; Sele\u00e7\u00e3o de alunos regulares de doutorado 2025<\/p>\n\n\n\n<div class=\"wp-block-file\"><a id=\"wp-block-file--media-296905eb-4392-4a0f-a975-4e5b54192adc\" href=\"https:\/\/pos.uel.br\/saudecoletiva\/wp-content\/uploads\/2024\/08\/Edital_doutorado_2025-1.pdf\">Edital_doutorado_2025<\/a><a href=\"https:\/\/pos.uel.br\/saudecoletiva\/wp-content\/uploads\/2024\/08\/Edital_doutorado_2025-1.pdf\" class=\"wp-block-file__button wp-element-button\" download aria-describedby=\"wp-block-file--media-296905eb-4392-4a0f-a975-4e5b54192adc\">Baixar<\/a><\/div>\n\n\n\n<p>30.08.2024 &#8211; Modelo de curr\u00edculo<\/p>\n\n\n\n<div class=\"wp-block-file\"><a id=\"wp-block-file--media-0a87cb02-4669-46a8-8d81-96b7a9a278a7\" href=\"https:\/\/pos.uel.br\/saudecoletiva\/wp-content\/uploads\/2024\/08\/CURRI\u0301CULO_DOUTORADO_SC-_2025.docx\">CURRI\u0301CULO_DOUTORADO_SC-_2025<\/a><a href=\"https:\/\/pos.uel.br\/saudecoletiva\/wp-content\/uploads\/2024\/08\/CURRI\u0301CULO_DOUTORADO_SC-_2025.docx\" class=\"wp-block-file__button wp-element-button\" download aria-describedby=\"wp-block-file--media-0a87cb02-4669-46a8-8d81-96b7a9a278a7\">Baixar<\/a><\/div>\n\n\n\n<p>30.08.2024 &#8211; Gabarito de pontua\u00e7\u00e3o de curr\u00edculo<\/p>\n\n\n\n<div class=\"wp-block-file\"><a id=\"wp-block-file--media-8f33ba5f-9d9c-4edd-8742-9639406df707\" href=\"https:\/\/pos.uel.br\/saudecoletiva\/wp-content\/uploads\/2024\/08\/GABARITO_CV_DOUTORADO_2025.docx\">GABARITO_CV_DOUTORADO_2025<\/a><a href=\"https:\/\/pos.uel.br\/saudecoletiva\/wp-content\/uploads\/2024\/08\/GABARITO_CV_DOUTORADO_2025.docx\" class=\"wp-block-file__button wp-element-button\" download aria-describedby=\"wp-block-file--media-8f33ba5f-9d9c-4edd-8742-9639406df707\">Baixar<\/a><\/div>\n\n\n\n<p>02.09.2024 &#8211; Link para pedidos de isen\u00e7\u00e3o da taxa de inscri\u00e7\u00e3o: <a href=\"http:\/\/www.uel.br\/eventos\/sigec\/?id=9672\">http:\/\/www.uel.br\/eventos\/sigec\/?id=9672<\/a><\/p>\n\n\n\n<p>12.09.2024 &#8211; Edital 13\/2024 &#8211; Resultado dos pedidos de isen\u00e7\u00e3o da taxa de inscri\u00e7\u00e3o<\/p>\n\n\n\n<div class=\"wp-block-file\"><a id=\"wp-block-file--media-05b98d7d-2102-4eac-932b-ad5834f64733\" href=\"https:\/\/pos.uel.br\/saudecoletiva\/wp-content\/uploads\/2024\/09\/Edital13.24-resultados-pedidos-de-isenc\u0327a\u0303o-1.pdf\">Edital13.24 resultados pedidos de isenc\u0327a\u0303o<\/a><a href=\"https:\/\/pos.uel.br\/saudecoletiva\/wp-content\/uploads\/2024\/09\/Edital13.24-resultados-pedidos-de-isenc\u0327a\u0303o-1.pdf\" class=\"wp-block-file__button wp-element-button\" download aria-describedby=\"wp-block-file--media-05b98d7d-2102-4eac-932b-ad5834f64733\">Baixar<\/a><\/div>\n\n\n\n<p>31.10.2024 &#8211; Edital das inscri\u00e7\u00f5es homologadas do doutorado<\/p>\n\n\n\n<p>31.10.2024 &#8211; Rela\u00e7\u00e3o de refer\u00eancias sugeridas para a prova de conhecimentos em Sa\u00fade Coletiva<\/p>\n\n\n\n<div class=\"wp-block-file\"><a id=\"wp-block-file--media-28aadd86-c380-4b2b-9ec9-3bbc5658d784\" href=\"https:\/\/pos.uel.br\/saudecoletiva\/wp-content\/uploads\/2024\/10\/Refere\u0302ncias-sugeridas-para-a-prova.pdf\">Refere\u0302ncias sugeridas para a prova<\/a><a href=\"https:\/\/pos.uel.br\/saudecoletiva\/wp-content\/uploads\/2024\/10\/Refere\u0302ncias-sugeridas-para-a-prova.pdf\" class=\"wp-block-file__button wp-element-button\" download aria-describedby=\"wp-block-file--media-28aadd86-c380-4b2b-9ec9-3bbc5658d784\">Baixar<\/a><\/div>\n\n\n\n<p>11.11.2024 &#8211; Edital 16\/2024 &#8211; Inscri\u00e7\u00f5es Homologadas <a href=\"https:\/\/pos.uel.br\/saudecoletiva\/wp-content\/uploads\/2024\/11\/Edital-16.2024-Homologacao-doutorado-.pdf\">clique aqui<\/a><\/p>\n\n\n\n<p>14.11.2024 &#8211; Edital 17\/2024 &#8211; Resultado das a\u00e7\u00f5es afirmativas <a href=\"https:\/\/pos.uel.br\/saudecoletiva\/wp-content\/uploads\/2024\/11\/Edital17.2024.pdf\">clique aqui<\/a><\/p>\n\n\n\n<p>22.11.2024 &#8211; Edital 18\/2024 &#8211; Resultado da primeira etapa e cronograma de entrevistas <a href=\"https:\/\/pos.uel.br\/saudecoletiva\/wp-content\/uploads\/2024\/11\/Edital18.2024.pdf\">clique aqui<\/a><\/p>\n\n\n\n<p>27.11.2024 &#8211; Edital 19\/2024 &#8211; Retifica\u00e7\u00e3o do edital 12\/2024 sobre o per\u00edodo de argui\u00e7\u00e3o de projetos <a href=\"https:\/\/pos.uel.br\/saudecoletiva\/wp-content\/uploads\/2024\/11\/Edital19.2024.pdf\">clique aqui<\/a><\/p>\n","protected":false},"excerpt":{"rendered":"<p>30.08.2024 &#8211; Edital 12\/2024 &#8211; Sele\u00e7\u00e3o de alunos regulares de doutorado 2025 30.08.2024 &#8211; Modelo de curr\u00edculo 30.08.2024 &#8211; Gabarito de pontua\u00e7\u00e3o de curr\u00edculo 02.09.2024 &#8211; Link para pedidos de isen\u00e7\u00e3o da taxa de inscri\u00e7\u00e3o: http:\/\/www.uel.br\/eventos\/sigec\/?id=9672 12.09.2024 &#8211; Edital 13\/2024 &#8211; Resultado dos pedidos de isen\u00e7\u00e3o da taxa de inscri\u00e7\u00e3o 31.10.2024 &#8211; Edital das inscri\u00e7\u00f5es [&hellip;]<\/p>\n","protected":false},"author":8,"featured_media":0,"parent":0,"menu_order":0,"comment_status":"closed","ping_status":"closed","template":"","meta":{"footnotes":""},"class_list":["post-1756","page","type-page","status-publish","hentry"],"acf":[],"_links":{"self":[{"href":"https:\/\/pos.uel.br\/saudecoletiva\/wp-json\/wp\/v2\/pages\/1756","targetHints":{"allow":["GET"]}}],"collection":[{"href":"https:\/\/pos.uel.br\/saudecoletiva\/wp-json\/wp\/v2\/pages"}],"about":[{"href":"https:\/\/pos.uel.br\/saudecoletiva\/wp-json\/wp\/v2\/types\/page"}],"author":[{"embeddable":true,"href":"https:\/\/pos.uel.br\/saudecoletiva\/wp-json\/wp\/v2\/users\/8"}],"replies":[{"embeddable":true,"href":"https:\/\/pos.uel.br\/saudecoletiva\/wp-json\/wp\/v2\/comments?post=1756"}],"version-history":[{"count":13,"href":"https:\/\/pos.uel.br\/saudecoletiva\/wp-json\/wp\/v2\/pages\/1756\/revisions"}],"predecessor-version":[{"id":1870,"href":"https:\/\/pos.uel.br\/saudecoletiva\/wp-json\/wp\/v2\/pages\/1756\/revisions\/1870"}],"wp:attachment":[{"href":"https:\/\/pos.uel.br\/saudecoletiva\/wp-json\/wp\/v2\/media?parent=1756"}],"curies":[{"name":"wp","href":"https:\/\/api.w.org\/{rel}","templated":true}]}}

Seleção turma 2025

<p></p>



<p>30.08.2024 &#8211; Edital 12/2024 &#8211; Seleção de alunos regulares de doutorado 2025</p>



<div class="wp-block-file"><a id="wp-block-file--media-296905eb-4392-4a0f-a975-4e5b54192adc" href="https://pos.uel.br/saudecoletiva/wp-content/uploads/2024/08/Edital_doutorado_2025-1.pdf">Edital_doutorado_2025</a><a href="https://pos.uel.br/saudecoletiva/wp-content/uploads/2024/08/Edital_doutorado_2025-1.pdf" class="wp-block-file__button wp-element-button" download aria-describedby="wp-block-file--media-296905eb-4392-4a0f-a975-4e5b54192adc">Baixar</a></div>



<p>30.08.2024 &#8211; Modelo de currículo</p>



<div class="wp-block-file"><a id="wp-block-file--media-0a87cb02-4669-46a8-8d81-96b7a9a278a7" href="https://pos.uel.br/saudecoletiva/wp-content/uploads/2024/08/CURRÍCULO_DOUTORADO_SC-_2025.docx">CURRÍCULO_DOUTORADO_SC-_2025</a><a href="https://pos.uel.br/saudecoletiva/wp-content/uploads/2024/08/CURRÍCULO_DOUTORADO_SC-_2025.docx" class="wp-block-file__button wp-element-button" download aria-describedby="wp-block-file--media-0a87cb02-4669-46a8-8d81-96b7a9a278a7">Baixar</a></div>



<p>30.08.2024 &#8211; Gabarito de pontuação de currículo</p>



<div class="wp-block-file"><a id="wp-block-file--media-8f33ba5f-9d9c-4edd-8742-9639406df707" href="https://pos.uel.br/saudecoletiva/wp-content/uploads/2024/08/GABARITO_CV_DOUTORADO_2025.docx">GABARITO_CV_DOUTORADO_2025</a><a href="https://pos.uel.br/saudecoletiva/wp-content/uploads/2024/08/GABARITO_CV_DOUTORADO_2025.docx" class="wp-block-file__button wp-element-button" download aria-describedby="wp-block-file--media-8f33ba5f-9d9c-4edd-8742-9639406df707">Baixar</a></div>



<p>02.09.2024 &#8211; Link para pedidos de isenção da taxa de inscrição: <a href="http://www.uel.br/eventos/sigec/?id=9672">http://www.uel.br/eventos/sigec/?id=9672</a></p>



<p>12.09.2024 &#8211; Edital 13/2024 &#8211; Resultado dos pedidos de isenção da taxa de inscrição</p>



<div class="wp-block-file"><a id="wp-block-file--media-05b98d7d-2102-4eac-932b-ad5834f64733" href="https://pos.uel.br/saudecoletiva/wp-content/uploads/2024/09/Edital13.24-resultados-pedidos-de-isenção-1.pdf">Edital13.24 resultados pedidos de isenção</a><a href="https://pos.uel.br/saudecoletiva/wp-content/uploads/2024/09/Edital13.24-resultados-pedidos-de-isenção-1.pdf" class="wp-block-file__button wp-element-button" download aria-describedby="wp-block-file--media-05b98d7d-2102-4eac-932b-ad5834f64733">Baixar</a></div>



<p>31.10.2024 &#8211; Edital das inscrições homologadas do doutorado</p>



<p>31.10.2024 &#8211; Relação de referências sugeridas para a prova de conhecimentos em Saúde Coletiva</p>



<div class="wp-block-file"><a id="wp-block-file--media-28aadd86-c380-4b2b-9ec9-3bbc5658d784" href="https://pos.uel.br/saudecoletiva/wp-content/uploads/2024/10/Referências-sugeridas-para-a-prova.pdf">Referências sugeridas para a prova</a><a href="https://pos.uel.br/saudecoletiva/wp-content/uploads/2024/10/Referências-sugeridas-para-a-prova.pdf" class="wp-block-file__button wp-element-button" download aria-describedby="wp-block-file--media-28aadd86-c380-4b2b-9ec9-3bbc5658d784">Baixar</a></div>



<p>11.11.2024 &#8211; Edital 16/2024 &#8211; Inscrições Homologadas <a href="https://pos.uel.br/saudecoletiva/wp-content/uploads/2024/11/Edital-16.2024-Homologacao-doutorado-.pdf">clique aqui</a></p>



<p>14.11.2024 &#8211; Edital 17/2024 &#8211; Resultado das ações afirmativas <a href="https://pos.uel.br/saudecoletiva/wp-content/uploads/2024/11/Edital17.2024.pdf">clique aqui</a></p>



<p>22.11.2024 &#8211; Edital 18/2024 &#8211; Resultado da primeira etapa e cronograma de entrevistas <a href="https://pos.uel.br/saudecoletiva/wp-content/uploads/2024/11/Edital18.2024.pdf">clique aqui</a></p>



<p>27.11.2024 &#8211; Edital 19/2024 &#8211; Retificação do edital 12/2024 sobre o período de arguição de projetos <a href="https://pos.uel.br/saudecoletiva/wp-content/uploads/2024/11/Edital19.2024.pdf">clique aqui</a></p>

<p>30.08.2024 &#8211; Edital 12/2024 &#8211; Seleção de alunos regulares de doutorado 2025 30.08.2024 &#8211; Modelo de currículo 30.08.2024 &#8211; Gabarito de pontuação de currículo 02.09.2024 &#8211; Link para pedidos de isenção da taxa de inscrição: http://www.uel.br/eventos/sigec/?id=9672 12.09.2024 &#8211; Edital 13/2024 &#8211; Resultado dos pedidos de isenção da taxa de inscrição 31.10.2024 &#8211; Edital das inscrições [&hellip;]</p>
