{"id":1433,"date":"2023-08-10T15:38:51","date_gmt":"2023-08-10T18:38:51","guid":{"rendered":"https:\/\/pos.uel.br\/saudecoletiva\/?page_id=1433"},"modified":"2024-07-04T17:47:03","modified_gmt":"2024-07-04T20:47:03","slug":"selecao-turmas-2024","status":"publish","type":"page","link":"https:\/\/pos.uel.br\/saudecoletiva\/selecao-turmas-2024\/","title":{"rendered":"Sele\u00e7\u00e3o turmas 2024"},"content":{"rendered":"\n<p><strong>Sele\u00e7\u00e3o de aluno especial<\/strong> (2o semestre 2024)<\/p>\n\n\n\n<div class=\"wp-block-file\"><a id=\"wp-block-file--media-3c0e3027-db66-4e20-b7e7-1ad72300cebd\" href=\"https:\/\/pos.uel.br\/saudecoletiva\/wp-content\/uploads\/2024\/07\/Edital-09_2024-Aluno-especial.pdf\">Edital-09_2024-Aluno-especial<\/a><a href=\"https:\/\/pos.uel.br\/saudecoletiva\/wp-content\/uploads\/2024\/07\/Edital-09_2024-Aluno-especial.pdf\" class=\"wp-block-file__button wp-element-button\" download aria-describedby=\"wp-block-file--media-3c0e3027-db66-4e20-b7e7-1ad72300cebd\">Baixar<\/a><\/div>\n\n\n\n<p><strong>Modelos de curr\u00edculo<\/strong><\/p>\n\n\n\n<p>Mestrado <\/p>\n\n\n\n<div class=\"wp-block-file\"><a id=\"wp-block-file--media-ad66ab3a-76c6-4f08-9384-b2b40e934228\" href=\"https:\/\/pos.uel.br\/saudecoletiva\/wp-content\/uploads\/2023\/08\/Curri\u0301culo-Modelo-MESTRADO-2024.docx\">Curri\u0301culo-Modelo-MESTRADO-2024<\/a><a href=\"https:\/\/pos.uel.br\/saudecoletiva\/wp-content\/uploads\/2023\/08\/Curri\u0301culo-Modelo-MESTRADO-2024.docx\" class=\"wp-block-file__button wp-element-button\" download aria-describedby=\"wp-block-file--media-ad66ab3a-76c6-4f08-9384-b2b40e934228\">Baixar<\/a><\/div>\n\n\n\n<p>Doutorado<\/p>\n\n\n\n<div class=\"wp-block-file\"><a id=\"wp-block-file--media-79bb80ef-1bfb-4561-861b-4bebcfc937e5\" href=\"https:\/\/pos.uel.br\/saudecoletiva\/wp-content\/uploads\/2023\/08\/CURRI\u0301CULO_DOUTORADO_SC-_2024.docx\">CURRI\u0301CULO_DOUTORADO_SC-_2024<\/a><a href=\"https:\/\/pos.uel.br\/saudecoletiva\/wp-content\/uploads\/2023\/08\/CURRI\u0301CULO_DOUTORADO_SC-_2024.docx\" class=\"wp-block-file__button wp-element-button\" download aria-describedby=\"wp-block-file--media-79bb80ef-1bfb-4561-861b-4bebcfc937e5\">Baixar<\/a><\/div>\n\n\n\n<p><strong>Para solicitar isen\u00e7\u00e3o da taxa de inscri\u00e7\u00e3o pelo Cad\u00daNICO  <\/strong><a href=\"http:\/\/www.uel.br\/eventos\/insc\/?id=8526\">clique aqui<\/a><\/p>\n\n\n\n<p><strong>Editais<\/strong><\/p>\n\n\n\n<p>01.09\/2023 &#8211; Acesse os editais nos links abaixo:<\/p>\n\n\n\n<div class=\"wp-block-file\"><a id=\"wp-block-file--media-e0641829-69bd-4833-9ee3-ad6f05b8fd91\" href=\"https:\/\/pos.uel.br\/saudecoletiva\/wp-content\/uploads\/2023\/09\/Edital-mestrado2024.pdf\">Edital-mestrado2024<\/a><a href=\"https:\/\/pos.uel.br\/saudecoletiva\/wp-content\/uploads\/2023\/09\/Edital-mestrado2024.pdf\" class=\"wp-block-file__button wp-element-button\" download aria-describedby=\"wp-block-file--media-e0641829-69bd-4833-9ee3-ad6f05b8fd91\">Baixar<\/a><\/div>\n\n\n\n<div class=\"wp-block-file\"><a id=\"wp-block-file--media-c71638d8-d4ae-4eb2-9ce8-15490c37d754\" href=\"https:\/\/pos.uel.br\/saudecoletiva\/wp-content\/uploads\/2023\/09\/Edital-doutorado2024.pdf\"><br>Edital-doutorado2024<\/a><a href=\"https:\/\/pos.uel.br\/saudecoletiva\/wp-content\/uploads\/2023\/09\/Edital-doutorado2024.pdf\" class=\"wp-block-file__button wp-element-button\" download aria-describedby=\"wp-block-file--media-c71638d8-d4ae-4eb2-9ce8-15490c37d754\">Baixar<\/a><\/div>\n\n\n\n<p><\/p>\n\n\n\n<p>13.09.2023 &#8211; Edital de deferimento dos pedidos de isen\u00e7\u00e3o da taxa de inscri\u00e7\u00e3o <a href=\"https:\/\/pos.uel.br\/saudecoletiva\/wp-content\/uploads\/2023\/09\/Edital-06.2023.pdf\" data-type=\"link\" data-id=\"https:\/\/pos.uel.br\/saudecoletiva\/wp-content\/uploads\/2023\/09\/Edital-06.2023.pdf\">clique aqui<\/a><\/p>\n\n\n\n<p>14.09.2023 &#8211; Edital de retifica\u00e7\u00e3o dos editais 04 e 05\/2023 referente \u00e0s datas das entrevistas realizadas pela Comiss\u00e3o de Heteroidentifica\u00e7\u00e3o <a href=\"https:\/\/pos.uel.br\/saudecoletiva\/wp-content\/uploads\/2023\/09\/Edital07.2023retificac%CC%A7a%CC%83o.pdf\" data-type=\"link\" data-id=\"https:\/\/pos.uel.br\/saudecoletiva\/wp-content\/uploads\/2023\/09\/Edital07.2023retificac%CC%A7a%CC%83o.pdf\">clique aqui<\/a><\/p>\n\n\n\n<p>20.09.2023 &#8211; Rela\u00e7\u00e3o de refer\u00eancias para apoiar na prova de sa\u00fade coletiva<\/p>\n\n\n\n<div class=\"wp-block-file\"><a id=\"wp-block-file--media-a45426ed-73d5-4d32-a1b2-73202ea095d9\" href=\"https:\/\/pos.uel.br\/saudecoletiva\/wp-content\/uploads\/2023\/09\/INDICAC\u0327O\u0303ES-DE-REFERENCIAS.pdf\">INDICAC\u0327O\u0303ES-DE-REFERENCIAS<\/a><a href=\"https:\/\/pos.uel.br\/saudecoletiva\/wp-content\/uploads\/2023\/09\/INDICAC\u0327O\u0303ES-DE-REFERENCIAS.pdf\" class=\"wp-block-file__button wp-element-button\" download aria-describedby=\"wp-block-file--media-a45426ed-73d5-4d32-a1b2-73202ea095d9\">Baixar<\/a><\/div>\n\n\n\n<p>27.09.2023 &#8211; Edital de retifica\u00e7\u00e3o do edital 05\/2023 referente aos documentos de inscri\u00e7\u00e3o e matr\u00edcula <a href=\"https:\/\/pos.uel.br\/saudecoletiva\/wp-content\/uploads\/2023\/09\/Edital08.2023retificac%CC%A7a%CC%83o.pdf\" data-type=\"link\" data-id=\"https:\/\/pos.uel.br\/saudecoletiva\/wp-content\/uploads\/2023\/09\/Edital08.2023retificac%CC%A7a%CC%83o.pdf\">clique aqui<\/a><\/p>\n\n\n\n<p>17.11.2023 &#8211; Edital 10\/2023 &#8211; resultado das inscri\u00e7\u00f5es homologadas mestrado c<a href=\"https:\/\/pos.uel.br\/saudecoletiva\/wp-content\/uploads\/2023\/11\/Edital-10.2023-Homologac%CC%A7a%CC%83o-mestrado-.pdf\">lique aqui<\/a><\/p>\n\n\n\n<p>17.11.2023 &#8211; Edital 11\/2023 &#8211; resultado das inscri\u00e7\u00f5es homologadas doutorado <a href=\"https:\/\/pos.uel.br\/saudecoletiva\/wp-content\/uploads\/2023\/11\/Edital-11.2023-Homologac%CC%A7a%CC%83o-doutorado-.pdf\">clique aqui<\/a><\/p>\n\n\n\n<p>17.11.2023 &#8211; Edital 12\/2023 &#8211; resultado das a\u00e7\u00f5es afirmativas <a href=\"https:\/\/pos.uel.br\/saudecoletiva\/wp-content\/uploads\/2023\/11\/EDITAL12.2023.pdf\">clique aqui<\/a><\/p>\n\n\n\n<p>21.11.2023 &#8211; Edital 13\/2023 &#8211; Retifica os editais 04\/2023 e 05\/2023 nos itens referente \u00e0 composi\u00e7\u00e3o das comiss\u00f5es de avalia\u00e7\u00e3o <a href=\"https:\/\/pos.uel.br\/saudecoletiva\/wp-content\/uploads\/2023\/11\/Edital.13.2023.pdf\">clique aqui<\/a><\/p>\n\n\n\n<p>27.11.2023 &#8211; Edital 14\/2023 &#8211; Resultado dos aprovados para a segunda etapa do processo de sele\u00e7\u00e3o e cronograma de entrevistas (mestrado) <a href=\"https:\/\/pos.uel.br\/saudecoletiva\/wp-content\/uploads\/2023\/11\/Edital14.2023.pdf\">clique aqui<\/a><\/p>\n\n\n\n<p>27.11.2023 &#8211; Edital 15\/2023 &#8211; Resultado dos aprovados para a segunda etapa do processo de sele\u00e7\u00e3o e cronograma de entrevistas (doutorado) <a href=\"https:\/\/pos.uel.br\/saudecoletiva\/wp-content\/uploads\/2023\/11\/Edital15.2023.pdf\">clique aqui<\/a><\/p>\n\n\n\n<p>29.11.2023 &#8211; Edital 16\/2023 &#8211; Resultado do recurso da primeira etapa do processo de sele\u00e7\u00e3o (mestrado) <a href=\"https:\/\/pos.uel.br\/saudecoletiva\/wp-content\/uploads\/2023\/11\/EDITAL16.2023.pdf\">clique aqui<\/a><\/p>\n\n\n\n<p>11.12.2023 &#8211; Edital 18\/2023 &#8211; Divulga\u00e7\u00e3o de resultado e convoca\u00e7\u00e3o para matr\u00edcula <a href=\"https:\/\/pos.uel.br\/saudecoletiva\/wp-content\/uploads\/2023\/12\/Edital182023.pdf\">clique aqui<\/a><\/p>\n\n\n\n<p><\/p>\n","protected":false},"excerpt":{"rendered":"<p>Sele\u00e7\u00e3o de aluno especial (2o semestre 2024) Modelos de curr\u00edculo Mestrado Doutorado Para solicitar isen\u00e7\u00e3o da taxa de inscri\u00e7\u00e3o pelo Cad\u00daNICO clique aqui Editais 01.09\/2023 &#8211; Acesse os editais nos links abaixo: 13.09.2023 &#8211; Edital de deferimento dos pedidos de isen\u00e7\u00e3o da taxa de inscri\u00e7\u00e3o clique aqui 14.09.2023 &#8211; Edital de retifica\u00e7\u00e3o dos editais 04 [&hellip;]<\/p>\n","protected":false},"author":8,"featured_media":0,"parent":0,"menu_order":0,"comment_status":"closed","ping_status":"closed","template":"","meta":{"footnotes":""},"class_list":["post-1433","page","type-page","status-publish","hentry"],"acf":[],"_links":{"self":[{"href":"https:\/\/pos.uel.br\/saudecoletiva\/wp-json\/wp\/v2\/pages\/1433","targetHints":{"allow":["GET"]}}],"collection":[{"href":"https:\/\/pos.uel.br\/saudecoletiva\/wp-json\/wp\/v2\/pages"}],"about":[{"href":"https:\/\/pos.uel.br\/saudecoletiva\/wp-json\/wp\/v2\/types\/page"}],"author":[{"embeddable":true,"href":"https:\/\/pos.uel.br\/saudecoletiva\/wp-json\/wp\/v2\/users\/8"}],"replies":[{"embeddable":true,"href":"https:\/\/pos.uel.br\/saudecoletiva\/wp-json\/wp\/v2\/comments?post=1433"}],"version-history":[{"count":15,"href":"https:\/\/pos.uel.br\/saudecoletiva\/wp-json\/wp\/v2\/pages\/1433\/revisions"}],"predecessor-version":[{"id":1728,"href":"https:\/\/pos.uel.br\/saudecoletiva\/wp-json\/wp\/v2\/pages\/1433\/revisions\/1728"}],"wp:attachment":[{"href":"https:\/\/pos.uel.br\/saudecoletiva\/wp-json\/wp\/v2\/media?parent=1433"}],"curies":[{"name":"wp","href":"https:\/\/api.w.org\/{rel}","templated":true}]}}

Seleção turmas 2024

<p><strong>Seleção de aluno especial</strong> (2o semestre 2024)</p>



<div class="wp-block-file"><a id="wp-block-file--media-3c0e3027-db66-4e20-b7e7-1ad72300cebd" href="https://pos.uel.br/saudecoletiva/wp-content/uploads/2024/07/Edital-09_2024-Aluno-especial.pdf">Edital-09_2024-Aluno-especial</a><a href="https://pos.uel.br/saudecoletiva/wp-content/uploads/2024/07/Edital-09_2024-Aluno-especial.pdf" class="wp-block-file__button wp-element-button" download aria-describedby="wp-block-file--media-3c0e3027-db66-4e20-b7e7-1ad72300cebd">Baixar</a></div>



<p><strong>Modelos de currículo</strong></p>



<p>Mestrado </p>



<div class="wp-block-file"><a id="wp-block-file--media-ad66ab3a-76c6-4f08-9384-b2b40e934228" href="https://pos.uel.br/saudecoletiva/wp-content/uploads/2023/08/Currículo-Modelo-MESTRADO-2024.docx">Currículo-Modelo-MESTRADO-2024</a><a href="https://pos.uel.br/saudecoletiva/wp-content/uploads/2023/08/Currículo-Modelo-MESTRADO-2024.docx" class="wp-block-file__button wp-element-button" download aria-describedby="wp-block-file--media-ad66ab3a-76c6-4f08-9384-b2b40e934228">Baixar</a></div>



<p>Doutorado</p>



<div class="wp-block-file"><a id="wp-block-file--media-79bb80ef-1bfb-4561-861b-4bebcfc937e5" href="https://pos.uel.br/saudecoletiva/wp-content/uploads/2023/08/CURRÍCULO_DOUTORADO_SC-_2024.docx">CURRÍCULO_DOUTORADO_SC-_2024</a><a href="https://pos.uel.br/saudecoletiva/wp-content/uploads/2023/08/CURRÍCULO_DOUTORADO_SC-_2024.docx" class="wp-block-file__button wp-element-button" download aria-describedby="wp-block-file--media-79bb80ef-1bfb-4561-861b-4bebcfc937e5">Baixar</a></div>



<p><strong>Para solicitar isenção da taxa de inscrição pelo CadÚNICO  </strong><a href="http://www.uel.br/eventos/insc/?id=8526">clique aqui</a></p>



<p><strong>Editais</strong></p>



<p>01.09/2023 &#8211; Acesse os editais nos links abaixo:</p>



<div class="wp-block-file"><a id="wp-block-file--media-e0641829-69bd-4833-9ee3-ad6f05b8fd91" href="https://pos.uel.br/saudecoletiva/wp-content/uploads/2023/09/Edital-mestrado2024.pdf">Edital-mestrado2024</a><a href="https://pos.uel.br/saudecoletiva/wp-content/uploads/2023/09/Edital-mestrado2024.pdf" class="wp-block-file__button wp-element-button" download aria-describedby="wp-block-file--media-e0641829-69bd-4833-9ee3-ad6f05b8fd91">Baixar</a></div>



<div class="wp-block-file"><a id="wp-block-file--media-c71638d8-d4ae-4eb2-9ce8-15490c37d754" href="https://pos.uel.br/saudecoletiva/wp-content/uploads/2023/09/Edital-doutorado2024.pdf"><br>Edital-doutorado2024</a><a href="https://pos.uel.br/saudecoletiva/wp-content/uploads/2023/09/Edital-doutorado2024.pdf" class="wp-block-file__button wp-element-button" download aria-describedby="wp-block-file--media-c71638d8-d4ae-4eb2-9ce8-15490c37d754">Baixar</a></div>



<p></p>



<p>13.09.2023 &#8211; Edital de deferimento dos pedidos de isenção da taxa de inscrição <a href="https://pos.uel.br/saudecoletiva/wp-content/uploads/2023/09/Edital-06.2023.pdf" data-type="link" data-id="https://pos.uel.br/saudecoletiva/wp-content/uploads/2023/09/Edital-06.2023.pdf">clique aqui</a></p>



<p>14.09.2023 &#8211; Edital de retificação dos editais 04 e 05/2023 referente às datas das entrevistas realizadas pela Comissão de Heteroidentificação <a href="https://pos.uel.br/saudecoletiva/wp-content/uploads/2023/09/Edital07.2023retificac%CC%A7a%CC%83o.pdf" data-type="link" data-id="https://pos.uel.br/saudecoletiva/wp-content/uploads/2023/09/Edital07.2023retificac%CC%A7a%CC%83o.pdf">clique aqui</a></p>



<p>20.09.2023 &#8211; Relação de referências para apoiar na prova de saúde coletiva</p>



<div class="wp-block-file"><a id="wp-block-file--media-a45426ed-73d5-4d32-a1b2-73202ea095d9" href="https://pos.uel.br/saudecoletiva/wp-content/uploads/2023/09/INDICAÇÕES-DE-REFERENCIAS.pdf">INDICAÇÕES-DE-REFERENCIAS</a><a href="https://pos.uel.br/saudecoletiva/wp-content/uploads/2023/09/INDICAÇÕES-DE-REFERENCIAS.pdf" class="wp-block-file__button wp-element-button" download aria-describedby="wp-block-file--media-a45426ed-73d5-4d32-a1b2-73202ea095d9">Baixar</a></div>



<p>27.09.2023 &#8211; Edital de retificação do edital 05/2023 referente aos documentos de inscrição e matrícula <a href="https://pos.uel.br/saudecoletiva/wp-content/uploads/2023/09/Edital08.2023retificac%CC%A7a%CC%83o.pdf" data-type="link" data-id="https://pos.uel.br/saudecoletiva/wp-content/uploads/2023/09/Edital08.2023retificac%CC%A7a%CC%83o.pdf">clique aqui</a></p>



<p>17.11.2023 &#8211; Edital 10/2023 &#8211; resultado das inscrições homologadas mestrado c<a href="https://pos.uel.br/saudecoletiva/wp-content/uploads/2023/11/Edital-10.2023-Homologac%CC%A7a%CC%83o-mestrado-.pdf">lique aqui</a></p>



<p>17.11.2023 &#8211; Edital 11/2023 &#8211; resultado das inscrições homologadas doutorado <a href="https://pos.uel.br/saudecoletiva/wp-content/uploads/2023/11/Edital-11.2023-Homologac%CC%A7a%CC%83o-doutorado-.pdf">clique aqui</a></p>



<p>17.11.2023 &#8211; Edital 12/2023 &#8211; resultado das ações afirmativas <a href="https://pos.uel.br/saudecoletiva/wp-content/uploads/2023/11/EDITAL12.2023.pdf">clique aqui</a></p>



<p>21.11.2023 &#8211; Edital 13/2023 &#8211; Retifica os editais 04/2023 e 05/2023 nos itens referente à composição das comissões de avaliação <a href="https://pos.uel.br/saudecoletiva/wp-content/uploads/2023/11/Edital.13.2023.pdf">clique aqui</a></p>



<p>27.11.2023 &#8211; Edital 14/2023 &#8211; Resultado dos aprovados para a segunda etapa do processo de seleção e cronograma de entrevistas (mestrado) <a href="https://pos.uel.br/saudecoletiva/wp-content/uploads/2023/11/Edital14.2023.pdf">clique aqui</a></p>



<p>27.11.2023 &#8211; Edital 15/2023 &#8211; Resultado dos aprovados para a segunda etapa do processo de seleção e cronograma de entrevistas (doutorado) <a href="https://pos.uel.br/saudecoletiva/wp-content/uploads/2023/11/Edital15.2023.pdf">clique aqui</a></p>



<p>29.11.2023 &#8211; Edital 16/2023 &#8211; Resultado do recurso da primeira etapa do processo de seleção (mestrado) <a href="https://pos.uel.br/saudecoletiva/wp-content/uploads/2023/11/EDITAL16.2023.pdf">clique aqui</a></p>



<p>11.12.2023 &#8211; Edital 18/2023 &#8211; Divulgação de resultado e convocação para matrícula <a href="https://pos.uel.br/saudecoletiva/wp-content/uploads/2023/12/Edital182023.pdf">clique aqui</a></p>



<p></p>

<p>Seleção de aluno especial (2o semestre 2024) Modelos de currículo Mestrado Doutorado Para solicitar isenção da taxa de inscrição pelo CadÚNICO clique aqui Editais 01.09/2023 &#8211; Acesse os editais nos links abaixo: 13.09.2023 &#8211; Edital de deferimento dos pedidos de isenção da taxa de inscrição clique aqui 14.09.2023 &#8211; Edital de retificação dos editais 04 [&hellip;]</p>
