{"id":10,"date":"2021-04-29T11:13:23","date_gmt":"2021-04-29T14:13:23","guid":{"rendered":"https:\/\/pos.uel.br\/saudecoletiva\/?page_id=10"},"modified":"2022-09-15T14:42:28","modified_gmt":"2022-09-15T17:42:28","slug":"linhas-de-pesquisa","status":"publish","type":"page","link":"https:\/\/pos.uel.br\/saudecoletiva\/linhas-de-pesquisa\/","title":{"rendered":"Linhas de pesquisa"},"content":{"rendered":"\n<figure class=\"wp-block-table is-style-stripes\"><table><tbody><tr><td class=\"has-text-align-center\" data-align=\"center\"><span class=\"has-inline-color has-extra-1-color\"><strong>LINHA DE PESQUISA<\/strong>&nbsp;<\/span><\/td><td class=\"has-text-align-center\" data-align=\"center\"><strong><span class=\"has-inline-color has-primary-accent-color\">&nbsp;OBJETIVO<\/span><\/strong><\/td><\/tr><tr><td class=\"has-text-align-center\" data-align=\"center\"><strong>1. An\u00e1lise das condi\u00e7\u00f5es de vida e sa\u00fade de grupos populacionais.<\/strong><\/td><td class=\"has-text-align-center\" data-align=\"center\">Identificar padr\u00f5es do estado sa\u00fade-doen\u00e7a e de agravos decorrentes de causas externas em grupos populacionais espec\u00edficos, bem como analisar seus poss\u00edveis determinantes, especialmente os que se relacionam \u00e0s condi\u00e7\u00f5es de vida, ambiente e trabalho, com vistas a subsidiar a formula\u00e7\u00e3o de pol\u00edticas p\u00fablicas e a\u00e7\u00f5es que contribuam para a melhoria da qualidade de vida e de sa\u00fade.<\/td><\/tr><tr><td class=\"has-text-align-center\" data-align=\"center\">Docentes mais atuantes na linha 1<\/td><td class=\"has-text-align-center\" data-align=\"center\">Arthur Eumann Mesas, Camilo Molino Guidoni, Edmarlon Girotto, Marcos Aparecido Sarria Cabrera, Mathias Roberto Loch, Selma Maffei de Andrade, Paulo Henrique de Ara\u00fajo Guerra e Renne Rodrigues<\/td><\/tr><tr><td class=\"has-text-align-center\" data-align=\"center\"><strong>2. Avalia\u00e7\u00e3o, gest\u00e3o do trabalho e educa\u00e7\u00e3o em sa\u00fade.<\/strong><\/td><td class=\"has-text-align-center\" data-align=\"center\">Contribuir para melhor estrutura\u00e7\u00e3o e funcionamento de servi\u00e7os e programas de sa\u00fade, por meio de an\u00e1lises de programas, servi\u00e7os e pr\u00e1ticas relacionadas a gest\u00e3o do trabalho, educa\u00e7\u00e3o permanente de profissionais no servi\u00e7o e a forma\u00e7\u00e3o dos novos profissionais de sa\u00fade nas institui\u00e7\u00f5es de ensino.<\/td><\/tr><tr><td class=\"has-text-align-center\" data-align=\"center\">Docentes mais atuantes na linha 2<\/td><td class=\"has-text-align-center\" data-align=\"center\">Brigida Gimenez Carvalho, Fernanda de Freitas Mendon\u00e7a, Maira Sayuri Sakay Bortoletto, Alberto Dur\u00e1n Gonz\u00e1lez, Marselle Nobre de Carvalho, Regina Melchior e Jo\u00e3o Felipe Marques da Silva<\/td><\/tr><\/tbody><\/table><\/figure>\n\n\n\n<p><\/p>\n","protected":false},"excerpt":{"rendered":"<p>LINHA DE PESQUISA&nbsp; &nbsp;OBJETIVO 1. An\u00e1lise das condi\u00e7\u00f5es de vida e sa\u00fade de grupos populacionais. Identificar padr\u00f5es do estado sa\u00fade-doen\u00e7a e de agravos decorrentes de causas externas em grupos populacionais espec\u00edficos, bem como analisar seus poss\u00edveis determinantes, especialmente os que se relacionam \u00e0s condi\u00e7\u00f5es de vida, ambiente e trabalho, com vistas a subsidiar a formula\u00e7\u00e3o [&hellip;]<\/p>\n","protected":false},"author":7,"featured_media":0,"parent":0,"menu_order":0,"comment_status":"closed","ping_status":"closed","template":"","meta":{"footnotes":""},"class_list":["post-10","page","type-page","status-publish","hentry"],"acf":[],"_links":{"self":[{"href":"https:\/\/pos.uel.br\/saudecoletiva\/wp-json\/wp\/v2\/pages\/10","targetHints":{"allow":["GET"]}}],"collection":[{"href":"https:\/\/pos.uel.br\/saudecoletiva\/wp-json\/wp\/v2\/pages"}],"about":[{"href":"https:\/\/pos.uel.br\/saudecoletiva\/wp-json\/wp\/v2\/types\/page"}],"author":[{"embeddable":true,"href":"https:\/\/pos.uel.br\/saudecoletiva\/wp-json\/wp\/v2\/users\/7"}],"replies":[{"embeddable":true,"href":"https:\/\/pos.uel.br\/saudecoletiva\/wp-json\/wp\/v2\/comments?post=10"}],"version-history":[{"count":3,"href":"https:\/\/pos.uel.br\/saudecoletiva\/wp-json\/wp\/v2\/pages\/10\/revisions"}],"predecessor-version":[{"id":1209,"href":"https:\/\/pos.uel.br\/saudecoletiva\/wp-json\/wp\/v2\/pages\/10\/revisions\/1209"}],"wp:attachment":[{"href":"https:\/\/pos.uel.br\/saudecoletiva\/wp-json\/wp\/v2\/media?parent=10"}],"curies":[{"name":"wp","href":"https:\/\/api.w.org\/{rel}","templated":true}]}}

<figure class="wp-block-table is-style-stripes"><table><tbody><tr><td class="has-text-align-center" data-align="center"><span class="has-inline-color has-extra-1-color"><strong>LINHA DE PESQUISA</strong>&nbsp;</span></td><td class="has-text-align-center" data-align="center"><strong><span class="has-inline-color has-primary-accent-color">&nbsp;OBJETIVO</span></strong></td></tr><tr><td class="has-text-align-center" data-align="center"><strong>1. Análise das condições de vida e saúde de grupos populacionais.</strong></td><td class="has-text-align-center" data-align="center">Identificar padrões do estado saúde-doença e de agravos decorrentes de causas externas em grupos populacionais específicos, bem como analisar seus possíveis determinantes, especialmente os que se relacionam às condições de vida, ambiente e trabalho, com vistas a subsidiar a formulação de políticas públicas e ações que contribuam para a melhoria da qualidade de vida e de saúde.</td></tr><tr><td class="has-text-align-center" data-align="center">Docentes mais atuantes na linha 1</td><td class="has-text-align-center" data-align="center">Arthur Eumann Mesas, Camilo Molino Guidoni, Edmarlon Girotto, Marcos Aparecido Sarria Cabrera, Mathias Roberto Loch, Selma Maffei de Andrade, Paulo Henrique de Araújo Guerra e Renne Rodrigues</td></tr><tr><td class="has-text-align-center" data-align="center"><strong>2. Avaliação, gestão do trabalho e educação em saúde.</strong></td><td class="has-text-align-center" data-align="center">Contribuir para melhor estruturação e funcionamento de serviços e programas de saúde, por meio de análises de programas, serviços e práticas relacionadas a gestão do trabalho, educação permanente de profissionais no serviço e a formação dos novos profissionais de saúde nas instituições de ensino.</td></tr><tr><td class="has-text-align-center" data-align="center">Docentes mais atuantes na linha 2</td><td class="has-text-align-center" data-align="center">Brigida Gimenez Carvalho, Fernanda de Freitas Mendonça, Maira Sayuri Sakay Bortoletto, Alberto Durán González, Marselle Nobre de Carvalho, Regina Melchior e João Felipe Marques da Silva</td></tr></tbody></table></figure>



<p></p>

<p>LINHA DE PESQUISA&nbsp; &nbsp;OBJETIVO 1. Análise das condições de vida e saúde de grupos populacionais. Identificar padrões do estado saúde-doença e de agravos decorrentes de causas externas em grupos populacionais específicos, bem como analisar seus possíveis determinantes, especialmente os que se relacionam às condições de vida, ambiente e trabalho, com vistas a subsidiar a formulação [&hellip;]</p>
