{"id":29,"date":"2025-02-27T16:38:37","date_gmt":"2025-02-27T19:38:37","guid":{"rendered":"https:\/\/pos.uel.br\/recursoshumanos\/?page_id=29"},"modified":"2025-03-13T16:15:55","modified_gmt":"2025-03-13T19:15:55","slug":"contatos","status":"publish","type":"page","link":"https:\/\/pos.uel.br\/recursoshumanos\/contatos\/","title":{"rendered":"Contatos"},"content":{"rendered":"\n<p><strong>Secretaria de P\u00f3s-Gradua\u00e7\u00e3o<\/strong><\/p>\n\n\n\n<p>e-mail:\u00a0cesapos@uel.br<br>Fones: (43) 3371-4315 \/ 3371-4375<br>Hor\u00e1rios de Atendimento:\u00a0<strong>8h \u00e0s 11h30 e das 14h \u00e0s 17h30<\/strong>\u00a0&#8211; de segunda a quinta-feira<\/p>\n\n\n\n<div class=\"wp-block-columns is-layout-flex wp-container-core-columns-is-layout-9d6595d7 wp-block-columns-is-layout-flex\">\n<div class=\"wp-block-column is-layout-flow wp-block-column-is-layout-flow\"><\/div>\n<\/div>\n\n\n\n<p><strong>Coordena\u00e7\u00e3o<\/strong><\/p>\n\n\n\n<p>Luciano Munck <br>e-mail: munck@uel.br<\/p>\n\n\n\n<div class=\"wp-block-columns is-layout-flex wp-container-core-columns-is-layout-9d6595d7 wp-block-columns-is-layout-flex\">\n<div class=\"wp-block-column is-layout-flow wp-block-column-is-layout-flow\"><\/div>\n<\/div>\n\n\n\n<p><strong>PROPPG &#8211; Pr\u00f3-Reitoria de Pesquisa e P\u00f3s-gradua\u00e7\u00e3o<\/strong><\/p>\n\n\n\n<p>E-mail: atendimentoproppg@uel.br; proppg@uel.br;\u00a0<br>Fone: (43) 3371-4780 (atendimento)<\/p>\n\n\n\n<p><\/p>\n","protected":false},"excerpt":{"rendered":"<p>Secretaria de P\u00f3s-Gradua\u00e7\u00e3o e-mail:\u00a0cesapos@uel.brFones: (43) 3371-4315 \/ 3371-4375Hor\u00e1rios de Atendimento:\u00a08h \u00e0s 11h30 e das 14h \u00e0s 17h30\u00a0&#8211; de segunda a quinta-feira Coordena\u00e7\u00e3o Luciano Munck e-mail: munck@uel.br PROPPG &#8211; Pr\u00f3-Reitoria de Pesquisa e P\u00f3s-gradua\u00e7\u00e3o E-mail: atendimentoproppg@uel.br; proppg@uel.br;\u00a0Fone: (43) 3371-4780 (atendimento)<\/p>\n","protected":false},"author":8,"featured_media":0,"parent":0,"menu_order":0,"comment_status":"closed","ping_status":"closed","template":"","meta":{"_acf_changed":false,"footnotes":""},"class_list":["post-29","page","type-page","status-publish","hentry"],"acf":[],"_links":{"self":[{"href":"https:\/\/pos.uel.br\/recursoshumanos\/wp-json\/wp\/v2\/pages\/29","targetHints":{"allow":["GET"]}}],"collection":[{"href":"https:\/\/pos.uel.br\/recursoshumanos\/wp-json\/wp\/v2\/pages"}],"about":[{"href":"https:\/\/pos.uel.br\/recursoshumanos\/wp-json\/wp\/v2\/types\/page"}],"author":[{"embeddable":true,"href":"https:\/\/pos.uel.br\/recursoshumanos\/wp-json\/wp\/v2\/users\/8"}],"replies":[{"embeddable":true,"href":"https:\/\/pos.uel.br\/recursoshumanos\/wp-json\/wp\/v2\/comments?post=29"}],"version-history":[{"count":10,"href":"https:\/\/pos.uel.br\/recursoshumanos\/wp-json\/wp\/v2\/pages\/29\/revisions"}],"predecessor-version":[{"id":112,"href":"https:\/\/pos.uel.br\/recursoshumanos\/wp-json\/wp\/v2\/pages\/29\/revisions\/112"}],"wp:attachment":[{"href":"https:\/\/pos.uel.br\/recursoshumanos\/wp-json\/wp\/v2\/media?parent=29"}],"curies":[{"name":"wp","href":"https:\/\/api.w.org\/{rel}","templated":true}]}}