{"id":131,"date":"2025-03-31T15:21:49","date_gmt":"2025-03-31T18:21:49","guid":{"rendered":"https:\/\/pos.uel.br\/recursoshumanos\/?page_id=131"},"modified":"2025-03-31T16:47:06","modified_gmt":"2025-03-31T19:47:06","slug":"deliberacao","status":"publish","type":"page","link":"https:\/\/pos.uel.br\/recursoshumanos\/deliberacao\/","title":{"rendered":"Delibera\u00e7\u00e3o"},"content":{"rendered":"\n<p>Reestrutura\u00e7\u00e3o do Curso de P\u00f3s-Gradua\u00e7\u00e3o Lato Sensu em Gest\u00e3o Contempor\u00e2nea de Recursos Humanos:<\/p>\n\n\n\n<div data-wp-interactive=\"core\/file\" class=\"wp-block-file\"><object data-wp-bind--hidden=\"!state.hasPdfPreview\" hidden class=\"wp-block-file__embed\" data=\"https:\/\/pos.uel.br\/recursoshumanos\/wp-content\/uploads\/2025\/03\/Delib_021_2010.pdf\" type=\"application\/pdf\" style=\"width:100%;height:600px\" aria-label=\"Incorporado de Delib_021_2010.\"><\/object><a id=\"wp-block-file--media-90b7ebe0-dfd3-4511-8f14-56c0b60d5116\" href=\"https:\/\/pos.uel.br\/recursoshumanos\/wp-content\/uploads\/2025\/03\/Delib_021_2010.pdf\">Delib_021_2010<\/a><a href=\"https:\/\/pos.uel.br\/recursoshumanos\/wp-content\/uploads\/2025\/03\/Delib_021_2010.pdf\" class=\"wp-block-file__button wp-element-button\" download aria-describedby=\"wp-block-file--media-90b7ebe0-dfd3-4511-8f14-56c0b60d5116\">Baixar<\/a><\/div>\n","protected":false},"excerpt":{"rendered":"<p>Reestrutura\u00e7\u00e3o do Curso de P\u00f3s-Gradua\u00e7\u00e3o Lato Sensu em Gest\u00e3o Contempor\u00e2nea de Recursos Humanos:<\/p>\n","protected":false},"author":8,"featured_media":0,"parent":0,"menu_order":0,"comment_status":"closed","ping_status":"closed","template":"","meta":{"_acf_changed":false,"footnotes":""},"class_list":["post-131","page","type-page","status-publish","hentry"],"acf":[],"_links":{"self":[{"href":"https:\/\/pos.uel.br\/recursoshumanos\/wp-json\/wp\/v2\/pages\/131","targetHints":{"allow":["GET"]}}],"collection":[{"href":"https:\/\/pos.uel.br\/recursoshumanos\/wp-json\/wp\/v2\/pages"}],"about":[{"href":"https:\/\/pos.uel.br\/recursoshumanos\/wp-json\/wp\/v2\/types\/page"}],"author":[{"embeddable":true,"href":"https:\/\/pos.uel.br\/recursoshumanos\/wp-json\/wp\/v2\/users\/8"}],"replies":[{"embeddable":true,"href":"https:\/\/pos.uel.br\/recursoshumanos\/wp-json\/wp\/v2\/comments?post=131"}],"version-history":[{"count":2,"href":"https:\/\/pos.uel.br\/recursoshumanos\/wp-json\/wp\/v2\/pages\/131\/revisions"}],"predecessor-version":[{"id":138,"href":"https:\/\/pos.uel.br\/recursoshumanos\/wp-json\/wp\/v2\/pages\/131\/revisions\/138"}],"wp:attachment":[{"href":"https:\/\/pos.uel.br\/recursoshumanos\/wp-json\/wp\/v2\/media?parent=131"}],"curies":[{"name":"wp","href":"https:\/\/api.w.org\/{rel}","templated":true}]}}