{"id":699,"date":"2025-07-14T12:18:59","date_gmt":"2025-07-14T15:18:59","guid":{"rendered":"https:\/\/pos.uel.br\/quimica\/?page_id=699"},"modified":"2025-08-06T15:01:58","modified_gmt":"2025-08-06T18:01:58","slug":"habilitacao-docente","status":"publish","type":"page","link":"https:\/\/pos.uel.br\/quimica\/habilitacao-docente\/","title":{"rendered":"Habilita\u00e7\u00e3o docente"},"content":{"rendered":"\n<p><\/p>\n\n\n\n<p>Os professores do Programa de P\u00f3s-Gradua\u00e7\u00e3o em Qu\u00edmica da UEL s\u00e3o credenciados (Resolu\u00e7\u00e3o 001\/2024) para atuar como orientadores. Para orientar no programa o docente precisa passar por uma habilita\u00e7\u00e3o anual, sendo que os docentes devem comprovar produ\u00e7\u00e3o cient\u00edfica relevante, esta  avalia\u00e7\u00e3o peri\u00f3dica garante que nossos orientadores mantenham um alto padr\u00e3o de excel\u00eancia acad\u00eamica, assegurando uma forma\u00e7\u00e3o qualificada aos discentes.<\/p>\n\n\n\n<p>Para habilita\u00e7\u00e3o como orientador em 2026 o docente deve se inscrever de acordo com o Edital 16\/2024.<\/p>\n\n\n\n<p><\/p>\n\n\n\n<p><a href=\"https:\/\/pos.uel.br\/quimica\/wp-content\/uploads\/2025\/07\/Edital-016_2024-Habilitac\u0327a\u0303o-para-2026-vfinal-assinado.pdf\" data-type=\"link\" data-id=\"https:\/\/pos.uel.br\/quimica\/wp-content\/uploads\/2025\/07\/Edital-016_2024-Habilitac\u0327a\u0303o-para-2026-vfinal-assinado.pdf\"><strong>EDITAL N\u00ba 16\/2024 \u2013 PPGQ-UEL &#8211;&nbsp;Estabelece normas e procedimentos de Habilita\u00e7\u00e3o de Docentes no Programa de P\u00f3s-Gradua\u00e7\u00e3o em Qu\u00edmica<\/strong><\/a><\/p>\n\n\n\n<p><a href=\"https:\/\/pos.uel.br\/quimica\/wp-content\/uploads\/2025\/07\/Anexo-I_Edital-016-24-Hab_2026.docx\" data-type=\"link\" data-id=\"https:\/\/pos.uel.br\/quimica\/wp-content\/uploads\/2025\/07\/Anexo-I_Edital-016-24-Hab_2026.docx\">Anexo I Edital No. 16\/2024 &#8211;&nbsp;&nbsp;Solicita\u00e7\u00e3o de Habilita\u00e7\u00e3o no PPGQ&nbsp;UEL<\/a><\/p>\n\n\n\n<p><a href=\"https:\/\/pos.uel.br\/quimica\/wp-content\/uploads\/2025\/07\/Anexo-II_Edital-16-24-Hab_2026.xlsx\" data-type=\"link\" data-id=\"https:\/\/pos.uel.br\/quimica\/wp-content\/uploads\/2025\/07\/Anexo-II_Edital-16-24-Hab_2026.xlsx\">Anexo II Edital No. 16\/2024 &#8211;&nbsp;&nbsp;Planilha de c\u00e1lculo para Habilita\u00e7\u00e3o&nbsp;PPGQ&nbsp;UEL<\/a><\/p>\n\n\n\n<p><a href=\"https:\/\/pos.uel.br\/quimica\/wp-content\/uploads\/2025\/07\/Anexo-III-Edital-16_24-Hab_2026-qualis-CAPES-2017_2020.xlsx\" data-type=\"link\" data-id=\"https:\/\/pos.uel.br\/quimica\/wp-content\/uploads\/2025\/07\/Anexo-III-Edital-16_24-Hab_2026-qualis-CAPES-2017_2020.xlsx\">Anexo III Edital No. 16\/2024 &#8211; Planilha Qualis CAPES 2017_2020<\/a><\/p>\n\n\n\n<p><\/p>\n\n\n\n<p><a href=\"https:\/\/pos.uel.br\/quimica\/wp-content\/uploads\/2025\/08\/Edital_10_25_-_Docentes_habilitados_para_2026v2_assinado.pdf\" data-type=\"link\" data-id=\"https:\/\/pos.uel.br\/quimica\/wp-content\/uploads\/2025\/08\/Edital_10_25_-_Docentes_habilitados_para_2026v2_assinado.pdf\"><strong>Edital No.<\/strong> <strong>10\/2025 &#8211; Resultado dos docentes habilitados para orienta\u00e7\u00e3o em 2026<\/strong><\/a><\/p>\n\n\n\n<p><\/p>\n","protected":false},"excerpt":{"rendered":"<p>Os professores do Programa de P\u00f3s-Gradua\u00e7\u00e3o em Qu\u00edmica da UEL s\u00e3o credenciados (Resolu\u00e7\u00e3o 001\/2024) para atuar como orientadores. Para orientar no programa o docente precisa passar por uma habilita\u00e7\u00e3o anual, sendo que os docentes devem comprovar produ\u00e7\u00e3o cient\u00edfica relevante, esta avalia\u00e7\u00e3o peri\u00f3dica garante que nossos orientadores mantenham um alto padr\u00e3o de excel\u00eancia acad\u00eamica, assegurando uma [&hellip;]<\/p>\n","protected":false},"author":12,"featured_media":0,"parent":0,"menu_order":0,"comment_status":"closed","ping_status":"closed","template":"","meta":{"footnotes":""},"class_list":["post-699","page","type-page","status-publish","hentry"],"_links":{"self":[{"href":"https:\/\/pos.uel.br\/quimica\/wp-json\/wp\/v2\/pages\/699","targetHints":{"allow":["GET"]}}],"collection":[{"href":"https:\/\/pos.uel.br\/quimica\/wp-json\/wp\/v2\/pages"}],"about":[{"href":"https:\/\/pos.uel.br\/quimica\/wp-json\/wp\/v2\/types\/page"}],"author":[{"embeddable":true,"href":"https:\/\/pos.uel.br\/quimica\/wp-json\/wp\/v2\/users\/12"}],"replies":[{"embeddable":true,"href":"https:\/\/pos.uel.br\/quimica\/wp-json\/wp\/v2\/comments?post=699"}],"version-history":[{"count":7,"href":"https:\/\/pos.uel.br\/quimica\/wp-json\/wp\/v2\/pages\/699\/revisions"}],"predecessor-version":[{"id":814,"href":"https:\/\/pos.uel.br\/quimica\/wp-json\/wp\/v2\/pages\/699\/revisions\/814"}],"wp:attachment":[{"href":"https:\/\/pos.uel.br\/quimica\/wp-json\/wp\/v2\/media?parent=699"}],"curies":[{"name":"wp","href":"https:\/\/api.w.org\/{rel}","templated":true}]}}