{"id":544,"date":"2025-05-05T22:55:12","date_gmt":"2025-05-06T01:55:12","guid":{"rendered":"https:\/\/pos.uel.br\/quimica\/?page_id=544"},"modified":"2025-12-01T11:03:47","modified_gmt":"2025-12-01T14:03:47","slug":"docentes-linha-de-pesquisa-desenvolvimento-de-metodologias-analiticas-sensores-e-quimiometria","status":"publish","type":"page","link":"https:\/\/pos.uel.br\/quimica\/docentes-linha-de-pesquisa-desenvolvimento-de-metodologias-analiticas-sensores-e-quimiometria\/","title":{"rendered":"Docentes Linha de Pesquisa: Desenvolvimento de Metodologias Anal\u00edticas, Sensores e Quimiometria"},"content":{"rendered":"\n<p>Prof. Dr. C\u00e9sar Ricardo Teixeira Tarley <a href=\"http:\/\/lattes.cnpq.br\/9803419937796467\" data-type=\"link\" data-id=\"http:\/\/lattes.cnpq.br\/9803419937796467\"><img loading=\"lazy\" decoding=\"async\" width=\"712\" height=\"474\" class=\"wp-image-496\" style=\"width: 30px\" src=\"https:\/\/pos.uel.br\/quimica\/wp-content\/uploads\/2025\/05\/LATTES.png\" alt=\"\" srcset=\"https:\/\/pos.uel.br\/quimica\/wp-content\/uploads\/2025\/05\/LATTES.png 712w, https:\/\/pos.uel.br\/quimica\/wp-content\/uploads\/2025\/05\/LATTES-300x200.png 300w\" sizes=\"auto, (max-width: 712px) 100vw, 712px\" \/><\/a>&#8211; <a href=\"https:\/\/orcid.org\/0000-0001-7379-126X\" data-type=\"link\" data-id=\"https:\/\/orcid.org\/0000-0001-7379-126X\"><img loading=\"lazy\" decoding=\"async\" width=\"180\" height=\"168\" class=\"wp-image-495\" style=\"width: 30px\" src=\"https:\/\/pos.uel.br\/quimica\/wp-content\/uploads\/2025\/05\/ORCID.jpeg\" alt=\"\"><\/a>&#8211; <a href=\"https:\/\/www.scopus.com\/authid\/detail.uri?authorId=12760722000\"><img loading=\"lazy\" decoding=\"async\" width=\"204\" height=\"192\" class=\"wp-image-494\" style=\"width: 30px\" src=\"https:\/\/pos.uel.br\/quimica\/wp-content\/uploads\/2025\/05\/SCOPUS.png\" alt=\"\"><\/a> &#8211; <a href=\"https:\/\/scholar.google.com.br\/citations?user=IooIOM0AAAAJ\" data-type=\"link\" data-id=\"https:\/\/scholar.google.com.br\/citations?user=IooIOM0AAAAJ\"><img loading=\"lazy\" decoding=\"async\" width=\"204\" height=\"192\" class=\"wp-image-521\" style=\"width: 30px\" src=\"https:\/\/pos.uel.br\/quimica\/wp-content\/uploads\/2025\/05\/google-scholar.png\" alt=\"\"><\/a> &#8211; e-mail: tarley@uel.br<\/p>\n\n\n\n<p>Profa. Dra. Diana Nara Ribeiro de Sousa <a href=\"https:\/\/www.uel.br\/pos\/quimica\/portal\/pages\/corpo-docente.php#:~:text=http%3A\/\/lattes.cnpq.br\/2286561845933226\" data-type=\"link\" data-id=\"https:\/\/www.uel.br\/pos\/quimica\/portal\/pages\/corpo-docente.php#:~:text=http%3A\/\/lattes.cnpq.br\/2286561845933226\"><img loading=\"lazy\" decoding=\"async\" width=\"712\" height=\"474\" class=\"wp-image-496\" style=\"width: 30px\" src=\"https:\/\/pos.uel.br\/quimica\/wp-content\/uploads\/2025\/05\/LATTES.png\" alt=\"\" srcset=\"https:\/\/pos.uel.br\/quimica\/wp-content\/uploads\/2025\/05\/LATTES.png 712w, https:\/\/pos.uel.br\/quimica\/wp-content\/uploads\/2025\/05\/LATTES-300x200.png 300w\" sizes=\"auto, (max-width: 712px) 100vw, 712px\" \/><\/a>&#8211; <img loading=\"lazy\" decoding=\"async\" width=\"180\" height=\"168\" class=\"wp-image-495\" style=\"width: 30px\" src=\"https:\/\/pos.uel.br\/quimica\/wp-content\/uploads\/2025\/05\/ORCID.jpeg\" alt=\"\">&#8211; <img loading=\"lazy\" decoding=\"async\" width=\"204\" height=\"192\" class=\"wp-image-494\" style=\"width: 30px\" src=\"https:\/\/pos.uel.br\/quimica\/wp-content\/uploads\/2025\/05\/SCOPUS.png\" alt=\"\"> &#8211; <a href=\"https:\/\/scholar.google.com.br\/citations?user=qS0A8ZYAAAAJ\" data-type=\"link\" data-id=\"https:\/\/scholar.google.com.br\/citations?user=qS0A8ZYAAAAJ\"><img loading=\"lazy\" decoding=\"async\" width=\"204\" height=\"192\" class=\"wp-image-521\" style=\"width: 30px\" src=\"https:\/\/pos.uel.br\/quimica\/wp-content\/uploads\/2025\/05\/google-scholar.png\" alt=\"\"><\/a> &#8211; e-mail: dsousa@uel.br<\/p>\n\n\n\n<p>Prof. Dr. Dion\u00edsio Borsato <a href=\"http:\/\/lattes.cnpq.br\/3265471567908195\" data-type=\"link\" data-id=\"http:\/\/lattes.cnpq.br\/3265471567908195\"><img loading=\"lazy\" decoding=\"async\" width=\"712\" height=\"474\" class=\"wp-image-496\" style=\"width: 30px\" src=\"https:\/\/pos.uel.br\/quimica\/wp-content\/uploads\/2025\/05\/LATTES.png\" alt=\"\" srcset=\"https:\/\/pos.uel.br\/quimica\/wp-content\/uploads\/2025\/05\/LATTES.png 712w, https:\/\/pos.uel.br\/quimica\/wp-content\/uploads\/2025\/05\/LATTES-300x200.png 300w\" sizes=\"auto, (max-width: 712px) 100vw, 712px\" \/><\/a>&#8211; <img loading=\"lazy\" decoding=\"async\" width=\"180\" height=\"168\" class=\"wp-image-495\" style=\"width: 30px\" src=\"https:\/\/pos.uel.br\/quimica\/wp-content\/uploads\/2025\/05\/ORCID.jpeg\" alt=\"\">&#8211; <img loading=\"lazy\" decoding=\"async\" width=\"204\" height=\"192\" class=\"wp-image-494\" style=\"width: 30px\" src=\"https:\/\/pos.uel.br\/quimica\/wp-content\/uploads\/2025\/05\/SCOPUS.png\" alt=\"\"> &#8211; <a href=\"https:\/\/scholar.google.com.br\/citations?user=fwW1BrwAAAAJ\" data-type=\"link\" data-id=\"https:\/\/scholar.google.com.br\/citations?user=fwW1BrwAAAAJ\"><img loading=\"lazy\" decoding=\"async\" width=\"204\" height=\"192\" class=\"wp-image-521\" style=\"width: 30px\" src=\"https:\/\/pos.uel.br\/quimica\/wp-content\/uploads\/2025\/05\/google-scholar.png\" alt=\"\"><\/a> &#8211; e-mail: dborsato@uel.br<\/p>\n\n\n\n<p>Profa. Dra. Elen Julcil\u00e9ia Rom\u00e3o Sartori Braz <a href=\"http:\/\/lattes.cnpq.br\/4436300782833384\" data-type=\"link\" data-id=\"http:\/\/lattes.cnpq.br\/4436300782833384\"><img loading=\"lazy\" decoding=\"async\" width=\"712\" height=\"474\" class=\"wp-image-496\" style=\"width: 30px\" src=\"https:\/\/pos.uel.br\/quimica\/wp-content\/uploads\/2025\/05\/LATTES.png\" alt=\"\" srcset=\"https:\/\/pos.uel.br\/quimica\/wp-content\/uploads\/2025\/05\/LATTES.png 712w, https:\/\/pos.uel.br\/quimica\/wp-content\/uploads\/2025\/05\/LATTES-300x200.png 300w\" sizes=\"auto, (max-width: 712px) 100vw, 712px\" \/><\/a>&#8211; <a href=\"https:\/\/orcid.org\/0000-0002-3689-4689\" data-type=\"link\" data-id=\"https:\/\/orcid.org\/0000-0002-3689-4689\"><img loading=\"lazy\" decoding=\"async\" width=\"180\" height=\"168\" class=\"wp-image-495\" style=\"width: 30px\" src=\"https:\/\/pos.uel.br\/quimica\/wp-content\/uploads\/2025\/05\/ORCID.jpeg\" alt=\"\"><\/a>&#8211; <a href=\"https:\/\/www.scopus.com\/authid\/detail.uri?authorId=13205058600\" data-type=\"link\" data-id=\"https:\/\/www.scopus.com\/authid\/detail.uri?authorId=13205058600\"><img loading=\"lazy\" decoding=\"async\" width=\"204\" height=\"192\" class=\"wp-image-494\" style=\"width: 30px\" src=\"https:\/\/pos.uel.br\/quimica\/wp-content\/uploads\/2025\/05\/SCOPUS.png\" alt=\"\"> <\/a>&#8211; <a href=\"https:\/\/scholar.google.com.br\/citations?user=RUt6PPcAAAAJ\" data-type=\"link\" data-id=\"https:\/\/scholar.google.com.br\/citations?user=RUt6PPcAAAAJ\"><img loading=\"lazy\" decoding=\"async\" width=\"204\" height=\"192\" class=\"wp-image-521\" style=\"width: 30px\" src=\"https:\/\/pos.uel.br\/quimica\/wp-content\/uploads\/2025\/05\/google-scholar.png\" alt=\"\"><\/a> &#8211; e-mail: elensartori@uel.br<\/p>\n\n\n\n<p>Profa. Dra. Ieda Spacino Scarminio <a href=\"http:\/\/lattes.cnpq.br\/4715295596991983\" data-type=\"link\" data-id=\"http:\/\/lattes.cnpq.br\/4715295596991983\"><img loading=\"lazy\" decoding=\"async\" width=\"712\" height=\"474\" class=\"wp-image-496\" style=\"width: 30px\" src=\"https:\/\/pos.uel.br\/quimica\/wp-content\/uploads\/2025\/05\/LATTES.png\" alt=\"\" srcset=\"https:\/\/pos.uel.br\/quimica\/wp-content\/uploads\/2025\/05\/LATTES.png 712w, https:\/\/pos.uel.br\/quimica\/wp-content\/uploads\/2025\/05\/LATTES-300x200.png 300w\" sizes=\"auto, (max-width: 712px) 100vw, 712px\" \/><\/a>&#8211; <a href=\"https:\/\/orcid.org\/0000-0002-3996-1592\" data-type=\"link\" data-id=\"https:\/\/orcid.org\/0000-0002-3996-1592\"><img loading=\"lazy\" decoding=\"async\" width=\"180\" height=\"168\" class=\"wp-image-495\" style=\"width: 30px\" src=\"https:\/\/pos.uel.br\/quimica\/wp-content\/uploads\/2025\/05\/ORCID.jpeg\" alt=\"\"><\/a>&#8211; <a href=\"https:\/\/www.scopus.com\/authid\/detail.uri?authorId=6602105225\" data-type=\"link\" data-id=\"https:\/\/www.scopus.com\/authid\/detail.uri?authorId=6602105225\"><img loading=\"lazy\" decoding=\"async\" width=\"204\" height=\"192\" class=\"wp-image-494\" style=\"width: 30px\" src=\"https:\/\/pos.uel.br\/quimica\/wp-content\/uploads\/2025\/05\/SCOPUS.png\" alt=\"\"><\/a> &#8211; <a href=\"https:\/\/scholar.google.com.br\/citations?user=_cvY37QAAAAJ\" data-type=\"link\" data-id=\"https:\/\/scholar.google.com.br\/citations?user=_cvY37QAAAAJ\"><img loading=\"lazy\" decoding=\"async\" width=\"204\" height=\"192\" class=\"wp-image-521\" style=\"width: 30px\" src=\"https:\/\/pos.uel.br\/quimica\/wp-content\/uploads\/2025\/05\/google-scholar.png\" alt=\"\"><\/a> &#8211; e-mail: ieda@uel.br<\/p>\n\n\n\n<p>Profa. Dra. Marcela Zanetti Corazza <a href=\"http:\/\/lattes.cnpq.br\/0885303457627541\" data-type=\"link\" data-id=\"http:\/\/lattes.cnpq.br\/0885303457627541\"><img loading=\"lazy\" decoding=\"async\" width=\"712\" height=\"474\" class=\"wp-image-496\" style=\"width: 30px\" src=\"https:\/\/pos.uel.br\/quimica\/wp-content\/uploads\/2025\/05\/LATTES.png\" alt=\"\" srcset=\"https:\/\/pos.uel.br\/quimica\/wp-content\/uploads\/2025\/05\/LATTES.png 712w, https:\/\/pos.uel.br\/quimica\/wp-content\/uploads\/2025\/05\/LATTES-300x200.png 300w\" sizes=\"auto, (max-width: 712px) 100vw, 712px\" \/><\/a>&#8211; <a href=\"https:\/\/orcid.org\/0000-0002-7930-1265\" data-type=\"link\" data-id=\"https:\/\/orcid.org\/0000-0002-7930-1265\"><img loading=\"lazy\" decoding=\"async\" width=\"180\" height=\"168\" class=\"wp-image-495\" style=\"width: 30px\" src=\"https:\/\/pos.uel.br\/quimica\/wp-content\/uploads\/2025\/05\/ORCID.jpeg\" alt=\"\"><\/a>&#8211; <a href=\"https:\/\/www.scopus.com\/authid\/detail.uri?authorId=34967849900\" data-type=\"link\" data-id=\"https:\/\/www.scopus.com\/authid\/detail.uri?authorId=34967849900\"><img loading=\"lazy\" decoding=\"async\" width=\"204\" height=\"192\" class=\"wp-image-494\" style=\"width: 30px\" src=\"https:\/\/pos.uel.br\/quimica\/wp-content\/uploads\/2025\/05\/SCOPUS.png\" alt=\"\"><\/a> &#8211; <img loading=\"lazy\" decoding=\"async\" width=\"204\" height=\"192\" class=\"wp-image-521\" style=\"width: 30px\" src=\"https:\/\/pos.uel.br\/quimica\/wp-content\/uploads\/2025\/05\/google-scholar.png\" alt=\"\"> &#8211; e-mail: corazza@uel.br<\/p>\n\n\n\n<p>Profa. Dra. Maria Cristina Solci <a href=\"http:\/\/lattes.cnpq.br\/7275459975924414\" data-type=\"link\" data-id=\"http:\/\/lattes.cnpq.br\/7275459975924414\"><img loading=\"lazy\" decoding=\"async\" width=\"712\" height=\"474\" class=\"wp-image-496\" style=\"width: 30px\" src=\"https:\/\/pos.uel.br\/quimica\/wp-content\/uploads\/2025\/05\/LATTES.png\" alt=\"\" srcset=\"https:\/\/pos.uel.br\/quimica\/wp-content\/uploads\/2025\/05\/LATTES.png 712w, https:\/\/pos.uel.br\/quimica\/wp-content\/uploads\/2025\/05\/LATTES-300x200.png 300w\" sizes=\"auto, (max-width: 712px) 100vw, 712px\" \/><\/a>&#8211; <a href=\"https:\/\/orcid.org\/0000-0002-6643-7059\" data-type=\"link\" data-id=\"https:\/\/orcid.org\/0000-0002-6643-7059\"><img loading=\"lazy\" decoding=\"async\" width=\"180\" height=\"168\" class=\"wp-image-495\" style=\"width: 30px\" src=\"https:\/\/pos.uel.br\/quimica\/wp-content\/uploads\/2025\/05\/ORCID.jpeg\" alt=\"\"><\/a>&#8211; <img loading=\"lazy\" decoding=\"async\" width=\"204\" height=\"192\" class=\"wp-image-494\" style=\"width: 30px\" src=\"https:\/\/pos.uel.br\/quimica\/wp-content\/uploads\/2025\/05\/SCOPUS.png\" alt=\"\"> &#8211; <a href=\"https:\/\/scholar.google.com.br\/citations?user=f_reFDsAAAAJ\" data-type=\"link\" data-id=\"https:\/\/scholar.google.com.br\/citations?user=f_reFDsAAAAJ\"><img loading=\"lazy\" decoding=\"async\" width=\"204\" height=\"192\" class=\"wp-image-521\" style=\"width: 30px\" src=\"https:\/\/pos.uel.br\/quimica\/wp-content\/uploads\/2025\/05\/google-scholar.png\" alt=\"\"><\/a> &#8211; e-mail: solci@uel.br<\/p>\n\n\n\n<p>Profa. Dra. Maria Luiza Zeraik <a href=\"http:\/\/lattes.cnpq.br\/9428697886495713\" data-type=\"link\" data-id=\"http:\/\/lattes.cnpq.br\/9428697886495713\"><img loading=\"lazy\" decoding=\"async\" width=\"712\" height=\"474\" class=\"wp-image-496\" style=\"width: 30px\" src=\"https:\/\/pos.uel.br\/quimica\/wp-content\/uploads\/2025\/05\/LATTES.png\" alt=\"\" srcset=\"https:\/\/pos.uel.br\/quimica\/wp-content\/uploads\/2025\/05\/LATTES.png 712w, https:\/\/pos.uel.br\/quimica\/wp-content\/uploads\/2025\/05\/LATTES-300x200.png 300w\" sizes=\"auto, (max-width: 712px) 100vw, 712px\" \/><\/a>&#8211; <a href=\"https:\/\/orcid.org\/0000-0002-0559-8502\" data-type=\"link\" data-id=\"https:\/\/orcid.org\/0000-0002-0559-8502\"><img loading=\"lazy\" decoding=\"async\" width=\"180\" height=\"168\" class=\"wp-image-495\" style=\"width: 30px\" src=\"https:\/\/pos.uel.br\/quimica\/wp-content\/uploads\/2025\/05\/ORCID.jpeg\" alt=\"\">&#8211;<\/a> <a href=\"https:\/\/www.scopus.com\/authid\/detail.uri?authorId=25029249200\" data-type=\"link\" data-id=\"https:\/\/www.scopus.com\/authid\/detail.uri?authorId=25029249200\"><img loading=\"lazy\" decoding=\"async\" width=\"204\" height=\"192\" class=\"wp-image-494\" style=\"width: 30px\" src=\"https:\/\/pos.uel.br\/quimica\/wp-content\/uploads\/2025\/05\/SCOPUS.png\" alt=\"\"><\/a> &#8211; <a href=\"https:\/\/scholar.google.com.br\/citations?user=R5KqDCYAAAAJ\"><img loading=\"lazy\" decoding=\"async\" width=\"204\" height=\"192\" class=\"wp-image-521\" style=\"width: 30px\" src=\"https:\/\/pos.uel.br\/quimica\/wp-content\/uploads\/2025\/05\/google-scholar.png\" alt=\"\"> <\/a>&#8211; e-mail: zerikml@uel.br<\/p>\n\n\n\n<p>Prof. Dr. Mario Henrique Montazzolli Killner <a href=\"http:\/\/lattes.cnpq.br\/5023046911256620\" data-type=\"link\" data-id=\"http:\/\/lattes.cnpq.br\/5023046911256620\"><img loading=\"lazy\" decoding=\"async\" width=\"712\" height=\"474\" class=\"wp-image-496\" style=\"width: 30px\" src=\"https:\/\/pos.uel.br\/quimica\/wp-content\/uploads\/2025\/05\/LATTES.png\" alt=\"\" srcset=\"https:\/\/pos.uel.br\/quimica\/wp-content\/uploads\/2025\/05\/LATTES.png 712w, https:\/\/pos.uel.br\/quimica\/wp-content\/uploads\/2025\/05\/LATTES-300x200.png 300w\" sizes=\"auto, (max-width: 712px) 100vw, 712px\" \/><\/a>&#8211; <a href=\"https:\/\/orcid.org\/0000-0002-3134-6069\" data-type=\"link\" data-id=\"https:\/\/orcid.org\/0000-0002-3134-6069\"><img loading=\"lazy\" decoding=\"async\" width=\"180\" height=\"168\" class=\"wp-image-495\" style=\"width: 30px\" src=\"https:\/\/pos.uel.br\/quimica\/wp-content\/uploads\/2025\/05\/ORCID.jpeg\" alt=\"\"><\/a>&#8211; <a href=\"https:\/\/www.scopus.com\/authid\/detail.uri?authorId=43661389700\" data-type=\"link\" data-id=\"https:\/\/www.scopus.com\/authid\/detail.uri?authorId=43661389700\"><img loading=\"lazy\" decoding=\"async\" width=\"204\" height=\"192\" class=\"wp-image-494\" style=\"width: 30px\" src=\"https:\/\/pos.uel.br\/quimica\/wp-content\/uploads\/2025\/05\/SCOPUS.png\" alt=\"\"><\/a> &#8211; <a href=\"https:\/\/scholar.google.com.br\/citations?user=amjcYaYAAAAJ\" data-type=\"link\" data-id=\"https:\/\/scholar.google.com.br\/citations?user=amjcYaYAAAAJ\"><img loading=\"lazy\" decoding=\"async\" width=\"204\" height=\"192\" class=\"wp-image-521\" style=\"width: 30px\" src=\"https:\/\/pos.uel.br\/quimica\/wp-content\/uploads\/2025\/05\/google-scholar.png\" alt=\"\"><\/a> &#8211; e-mail: killner@uel.br<\/p>\n\n\n\n<p>Profa. Dra. Roberta Antigo Medeiros <a href=\"http:\/\/lattes.cnpq.br\/3760577547828061\"><img loading=\"lazy\" decoding=\"async\" width=\"712\" height=\"474\" class=\"wp-image-496\" style=\"width: 30px\" src=\"https:\/\/pos.uel.br\/quimica\/wp-content\/uploads\/2025\/05\/LATTES.png\" alt=\"\" srcset=\"https:\/\/pos.uel.br\/quimica\/wp-content\/uploads\/2025\/05\/LATTES.png 712w, https:\/\/pos.uel.br\/quimica\/wp-content\/uploads\/2025\/05\/LATTES-300x200.png 300w\" sizes=\"auto, (max-width: 712px) 100vw, 712px\" \/><\/a>&#8211; <a href=\"https:\/\/orcid.org\/0000-0002-0751-6187\" data-type=\"link\" data-id=\"https:\/\/orcid.org\/0000-0002-0751-6187\"><img loading=\"lazy\" decoding=\"async\" width=\"180\" height=\"168\" class=\"wp-image-495\" style=\"width: 30px\" src=\"https:\/\/pos.uel.br\/quimica\/wp-content\/uploads\/2025\/05\/ORCID.jpeg\" alt=\"\"><\/a>&#8211; <a href=\"https:\/\/www.scopus.com\/authid\/detail.uri?authorId=23489512700\" data-type=\"link\" data-id=\"https:\/\/www.scopus.com\/authid\/detail.uri?authorId=23489512700\"><img loading=\"lazy\" decoding=\"async\" width=\"204\" height=\"192\" class=\"wp-image-494\" style=\"width: 30px\" src=\"https:\/\/pos.uel.br\/quimica\/wp-content\/uploads\/2025\/05\/SCOPUS.png\" alt=\"\"><\/a> &#8211; <a href=\"https:\/\/scholar.google.com\/citations?user=ILEAx3UAAAAJ\" data-type=\"link\" data-id=\"https:\/\/scholar.google.com\/citations?user=ILEAx3UAAAAJ\"><img loading=\"lazy\" decoding=\"async\" width=\"204\" height=\"192\" class=\"wp-image-521\" style=\"width: 30px\" src=\"https:\/\/pos.uel.br\/quimica\/wp-content\/uploads\/2025\/05\/google-scholar.png\" alt=\"\"><\/a> &#8211; e-mail: ramedeiros@uel.br<\/p>\n\n\n\n<p><\/p>\n","protected":false},"excerpt":{"rendered":"<p>Prof. Dr. C\u00e9sar Ricardo Teixeira Tarley &#8211; &#8211; &#8211; &#8211; e-mail: tarley@uel.br Profa. Dra. Diana Nara Ribeiro de Sousa &#8211; &#8211; &#8211; &#8211; e-mail: dsousa@uel.br Prof. Dr. Dion\u00edsio Borsato &#8211; &#8211; &#8211; &#8211; e-mail: dborsato@uel.br Profa. Dra. Elen Julcil\u00e9ia Rom\u00e3o Sartori Braz &#8211; &#8211; &#8211; &#8211; e-mail: elensartori@uel.br Profa. Dra. Ieda Spacino Scarminio &#8211; &#8211; [&hellip;]<\/p>\n","protected":false},"author":12,"featured_media":0,"parent":0,"menu_order":0,"comment_status":"closed","ping_status":"closed","template":"","meta":{"footnotes":""},"class_list":["post-544","page","type-page","status-publish","hentry"],"_links":{"self":[{"href":"https:\/\/pos.uel.br\/quimica\/wp-json\/wp\/v2\/pages\/544","targetHints":{"allow":["GET"]}}],"collection":[{"href":"https:\/\/pos.uel.br\/quimica\/wp-json\/wp\/v2\/pages"}],"about":[{"href":"https:\/\/pos.uel.br\/quimica\/wp-json\/wp\/v2\/types\/page"}],"author":[{"embeddable":true,"href":"https:\/\/pos.uel.br\/quimica\/wp-json\/wp\/v2\/users\/12"}],"replies":[{"embeddable":true,"href":"https:\/\/pos.uel.br\/quimica\/wp-json\/wp\/v2\/comments?post=544"}],"version-history":[{"count":3,"href":"https:\/\/pos.uel.br\/quimica\/wp-json\/wp\/v2\/pages\/544\/revisions"}],"predecessor-version":[{"id":956,"href":"https:\/\/pos.uel.br\/quimica\/wp-json\/wp\/v2\/pages\/544\/revisions\/956"}],"wp:attachment":[{"href":"https:\/\/pos.uel.br\/quimica\/wp-json\/wp\/v2\/media?parent=544"}],"curies":[{"name":"wp","href":"https:\/\/api.w.org\/{rel}","templated":true}]}}