{"id":346,"date":"2022-07-28T16:13:11","date_gmt":"2022-07-28T19:13:11","guid":{"rendered":"https:\/\/pos.uel.br\/quimica\/?page_id=346"},"modified":"2025-08-06T14:53:12","modified_gmt":"2025-08-06T17:53:12","slug":"master-y-doctorado","status":"publish","type":"page","link":"https:\/\/pos.uel.br\/quimica\/master-y-doctorado\/","title":{"rendered":"M\u00e1ster y Doctorado"},"content":{"rendered":"\n<p><strong>Duraci\u00f3n<\/strong><\/p>\n\n\n\n<p>El Programa tiene la duraci\u00f3n m\u00ednima de 02 (dos) y m\u00e1xima de 04 (cuatro) per\u00edodos lectivos.<\/p>\n\n\n\n<p><strong>N\u00famero de Vacantes<\/strong><\/p>\n\n\n\n<p>Son ofrecidas 50 vacantes anuales para alumnos de maestria e 22 vacantes para alumnos de doctorado regulares.<\/p>\n\n\n\n<p><\/p>\n\n\n\n<h4 class=\"wp-block-heading\">RESOLUCI\u00d3N \u2013 PPG Stricto sensu Colegiado N\u00ba 10\/2023<\/h4>\n\n\n\n<p><a href=\"https:\/\/pos.uel.br\/quimica\/wp-content\/uploads\/2025\/08\/REGULATIONS-OF-THE-GRADUATE-PROGRAM-1.pdf\">Tenga acceso a la resoluci\u00f3n aqu\u00ed.<\/a><\/p>\n\n\n\n<h4 class=\"wp-block-heading\">Reglamento del Programa de Posgrado en Qu\u00edmica \u2013 CEPE 63\/2023<\/h4>\n\n\n\n<p><a href=\"https:\/\/pos.uel.br\/quimica\/wp-content\/uploads\/2025\/08\/RESOLUTION-\u2013-PPG-Stricto-sensu-Collegiate-1.pdf\">Tenga acceso a la Reglamento aqu\u00ed<\/a><\/p>\n\n\n\n<p><\/p>\n\n\n\n<p>DURACI\u00d3N<\/p>\n\n\n\n<h2 class=\"wp-block-heading\">DURACI\u00d3N<\/h2>\n\n\n\n<p>La <strong>Maestr\u00eda<\/strong> tiene una duraci\u00f3n m\u00ednima de 2 (dos) y m\u00e1xima de 4 (cuatro) per\u00edodos acad\u00e9micos.<\/p>\n\n\n\n<p>Cr\u00e9ditos necesarios:<\/p>\n\n\n\n<p>El cr\u00e9dito de posgrado corresponde a 15 horas lectivas.<\/p>\n\n\n\n<p>En la maestr\u00eda, el estudiante debe completar 75 cr\u00e9ditos, distribuidos de la siguiente manera:<\/p>\n\n\n\n<p>12 cr\u00e9ditos en asignaturas troncales b\u00e1sicas, con asignaturas obligatorias:<\/p>\n\n\n\n<p>una de las cuatro disciplinas avanzadas,<\/p>\n\n\n\n<p>dos disciplinas de Seminarios Generales en el Posgrado (I y II) y<\/p>\n\n\n\n<p>una disciplina de Pr\u00e1cticas Docentes en el Posgrado.<\/p>\n\n\n\n<p>12 cr\u00e9ditos en asignaturas optativas o troncales.<\/p>\n\n\n\n<p>51 cr\u00e9ditos de tesis.<\/p>\n\n\n\n<p>Para m\u00e1s informaci\u00f3n, acceda a la resoluci\u00f3n del programa: <a href=\"https:\/\/pos.uel.br\/quimica\/wp-content\/uploads\/2025\/08\/REGLAMENTO-DEL-PROGRAMA-DE-POSGRADO.pdf\" data-type=\"link\" data-id=\"https:\/\/pos.uel.br\/quimica\/wp-content\/uploads\/2025\/08\/REGLAMENTO-DEL-PROGRAMA-DE-POSGRADO.pdf\">AQU\u00cd<\/a>.<\/p>\n\n\n\n<p><\/p>\n\n\n\n<p>El <strong>Doctorado<\/strong> tendr\u00e1 una duraci\u00f3n m\u00ednima de 4 (cuatro) y m\u00e1xima de 8 (ocho) per\u00edodos acad\u00e9micos.<\/p>\n\n\n\n<p>Cr\u00e9ditos necesarios:<br>El cr\u00e9dito de posgrado corresponde a 15 horas lectivas.<\/p>\n\n\n\n<p>En el Doctorado, el estudiante debe completar 124 cr\u00e9ditos, distribuidos de la siguiente manera:<\/p>\n\n\n\n<p>12 cr\u00e9ditos en asignaturas troncales b\u00e1sicas, con asignaturas obligatorias:<\/p>\n\n\n\n<p>una de las cuatro disciplinas avanzadas,<\/p>\n\n\n\n<p>dos disciplinas de Seminarios Generales en el Posgrado (III y IVI) y<\/p>\n\n\n\n<p>una disciplina de Pr\u00e1cticas Docentes en el Posgrado.<\/p>\n\n\n\n<p>12 cr\u00e9ditos en asignaturas optativas o troncales.<\/p>\n\n\n\n<p>100 cr\u00e9ditos en Tesis.<\/p>\n\n\n\n<p>Para m\u00e1s informaci\u00f3n, acceda a la resoluci\u00f3n del programa: <a href=\"https:\/\/pos.uel.br\/quimica\/wp-content\/uploads\/2025\/08\/REGLAMENTO-DEL-PROGRAMA-DE-POSGRADO.pdf\" data-type=\"link\" data-id=\"https:\/\/pos.uel.br\/quimica\/wp-content\/uploads\/2025\/08\/REGLAMENTO-DEL-PROGRAMA-DE-POSGRADO.pdf\">AQU\u00cd<\/a>.<\/p>\n","protected":false},"excerpt":{"rendered":"<p>Duraci\u00f3n El Programa tiene la duraci\u00f3n m\u00ednima de 02 (dos) y m\u00e1xima de 04 (cuatro) per\u00edodos lectivos. N\u00famero de Vacantes Son ofrecidas 50 vacantes anuales para alumnos de maestria e 22 vacantes para alumnos de doctorado regulares. RESOLUCI\u00d3N \u2013 PPG Stricto sensu Colegiado N\u00ba 10\/2023 Tenga acceso a la resoluci\u00f3n aqu\u00ed. Reglamento del Programa de [&hellip;]<\/p>\n","protected":false},"author":10,"featured_media":0,"parent":0,"menu_order":0,"comment_status":"closed","ping_status":"closed","template":"","meta":{"footnotes":""},"class_list":["post-346","page","type-page","status-publish","hentry"],"_links":{"self":[{"href":"https:\/\/pos.uel.br\/quimica\/wp-json\/wp\/v2\/pages\/346","targetHints":{"allow":["GET"]}}],"collection":[{"href":"https:\/\/pos.uel.br\/quimica\/wp-json\/wp\/v2\/pages"}],"about":[{"href":"https:\/\/pos.uel.br\/quimica\/wp-json\/wp\/v2\/types\/page"}],"author":[{"embeddable":true,"href":"https:\/\/pos.uel.br\/quimica\/wp-json\/wp\/v2\/users\/10"}],"replies":[{"embeddable":true,"href":"https:\/\/pos.uel.br\/quimica\/wp-json\/wp\/v2\/comments?post=346"}],"version-history":[{"count":6,"href":"https:\/\/pos.uel.br\/quimica\/wp-json\/wp\/v2\/pages\/346\/revisions"}],"predecessor-version":[{"id":806,"href":"https:\/\/pos.uel.br\/quimica\/wp-json\/wp\/v2\/pages\/346\/revisions\/806"}],"wp:attachment":[{"href":"https:\/\/pos.uel.br\/quimica\/wp-json\/wp\/v2\/media?parent=346"}],"curies":[{"name":"wp","href":"https:\/\/api.w.org\/{rel}","templated":true}]}}