{"id":15,"date":"2021-04-27T15:46:13","date_gmt":"2021-04-27T18:46:13","guid":{"rendered":"https:\/\/pos.uel.br\/quimica\/?page_id=15"},"modified":"2025-05-06T00:38:20","modified_gmt":"2025-05-06T03:38:20","slug":"regimentos-resolucoes-e-normas","status":"publish","type":"page","link":"https:\/\/pos.uel.br\/quimica\/regimentos-resolucoes-e-normas\/","title":{"rendered":"Normas para Coorienta\u00e7\u00e3o"},"content":{"rendered":"\n<h3 class=\"wp-block-heading\"><\/h3>\n\n\n\n<p>Normas para solicita\u00e7\u00e3o de coorienta\u00e7\u00e3o de disserta\u00e7\u00f5es de mestrado e teses de doutorado no \u00e2mbito do Programa de P\u00f3sGradua\u00e7\u00e3o em Qu\u00edmica da Universidade Estadual de Londrina:<a href=\"https:\/\/pos.uel.br\/quimica\/wp-content\/uploads\/2025\/05\/01_2024_coorientacao_assinado.pdf\" data-type=\"link\" data-id=\"https:\/\/pos.uel.br\/quimica\/wp-content\/uploads\/2025\/05\/01_2024_coorientacao_assinado.pdf\"> ATO NORMATIVO NO. 01\/2024 &#8211; Coorienta\u00e7\u00e3o<\/a><\/p>\n\n\n\n<p><\/p>\n\n\n\n<p><\/p>\n","protected":false},"excerpt":{"rendered":"<p>Normas para solicita\u00e7\u00e3o de coorienta\u00e7\u00e3o de disserta\u00e7\u00f5es de mestrado e teses de doutorado no \u00e2mbito do Programa de P\u00f3sGradua\u00e7\u00e3o em Qu\u00edmica da Universidade Estadual de Londrina: ATO NORMATIVO NO. 01\/2024 &#8211; Coorienta\u00e7\u00e3o<\/p>\n","protected":false},"author":1,"featured_media":0,"parent":0,"menu_order":0,"comment_status":"closed","ping_status":"closed","template":"","meta":{"footnotes":""},"class_list":["post-15","page","type-page","status-publish","hentry"],"_links":{"self":[{"href":"https:\/\/pos.uel.br\/quimica\/wp-json\/wp\/v2\/pages\/15","targetHints":{"allow":["GET"]}}],"collection":[{"href":"https:\/\/pos.uel.br\/quimica\/wp-json\/wp\/v2\/pages"}],"about":[{"href":"https:\/\/pos.uel.br\/quimica\/wp-json\/wp\/v2\/types\/page"}],"author":[{"embeddable":true,"href":"https:\/\/pos.uel.br\/quimica\/wp-json\/wp\/v2\/users\/1"}],"replies":[{"embeddable":true,"href":"https:\/\/pos.uel.br\/quimica\/wp-json\/wp\/v2\/comments?post=15"}],"version-history":[{"count":5,"href":"https:\/\/pos.uel.br\/quimica\/wp-json\/wp\/v2\/pages\/15\/revisions"}],"predecessor-version":[{"id":603,"href":"https:\/\/pos.uel.br\/quimica\/wp-json\/wp\/v2\/pages\/15\/revisions\/603"}],"wp:attachment":[{"href":"https:\/\/pos.uel.br\/quimica\/wp-json\/wp\/v2\/media?parent=15"}],"curies":[{"name":"wp","href":"https:\/\/api.w.org\/{rel}","templated":true}]}}