{"id":856,"date":"2022-03-30T15:05:34","date_gmt":"2022-03-30T18:05:34","guid":{"rendered":"https:\/\/pos.uel.br\/psicologia\/?page_id=856"},"modified":"2024-02-17T19:37:59","modified_gmt":"2024-02-17T22:37:59","slug":"2021-3","status":"publish","type":"page","link":"https:\/\/pos.uel.br\/psicologia\/2021-3\/","title":{"rendered":"Publica\u00e7\u00f5es 2021"},"content":{"rendered":"\n<p>Barbeiro, F. S., &amp; REIS, M. E. B. T. <a href=\"http:\/\/periodicos.pucminas.br\/index.php\/psicologiaemrevista\/article\/view\/22726\" target=\"_blank\" rel=\"noreferrer noopener\">Comunica\u00e7\u00e3o a dist\u00e2ncia na psican\u00e1lise, ontem e hoje: uma revis\u00e3o narrativa<\/a>. v. 27 n. 1 (2021): <strong>Psicologia em Revista<\/strong>.<\/p>\n\n\n\n<p>Fabre, B. D., &amp; L\u00facio, P. S. (2021). <a rel=\"noreferrer noopener\" href=\"http:\/\/dx.doi.org\/10.5380\/riep.v25i3.70714\" target=\"_blank\">Desempenho em planejamento, flexibilidade e controle inibit\u00f3rio em crian\u00e7as com e sem TEA: Efeitos dos sintomas com\u00f3rbidos de aten\u00e7\u00e3o e hiperatividade<\/a>.&nbsp;<strong>Intera\u00e7\u00e3o em Psicologia<\/strong>,&nbsp;25(3), 328-228.<\/p>\n\n\n\n<p>Fernandes de Carvalhaes, F., &amp; Crivelari Fortes, M. (2021). <a href=\"http:\/\/www.periodicos.ufc.br\/psicologiaufc\/article\/view\/60800\" target=\"_blank\" rel=\"noreferrer noopener\">Conversa\u00e7\u00f5es sobre masculinidades e cuidado de si no document\u00e1rio The Mask You Live In<\/a>. <strong>Revista de Psicologia<\/strong>, 12(2), 91-104.<\/p>\n\n\n\n<p>Grisoski, D. C., &amp; Santiago, E. (2021).&nbsp;&nbsp;<a rel=\"noreferrer noopener\" href=\"https:\/\/repositorio.ufc.br\/bitstream\/riufc\/58817\/1\/2021_art_dcgrisoski_esantiago.pdf\" target=\"_blank\">Produ\u00e7\u00e3o de subjetividade de mulheres policiais de um batalh\u00e3o da pol\u00edcia militar do Paran\u00e1 \/ Production of subjectivity of police women from a battle of the military police of Paran\u00e1<\/a>. <strong>Revista de Psicologia <\/strong>(Fortaleza), v. 12, p. 99-111, 2021.<\/p>\n\n\n\n<p>Inaba, C. M., &amp; Miguel, F. K. (2021). <a rel=\"noreferrer noopener\" href=\"https:\/\/doi.org\/10.34019\/1982-1247.2021.v15.29218\" target=\"_blank\">Lesbianidade e feminilidade(s) na vis\u00e3o do Teste de Apercep\u00e7\u00e3o Tem\u00e1tica<\/a>.&nbsp;<strong>Psicologia em Pesquisa<\/strong>, 15(1), 1\u201325.<\/p>\n\n\n\n<p>NASCIMENTO, A. K. C.; SANTIAGO, ENEIDA; SEI, M. B. Conex\u00f5es entre psicoterapia breve psicanal\u00edtica e psicoterapia online: considera\u00e7\u00f5es iniciais. <strong>REVISTA DE PSICOLOGIA: TEORIA E PR\u00c1TICA (ONLINE)<\/strong>, v.23, p. 01-19, 2021. Dispon\u00edvel em\u00a0<a href=\"https:\/\/editorarevistas.mackenzie.br\/index.php\/ptp\/article\/view\/13314\" target=\"_blank\" rel=\"noreferrer noopener\">https:\/\/editorarevistas.mackenzie.br\/index.php\/ptp\/article\/view\/13314<\/a><\/p>\n\n\n\n<p>Sousa, D. P.\u00a0; Simcic, J. V. B. &amp;\u00a0Silva, R.B.\u00a0(2021). <a href=\"https:\/\/pos.uel.br\/psicologia\/wp-content\/uploads\/2021\/09\/LIVRO-CURRICULO-FORMACAO-E-TRABALHO-DOCENTE-RELATOS-DE-EXPERIENCIA_versao-final-4-3.pdf\" target=\"_blank\" rel=\"noreferrer noopener\">Projetos Pedag\u00f3gicos de Cursos de Psicologia como Instrumentos de Constru\u00e7\u00e3o da Educa\u00e7\u00e3o Inclusiva<\/a>. In: Jesus, A.R; Oliveira, C.C.; Tiroli, L.G; Beleze, N.M; Silva, R.B. (Org.). <strong>Curr\u00edculo, Forma\u00e7\u00e3o &amp; Trabalho Docente<\/strong>: Relatos de Experi\u00eancia. (pp.114-133). Londrina: UEL.<\/p>\n\n\n\n<p>Verceze, F. A., &amp; Cordeiro, S. N. (2021). <a rel=\"noreferrer noopener\" href=\"https:\/\/www.pssa.ucdb.br\/pssa\/article\/view\/894\" target=\"_blank\">A Escuta do Adoecimento de Mulheres na Aten\u00e7\u00e3o B\u00e1sica<\/a>.<strong>&nbsp;Revista Psicologia e Sa\u00fade<\/strong>. https:\/\/doi.org\/10.20435\/pssa.vi.894<\/p>\n\n\n\n<p>Wiltenburg, T. D., &amp; Miguel, F. K. (2021). <a rel=\"noreferrer noopener\" href=\"https:\/\/doi.org\/10.15448\/1980-8623.2021.1.34728\" target=\"_blank\">Estudo de validade do Question\u00e1rio Online de Regula\u00e7\u00e3o Emocional<\/a>.&nbsp;<strong>Psico<\/strong> (PUCRS), 52(1), e34728.<\/p>\n","protected":false},"excerpt":{"rendered":"<p>Barbeiro, F. S., &amp; REIS, M. E. B. T. Comunica\u00e7\u00e3o a dist\u00e2ncia na psican\u00e1lise, ontem e hoje: uma revis\u00e3o narrativa. v. 27 n. 1 (2021): Psicologia em Revista. Fabre, B. D., &amp; L\u00facio, P. S. (2021). Desempenho em planejamento, flexibilidade e controle inibit\u00f3rio em crian\u00e7as com e sem TEA: Efeitos dos sintomas com\u00f3rbidos de aten\u00e7\u00e3o [&hellip;]<\/p>\n","protected":false},"author":10,"featured_media":0,"parent":0,"menu_order":0,"comment_status":"closed","ping_status":"closed","template":"","meta":{"footnotes":""},"class_list":["post-856","page","type-page","status-publish","hentry"],"acf":[],"_links":{"self":[{"href":"https:\/\/pos.uel.br\/psicologia\/wp-json\/wp\/v2\/pages\/856","targetHints":{"allow":["GET"]}}],"collection":[{"href":"https:\/\/pos.uel.br\/psicologia\/wp-json\/wp\/v2\/pages"}],"about":[{"href":"https:\/\/pos.uel.br\/psicologia\/wp-json\/wp\/v2\/types\/page"}],"author":[{"embeddable":true,"href":"https:\/\/pos.uel.br\/psicologia\/wp-json\/wp\/v2\/users\/10"}],"replies":[{"embeddable":true,"href":"https:\/\/pos.uel.br\/psicologia\/wp-json\/wp\/v2\/comments?post=856"}],"version-history":[{"count":18,"href":"https:\/\/pos.uel.br\/psicologia\/wp-json\/wp\/v2\/pages\/856\/revisions"}],"predecessor-version":[{"id":1941,"href":"https:\/\/pos.uel.br\/psicologia\/wp-json\/wp\/v2\/pages\/856\/revisions\/1941"}],"wp:attachment":[{"href":"https:\/\/pos.uel.br\/psicologia\/wp-json\/wp\/v2\/media?parent=856"}],"curies":[{"name":"wp","href":"https:\/\/api.w.org\/{rel}","templated":true}]}}