{"id":400,"date":"2021-06-29T16:22:30","date_gmt":"2021-06-29T19:22:30","guid":{"rendered":"https:\/\/pos.uel.br\/psicologia\/?page_id=400"},"modified":"2021-06-29T16:28:20","modified_gmt":"2021-06-29T19:28:20","slug":"disciplinas","status":"publish","type":"page","link":"https:\/\/pos.uel.br\/psicologia\/disciplinas\/","title":{"rendered":"Disciplinas"},"content":{"rendered":"\n<h2 class=\"wp-block-heading\">Disciplinas Obrigat\u00f3rias para as Duas Linhas<\/h2>\n\n\n\n<figure class=\"wp-block-table is-style-stripes\"><table><tbody><tr><td><strong>Metodologias de Pesquisa em Psicologia<\/strong><\/td><\/tr><tr><td><strong>Carga hor\u00e1ria<\/strong><\/td><td>60 horas<\/td><\/tr><tr><td><strong>Cr\u00e9ditos<\/strong><\/td><td>4<\/td><\/tr><tr><td><strong>Ementa<\/strong><\/td><td>Descri\u00e7\u00e3o das principais perspectivas metodol\u00f3gicas de pesquisa em Psicologia. M\u00e9todos qualitativo e quantitativo: pressupostos, instrumentos e t\u00e9cnicas relacionadas. Implica\u00e7\u00f5es \u00e9ticas e sociais da pesquisa em Psicologia.<\/td><\/tr><\/tbody><\/table><\/figure>\n\n\n\n<p><\/p>\n\n\n\n<figure class=\"wp-block-table is-style-stripes\"><table><tbody><tr><td><strong>Prepara\u00e7\u00e3o Pedag\u00f3gica em Psicologia<\/strong><\/td><\/tr><tr><td><strong>Carga hor\u00e1ria<\/strong><\/td><td>60 horas<\/td><\/tr><tr><td><strong>Cr\u00e9ditos<\/strong><\/td><td>4<\/td><\/tr><tr><td><strong>Ementa<\/strong><\/td><td>Transforma\u00e7\u00f5es contempor\u00e2neas no contexto educacional: novas demandas colocadas para a pr\u00e1tica docente. Prepara\u00e7\u00e3o did\u00e1tica e pedag\u00f3gica para o ensino superior.<\/td><\/tr><\/tbody><\/table><\/figure>\n\n\n\n<figure class=\"wp-block-table is-style-stripes\"><table><tbody><tr><td><strong>Semin\u00e1rios de Pesquisa em Psicologia<\/strong><\/td><\/tr><tr><td><strong>Carga hor\u00e1ria<\/strong><\/td><td>60 horas<\/td><\/tr><tr><td><strong>Cr\u00e9ditos<\/strong><\/td><td>4<\/td><\/tr><tr><td><strong>Ementa<\/strong><\/td><td>Leitura cr\u00edtica dos pr\u00e9-projetos de pesquisa apresentados no processo de sele\u00e7\u00e3o. Elabora\u00e7\u00e3o da estrutura do projeto de pesquisa. Adequa\u00e7\u00e3o do projeto \u00e0 linha de pesquisa do programa. Revis\u00e3o cr\u00edtica da literatura sobre a tem\u00e1tica do projeto. Discuss\u00e3o em grupo das propostas de disserta\u00e7\u00e3o.<\/td><\/tr><\/tbody><\/table><\/figure>\n\n\n\n<figure class=\"wp-block-table is-style-stripes\"><table><tbody><tr><td><strong>Estudos Orientados I<\/strong><\/td><\/tr><tr><td><strong>Carga hor\u00e1ria<\/strong><\/td><td>15 horas<\/td><\/tr><tr><td><strong>Cr\u00e9ditos<\/strong><\/td><td>1<\/td><\/tr><tr><td><strong>Ementa<\/strong><\/td><td>Revis\u00e3o geral do projeto de pesquisa apresentado no processo de sele\u00e7\u00e3o. Encaminhamentos para organiza\u00e7\u00e3o da estrutura da pesquisa.<\/td><\/tr><\/tbody><\/table><\/figure>\n\n\n\n<figure class=\"wp-block-table is-style-stripes\"><table><tbody><tr><td><strong>Estudos Orientados II<\/strong><\/td><\/tr><tr><td><strong>Carga hor\u00e1ria<\/strong><\/td><td>15 horas<\/td><\/tr><tr><td><strong>Cr\u00e9ditos<\/strong><\/td><td>1<\/td><\/tr><tr><td><strong>Ementa<\/strong><\/td><td>Aprofundamento e elabora\u00e7\u00e3o escrita do referencial te\u00f3rico-metodol\u00f3gico da disserta\u00e7\u00e3o.<\/td><\/tr><\/tbody><\/table><\/figure>\n\n\n\n<figure class=\"wp-block-table is-style-stripes\"><table><tbody><tr><td><strong>Estudos Orientados III<\/strong><\/td><\/tr><tr><td><strong>Carga hor\u00e1ria<\/strong><\/td><td>15 horas<\/td><\/tr><tr><td><strong>Cr\u00e9ditos<\/strong><\/td><td>1<\/td><\/tr><tr><td><strong>Ementa<\/strong><\/td><td>Finaliza\u00e7\u00e3o da parte te\u00f3rica e metodol\u00f3gica da pesquisa.<\/td><\/tr><\/tbody><\/table><\/figure>\n\n\n\n<figure class=\"wp-block-table is-style-stripes\"><table><tbody><tr><td><strong>Estudos Orientados IV<\/strong><\/td><\/tr><tr><td><strong>Carga hor\u00e1ria<\/strong><\/td><td>15 horas<\/td><\/tr><tr><td><strong>Cr\u00e9ditos<\/strong><\/td><td>1<\/td><\/tr><tr><td><strong>Ementa<\/strong><\/td><td>Finaliza\u00e7\u00e3o da an\u00e1lise dos dados e conclus\u00e3o da disserta\u00e7\u00e3o.<\/td><\/tr><\/tbody><\/table><\/figure>\n\n\n\n<h2 class=\"wp-block-heading\">Disciplina Obrigat\u00f3ria para a Linha 1 (Avalia\u00e7\u00e3o Psicol\u00f3gica e Processos Cl\u00ednicos)<\/h2>\n\n\n\n<figure class=\"wp-block-table is-style-stripes\"><table><tbody><tr><td><strong>Psicodiagn\u00f3stico e Interven\u00e7\u00f5es Cl\u00ednicas<\/strong><\/td><\/tr><tr><td><strong>Carga hor\u00e1ria<\/strong><\/td><td>60 horas<\/td><\/tr><tr><td><strong>Cr\u00e9ditos<\/strong><\/td><td>4<\/td><\/tr><tr><td><strong>Ementa<\/strong><\/td><td>Investiga\u00e7\u00f5es te\u00f3rico-pr\u00e1ticas sobre psicodiagn\u00f3stico e interven\u00e7\u00f5es terap\u00eauticas. Planejamento de estrat\u00e9gias de pesquisa na \u00e1rea cl\u00ednica. Avalia\u00e7\u00e3o da efic\u00e1cia de interven\u00e7\u00f5es psicoterap\u00eauticas.<\/td><\/tr><\/tbody><\/table><\/figure>\n\n\n\n<h2 class=\"wp-block-heading\">Disciplina Obrigat\u00f3ria para a Linha 2 (Psicologia Social e Processos Institucionais)<\/h2>\n\n\n\n<figure class=\"wp-block-table is-style-stripes\"><table><tbody><tr><td><strong>Psicologia Social e Contemporaneidade<\/strong><\/td><\/tr><tr><td><strong>Carga hor\u00e1ria<\/strong><\/td><td>60 horas<\/td><\/tr><tr><td><strong>Cr\u00e9ditos<\/strong><\/td><td>4<\/td><\/tr><tr><td><strong>Ementa<\/strong><\/td><td>Quest\u00f5es emergentes em Psicologia Social. A complexidade como paradigma para a vida em sociedade. Transforma\u00e7\u00f5es institucionais e sociais contempor\u00e2neas: efeitos nos processos de subjetiva\u00e7\u00e3o. Produ\u00e7\u00e3o do conhecimento em Psicologia nas sociedades em muta\u00e7\u00e3o.<\/td><\/tr><\/tbody><\/table><\/figure>\n\n\n\n<h2 class=\"wp-block-heading\">Disciplinas Optativas para a Linha 1 (Avalia\u00e7\u00e3o Psicol\u00f3gica e Processos Cl\u00ednicos)<\/h2>\n\n\n\n<figure class=\"wp-block-table is-style-stripes\"><table><tbody><tr><td><strong>Constru\u00e7\u00e3o de Instrumentos de Avalia\u00e7\u00e3o Psicol\u00f3gica<\/strong><\/td><\/tr><tr><td><strong>Carga hor\u00e1ria<\/strong><\/td><td>60 horas<\/td><\/tr><tr><td><strong>Cr\u00e9ditos<\/strong><\/td><td>4<\/td><\/tr><tr><td><strong>Ementa<\/strong><\/td><td>Etapas da constru\u00e7\u00e3o de instrumentos de avalia\u00e7\u00e3o. Investiga\u00e7\u00e3o das propriedades psicom\u00e9tricas dos instrumentos: an\u00e1lise de itens e evid\u00eancias de validade. Especificidades da investiga\u00e7\u00e3o psicom\u00e9trica em testes de habilidade e de personalidade. Uso de softwares na an\u00e1lise dos dados.<\/td><\/tr><\/tbody><\/table><\/figure>\n\n\n\n<figure class=\"wp-block-table is-style-stripes\"><table><tbody><tr><td><strong>A Psican\u00e1lise e o Corpo<\/strong><\/td><\/tr><tr><td><strong>Carga hor\u00e1ria<\/strong><\/td><td>60 horas<\/td><\/tr><tr><td><strong>Cr\u00e9ditos<\/strong><\/td><td>4<\/td><\/tr><tr><td><strong>Ementa<\/strong><\/td><td>Do ego corporal ao sujeito ps\u00edquico. O sintoma e sua manifesta\u00e7\u00e3o no corpo. Psicossom\u00e1tica. Processos cl\u00ednicos psicanal\u00edticos nas institui\u00e7\u00f5es de sa\u00fade e na equipe multidisciplinar.<\/td><\/tr><\/tbody><\/table><\/figure>\n\n\n\n<figure class=\"wp-block-table is-style-stripes\"><table><tbody><tr><td><strong>Psican\u00e1lise de Casal e Fam\u00edlia: Cl\u00ednica e Pesquisa<\/strong><\/td><\/tr><tr><td><strong>Carga hor\u00e1ria<\/strong><\/td><td>60 horas<\/td><\/tr><tr><td><strong>Cr\u00e9ditos<\/strong><\/td><td>4<\/td><\/tr><tr><td><strong>Ementa<\/strong><\/td><td>Psican\u00e1lise de Casal e Fam\u00edlia: hist\u00f3rico, vertentes te\u00f3ricas e estudos atuais. Din\u00e2mica ps\u00edquica familiar: transmiss\u00e3o ps\u00edquica geracional, aparelho ps\u00edquico familiar e alian\u00e7as inconscientes. Estrat\u00e9gias de pesquisa e interven\u00e7\u00e3o no contexto do atendimento psicanal\u00edtico a casais e fam\u00edlias.<\/td><\/tr><\/tbody><\/table><\/figure>\n\n\n\n<h2 class=\"wp-block-heading\">Disciplinas Optativas para a Linha 2 (Psicologia Social e Processos Institucionais)<\/h2>\n\n\n\n<figure class=\"wp-block-table is-style-stripes\"><table><tbody><tr><td><strong>\u00c9tica, Sociedade e Processos de Subjetiva\u00e7\u00e3o<\/strong><\/td><\/tr><tr><td><strong>Carga hor\u00e1ria<\/strong><\/td><td>60 horas<\/td><\/tr><tr><td><strong>Cr\u00e9ditos<\/strong><\/td><td>4<\/td><\/tr><tr><td><strong>Ementa<\/strong><\/td><td>A \u00e9tica como componente de produ\u00e7\u00e3o de subjetividades. Problemas \u00e9ticos emergentes na sociedade contempor\u00e2nea. Considera\u00e7\u00f5es e questionamentos \u00e9ticos na Psicologia em diferentes contextos e institui\u00e7\u00f5es sociais.<\/td><\/tr><\/tbody><\/table><\/figure>\n\n\n\n<figure class=\"wp-block-table is-style-stripes\"><table><tbody><tr><td><strong>Psicologia, An\u00e1lise Institucional e Rela\u00e7\u00f5es de Poder<\/strong><\/td><\/tr><tr><td><strong>Carga hor\u00e1ria<\/strong><\/td><td>60 horas<\/td><\/tr><tr><td><strong>Cr\u00e9ditos<\/strong><\/td><td>4<\/td><\/tr><tr><td><strong>Ementa<\/strong><\/td><td>Perspectivas de pesquisa em Psicologia Social a partir de anal\u00edticas institucionais. Grupos sociais e institui\u00e7\u00f5es nos processos de subjetiva\u00e7\u00e3o. Interconex\u00f5es entre os processos de subjetiva\u00e7\u00e3o e as rela\u00e7\u00f5es de poder, controle e resist\u00eancia.<\/td><\/tr><\/tbody><\/table><\/figure>\n\n\n\n<figure class=\"wp-block-table is-style-stripes\"><table><tbody><tr><td><strong>Psicologia, Pol\u00edtica P\u00fablica e Sociedade<\/strong><\/td><\/tr><tr><td><strong>Carga hor\u00e1ria<\/strong><\/td><td>60 horas<\/td><\/tr><tr><td><strong>Cr\u00e9ditos<\/strong><\/td><td>4<\/td><\/tr><tr><td><strong>Ementa<\/strong><\/td><td>Psicologia e pol\u00edticas p\u00fablicas: problematiza\u00e7\u00f5es e produ\u00e7\u00e3o de conhecimento. Rela\u00e7\u00f5es entre pol\u00edticas p\u00fablicas, Estado e sociedade civil. Sociabilidade e a\u00e7\u00e3o coletiva no \u00e2mbito das pol\u00edticas p\u00fablicas. Processos de formula\u00e7\u00e3o, administra\u00e7\u00e3o e avalia\u00e7\u00e3o das pol\u00edticas p\u00fablicas: implica\u00e7\u00f5es com os modos de subjetiva\u00e7\u00e3o.<\/td><\/tr><\/tbody><\/table><\/figure>\n\n\n\n<h2 class=\"wp-block-heading\">Disciplinas Optativas para as Duas Linhas<\/h2>\n\n\n\n<figure class=\"wp-block-table is-style-stripes\"><table><tbody><tr><td><strong>T\u00f3picos Avan\u00e7ados em Psicologia<\/strong><\/td><\/tr><tr><td><strong>Carga hor\u00e1ria<\/strong><\/td><td>60 horas<\/td><\/tr><tr><td><strong>Cr\u00e9ditos<\/strong><\/td><td>4<\/td><\/tr><tr><td><strong>Ementa<\/strong><\/td><td>Discuss\u00e3o sobre tem\u00e1ticas emergentes em Psicologia e em \u00e1reas afins.<\/td><\/tr><\/tbody><\/table><\/figure>\n\n\n\n<figure class=\"wp-block-table is-style-stripes\"><table><tbody><tr><td><strong>Atividades Complementares I<\/strong><\/td><\/tr><tr><td><strong>Carga hor\u00e1ria<\/strong><\/td><td>30 horas<\/td><\/tr><tr><td><strong>Cr\u00e9ditos<\/strong><\/td><td>2<\/td><\/tr><tr><td><strong>Ementa<\/strong><\/td><td>Elabora\u00e7\u00e3o, submiss\u00e3o, aprova\u00e7\u00e3o e publica\u00e7\u00e3o de artigos referentes \u00e0 disserta\u00e7\u00e3o em peri\u00f3dicos que possuam minimamente Qualis B2 na \u00e1rea de Psicologia.<\/td><\/tr><\/tbody><\/table><\/figure>\n\n\n\n<figure class=\"wp-block-table is-style-stripes\"><table><tbody><tr><td><strong>Atividades Complementares II<\/strong><\/td><\/tr><tr><td><strong>Carga hor\u00e1ria<\/strong><\/td><td>30 horas<\/td><\/tr><tr><td><strong>Cr\u00e9ditos<\/strong><\/td><td>2<\/td><\/tr><tr><td><strong>Ementa<\/strong><\/td><td>Elabora\u00e7\u00e3o, submiss\u00e3o, aprova\u00e7\u00e3o e publica\u00e7\u00e3o de artigos referentes \u00e0 disserta\u00e7\u00e3o em peri\u00f3dicos que possuam minimamente Qualis B2 na \u00e1rea de Psicologia.<\/td><\/tr><\/tbody><\/table><\/figure>\n\n\n\n<h2 class=\"wp-block-heading\">Est\u00e1gio Obrigat\u00f3rio para Bolsistas<\/h2>\n\n\n\n<figure class=\"wp-block-table is-style-stripes\"><table><tbody><tr><td><strong>Est\u00e1gio Docente em Psicologia<\/strong><\/td><\/tr><tr><td><strong>Carga hor\u00e1ria<\/strong><\/td><td>30 horas<\/td><\/tr><tr><td><strong>Cr\u00e9ditos<\/strong><\/td><td>2<\/td><\/tr><tr><td><strong>Ementa<\/strong><\/td><td>Acompanhamento de atividades docentes em sala de aula, elabora\u00e7\u00e3o de plano de aula e execu\u00e7\u00e3o de atividades did\u00e1tico-pedag\u00f3gicas em disciplinas de Psicologia na gradua\u00e7\u00e3o.<\/td><\/tr><\/tbody><\/table><\/figure>\n","protected":false},"excerpt":{"rendered":"<p>Disciplinas Obrigat\u00f3rias para as Duas Linhas Metodologias de Pesquisa em Psicologia Carga hor\u00e1ria 60 horas Cr\u00e9ditos 4 Ementa Descri\u00e7\u00e3o das principais perspectivas metodol\u00f3gicas de pesquisa em Psicologia. M\u00e9todos qualitativo e quantitativo: pressupostos, instrumentos e t\u00e9cnicas relacionadas. Implica\u00e7\u00f5es \u00e9ticas e sociais da pesquisa em Psicologia. Prepara\u00e7\u00e3o Pedag\u00f3gica em Psicologia Carga hor\u00e1ria 60 horas Cr\u00e9ditos 4 Ementa [&hellip;]<\/p>\n","protected":false},"author":9,"featured_media":0,"parent":0,"menu_order":0,"comment_status":"closed","ping_status":"closed","template":"","meta":{"footnotes":""},"class_list":["post-400","page","type-page","status-publish","hentry"],"acf":[],"_links":{"self":[{"href":"https:\/\/pos.uel.br\/psicologia\/wp-json\/wp\/v2\/pages\/400","targetHints":{"allow":["GET"]}}],"collection":[{"href":"https:\/\/pos.uel.br\/psicologia\/wp-json\/wp\/v2\/pages"}],"about":[{"href":"https:\/\/pos.uel.br\/psicologia\/wp-json\/wp\/v2\/types\/page"}],"author":[{"embeddable":true,"href":"https:\/\/pos.uel.br\/psicologia\/wp-json\/wp\/v2\/users\/9"}],"replies":[{"embeddable":true,"href":"https:\/\/pos.uel.br\/psicologia\/wp-json\/wp\/v2\/comments?post=400"}],"version-history":[{"count":2,"href":"https:\/\/pos.uel.br\/psicologia\/wp-json\/wp\/v2\/pages\/400\/revisions"}],"predecessor-version":[{"id":405,"href":"https:\/\/pos.uel.br\/psicologia\/wp-json\/wp\/v2\/pages\/400\/revisions\/405"}],"wp:attachment":[{"href":"https:\/\/pos.uel.br\/psicologia\/wp-json\/wp\/v2\/media?parent=400"}],"curies":[{"name":"wp","href":"https:\/\/api.w.org\/{rel}","templated":true}]}}