{"id":2051,"date":"2024-03-07T09:30:15","date_gmt":"2024-03-07T12:30:15","guid":{"rendered":"https:\/\/pos.uel.br\/psicologia\/?page_id=2051"},"modified":"2026-03-07T11:43:50","modified_gmt":"2026-03-07T14:43:50","slug":"regimento-resolucoes-e-normas-doutorado","status":"publish","type":"page","link":"https:\/\/pos.uel.br\/psicologia\/regimento-resolucoes-e-normas-doutorado\/","title":{"rendered":"Regimento, Resolu\u00e7\u00f5es e Normas &#8211; Doutorado"},"content":{"rendered":"\n<p><a href=\"https:\/\/sites.uel.br\/proplan\/documentos-oficiais\/\" target=\"_blank\" rel=\"noreferrer noopener\"><strong>Regimento Geral da UEL<\/strong><\/a><\/p>\n\n\n\n<p><strong><a href=\"https:\/\/sites.uel.br\/proppg\/regulamentos-da-pos-graduacao\/\" target=\"_blank\" rel=\"noreferrer noopener\">Regulamentos do <em>Stricto sensu<\/em> da UEL<\/a><\/strong><\/p>\n\n\n\n<p><a href=\"https:\/\/pos.uel.br\/psicologia\/wp-content\/uploads\/2024\/03\/Resolucao-115-numero-de-vagas.pdf\" target=\"_blank\" rel=\"noreferrer noopener\">Resolu\u00e7\u00e3o CEPE no. 115\/2022<\/a> \u2013 Estabelece o n\u00famero de vagas do Curso de Doutorado em Psicologia<\/p>\n\n\n\n<p><a href=\"https:\/\/pos.uel.br\/psicologia\/wp-content\/uploads\/2024\/03\/Resolucao-113-Cria-Doutorado.pdf\" target=\"_blank\" rel=\"noreferrer noopener\">Resolu\u00e7\u00e3o CEPE no. 113\/2022<\/a> \u2013 Cria o Curso de Doutorado no \u00e2mbito do Programa de P\u00f3s-Gradua\u00e7\u00e3o em Psicologia, que passa a ter os n\u00edveis de Mestrado e de Doutorado<\/p>\n\n\n\n<p><a href=\"https:\/\/pos.uel.br\/psicologia\/wp-content\/uploads\/2026\/03\/Resol-CEPE-69-2025-Regimento-PPG-Psicologia-M-D.pdf\">Resolu\u00e7\u00e3o CEPE no. 069\/2025<\/a> \u2013 Altera o Regimento do Programa de P\u00f3s-Gradua\u00e7\u00e3o em Psicologia, n\u00edvel Mestrado e Doutorado<\/p>\n\n\n\n<p><a href=\"https:\/\/pos.uel.br\/psicologia\/wp-content\/uploads\/2026\/03\/Deliberac\u0327a\u0303o-22-205-Reest-PPG-Psicologia.pdf\">Delibera\u00e7\u00e3o  Colegiado Stricto Sensu no. 022\/2025<\/a> &#8211; Reestrutura o Programa de P\u00f3s-Gradua\u00e7\u00e3o em Psicologia (Mestrado e Doutorado).<br><\/p>\n\n\n\n<p><\/p>\n","protected":false},"excerpt":{"rendered":"<p>Regimento Geral da UEL Regulamentos do Stricto sensu da UEL Resolu\u00e7\u00e3o CEPE no. 115\/2022 \u2013 Estabelece o n\u00famero de vagas do Curso de Doutorado em Psicologia Resolu\u00e7\u00e3o CEPE no. 113\/2022 \u2013 Cria o Curso de Doutorado no \u00e2mbito do Programa de P\u00f3s-Gradua\u00e7\u00e3o em Psicologia, que passa a ter os n\u00edveis de Mestrado e de Doutorado [&hellip;]<\/p>\n","protected":false},"author":10,"featured_media":0,"parent":0,"menu_order":0,"comment_status":"closed","ping_status":"closed","template":"","meta":{"footnotes":""},"class_list":["post-2051","page","type-page","status-publish","hentry"],"acf":[],"_links":{"self":[{"href":"https:\/\/pos.uel.br\/psicologia\/wp-json\/wp\/v2\/pages\/2051","targetHints":{"allow":["GET"]}}],"collection":[{"href":"https:\/\/pos.uel.br\/psicologia\/wp-json\/wp\/v2\/pages"}],"about":[{"href":"https:\/\/pos.uel.br\/psicologia\/wp-json\/wp\/v2\/types\/page"}],"author":[{"embeddable":true,"href":"https:\/\/pos.uel.br\/psicologia\/wp-json\/wp\/v2\/users\/10"}],"replies":[{"embeddable":true,"href":"https:\/\/pos.uel.br\/psicologia\/wp-json\/wp\/v2\/comments?post=2051"}],"version-history":[{"count":11,"href":"https:\/\/pos.uel.br\/psicologia\/wp-json\/wp\/v2\/pages\/2051\/revisions"}],"predecessor-version":[{"id":3302,"href":"https:\/\/pos.uel.br\/psicologia\/wp-json\/wp\/v2\/pages\/2051\/revisions\/3302"}],"wp:attachment":[{"href":"https:\/\/pos.uel.br\/psicologia\/wp-json\/wp\/v2\/media?parent=2051"}],"curies":[{"name":"wp","href":"https:\/\/api.w.org\/{rel}","templated":true}]}}