{"id":10,"date":"2026-02-23T15:26:07","date_gmt":"2026-02-23T18:26:07","guid":{"rendered":"https:\/\/pos.uel.br\/profqui\/?page_id=10"},"modified":"2026-02-23T16:32:07","modified_gmt":"2026-02-23T19:32:07","slug":"inscricoes","status":"publish","type":"page","link":"https:\/\/pos.uel.br\/profqui\/inscricoes\/","title":{"rendered":"Inscri\u00e7\u00f5es"},"content":{"rendered":"\n<p><strong>PR\u00c9-REQUISITOS PARA INSCRI\u00c7\u00c3O<\/strong><\/p>\n\n\n\n<p>Poder\u00e3o participar do Exame Nacional de Acesso ao Mestrado Profissional em Qu\u00edmica, candidatos que atendam aos seguintes pr\u00e9-requisitos: <\/p>\n\n\n\n<p>a) Que sejam portadores de diplomas de gradua\u00e7\u00e3o em Qu\u00edmica (Licenciatura ou Bacharelado) ou \u00e1reas afins em cursos reconhecidos pelo Minist\u00e9rio de Educa\u00e7\u00e3o; <\/p>\n\n\n\n<p>b) Estejam em efetivo exerc\u00edcio de doc\u00eancia em Qu\u00edmica na Educa\u00e7\u00e3o B\u00e1sica.<\/p>\n\n\n\n<div class=\"wp-block-columns is-layout-flex wp-container-core-columns-is-layout-9d6595d7 wp-block-columns-is-layout-flex\">\n<div class=\"wp-block-column is-layout-flow wp-block-column-is-layout-flow\"><\/div>\n<\/div>\n","protected":false},"excerpt":{"rendered":"<p>PR\u00c9-REQUISITOS PARA INSCRI\u00c7\u00c3O Poder\u00e3o participar do Exame Nacional de Acesso ao Mestrado Profissional em Qu\u00edmica, candidatos que atendam aos seguintes pr\u00e9-requisitos: a) Que sejam portadores de diplomas de gradua\u00e7\u00e3o em Qu\u00edmica (Licenciatura ou Bacharelado) ou \u00e1reas afins em cursos reconhecidos pelo Minist\u00e9rio de Educa\u00e7\u00e3o; b) Estejam em efetivo exerc\u00edcio de doc\u00eancia em Qu\u00edmica na Educa\u00e7\u00e3o [&hellip;]<\/p>\n","protected":false},"author":6,"featured_media":0,"parent":0,"menu_order":0,"comment_status":"closed","ping_status":"closed","template":"","meta":{"_acf_changed":false,"footnotes":""},"class_list":["post-10","page","type-page","status-publish","hentry"],"acf":[],"_links":{"self":[{"href":"https:\/\/pos.uel.br\/profqui\/wp-json\/wp\/v2\/pages\/10","targetHints":{"allow":["GET"]}}],"collection":[{"href":"https:\/\/pos.uel.br\/profqui\/wp-json\/wp\/v2\/pages"}],"about":[{"href":"https:\/\/pos.uel.br\/profqui\/wp-json\/wp\/v2\/types\/page"}],"author":[{"embeddable":true,"href":"https:\/\/pos.uel.br\/profqui\/wp-json\/wp\/v2\/users\/6"}],"replies":[{"embeddable":true,"href":"https:\/\/pos.uel.br\/profqui\/wp-json\/wp\/v2\/comments?post=10"}],"version-history":[{"count":3,"href":"https:\/\/pos.uel.br\/profqui\/wp-json\/wp\/v2\/pages\/10\/revisions"}],"predecessor-version":[{"id":63,"href":"https:\/\/pos.uel.br\/profqui\/wp-json\/wp\/v2\/pages\/10\/revisions\/63"}],"wp:attachment":[{"href":"https:\/\/pos.uel.br\/profqui\/wp-json\/wp\/v2\/media?parent=10"}],"curies":[{"name":"wp","href":"https:\/\/api.w.org\/{rel}","templated":true}]}}

Inscrições

<p><strong>PRÉ-REQUISITOS PARA INSCRIÇÃO</strong></p>



<p>Poderão participar do Exame Nacional de Acesso ao Mestrado Profissional em Química, candidatos que atendam aos seguintes pré-requisitos: </p>



<p>a) Que sejam portadores de diplomas de graduação em Química (Licenciatura ou Bacharelado) ou áreas afins em cursos reconhecidos pelo Ministério de Educação; </p>



<p>b) Estejam em efetivo exercício de docência em Química na Educação Básica.</p>



<div class="wp-block-columns is-layout-flex wp-container-core-columns-is-layout-9d6595d7 wp-block-columns-is-layout-flex">
<div class="wp-block-column is-layout-flow wp-block-column-is-layout-flow"></div>
</div>

<p>PRÉ-REQUISITOS PARA INSCRIÇÃO Poderão participar do Exame Nacional de Acesso ao Mestrado Profissional em Química, candidatos que atendam aos seguintes pré-requisitos: a) Que sejam portadores de diplomas de graduação em Química (Licenciatura ou Bacharelado) ou áreas afins em cursos reconhecidos pelo Ministério de Educação; b) Estejam em efetivo exercício de docência em Química na Educação [&hellip;]</p>
