{"id":198,"date":"2021-11-05T15:12:07","date_gmt":"2021-11-05T18:12:07","guid":{"rendered":"https:\/\/pos.uel.br\/profletras\/?page_id=198"},"modified":"2022-10-27T16:56:55","modified_gmt":"2022-10-27T19:56:55","slug":"eventos","status":"publish","type":"page","link":"https:\/\/pos.uel.br\/profletras\/2021-2\/eventos\/","title":{"rendered":"IV SEDAPRO"},"content":{"rendered":"\n<p class=\"has-normal-font-size\"><\/p>\n\n\n\n<figure class=\"wp-block-image size-large\"><a href=\"https:\/\/pos.uel.br\/profletras\/wp-content\/uploads\/2021\/11\/VII-SEDAPRO-Seminario-de-Dissertacoes-em-Andamento-do-PR-IV-SISP-Seminario-de-Integracao-Sul-Profletras-1.pdf\"><img loading=\"lazy\" decoding=\"async\" width=\"724\" height=\"1024\" src=\"https:\/\/pos.uel.br\/profletras\/wp-content\/uploads\/2021\/11\/VII-SEDAPRO-Seminario-de-Dissertacoes-em-Andamento-do-PR-IV-SISP-Seminario-de-Integracao-Sul-Profletras-1-724x1024.png\" alt=\"\" class=\"wp-image-205\" srcset=\"https:\/\/pos.uel.br\/profletras\/wp-content\/uploads\/2021\/11\/VII-SEDAPRO-Seminario-de-Dissertacoes-em-Andamento-do-PR-IV-SISP-Seminario-de-Integracao-Sul-Profletras-1-724x1024.png 724w, https:\/\/pos.uel.br\/profletras\/wp-content\/uploads\/2021\/11\/VII-SEDAPRO-Seminario-de-Dissertacoes-em-Andamento-do-PR-IV-SISP-Seminario-de-Integracao-Sul-Profletras-1-212x300.png 212w, https:\/\/pos.uel.br\/profletras\/wp-content\/uploads\/2021\/11\/VII-SEDAPRO-Seminario-de-Dissertacoes-em-Andamento-do-PR-IV-SISP-Seminario-de-Integracao-Sul-Profletras-1-768x1086.png 768w, https:\/\/pos.uel.br\/profletras\/wp-content\/uploads\/2021\/11\/VII-SEDAPRO-Seminario-de-Dissertacoes-em-Andamento-do-PR-IV-SISP-Seminario-de-Integracao-Sul-Profletras-1-1086x1536.png 1086w, https:\/\/pos.uel.br\/profletras\/wp-content\/uploads\/2021\/11\/VII-SEDAPRO-Seminario-de-Dissertacoes-em-Andamento-do-PR-IV-SISP-Seminario-de-Integracao-Sul-Profletras-1-1448x2048.png 1448w, https:\/\/pos.uel.br\/profletras\/wp-content\/uploads\/2021\/11\/VII-SEDAPRO-Seminario-de-Dissertacoes-em-Andamento-do-PR-IV-SISP-Seminario-de-Integracao-Sul-Profletras-1.png 1587w\" sizes=\"auto, (max-width: 724px) 100vw, 724px\" \/><\/a><\/figure>\n\n\n\n<p><mark style=\"color:#a30023\" class=\"has-inline-color\"><strong><a rel=\"noreferrer noopener\" href=\"https:\/\/pos.uel.br\/profletras\/wp-content\/uploads\/2021\/11\/SEDAPRO-2021-Arguicao-1.pdf\" target=\"_blank\">SEDAPRO &#8211; PROGRAMA\u00c7\u00c3O DAS ARGUI\u00c7\u00d5ES<\/a><\/strong><\/mark><\/p>\n\n\n\n<p><strong><a href=\"https:\/\/pos.uel.br\/profletras\/wp-content\/uploads\/2021\/11\/cronograma_sedapro_sisp.pdf\" target=\"_blank\" rel=\"noreferrer noopener\">SISP &#8211; PROGRAMA\u00c7\u00c3O DAS COMUNICA\u00c7\u00d5ES<\/a><\/strong><\/p>\n\n\n\n<p class=\"has-medium-font-size\"><mark style=\"color:#1000a3\" class=\"has-inline-color\"><a href=\"https:\/\/pos.uel.br\/profletras\/wp-content\/uploads\/2021\/11\/VII-SEDAPRO-IV-SISP-envio-trabalhos.docx-1.pdf\" data-type=\"URL\" data-id=\"https:\/\/pos.uel.br\/profletras\/wp-content\/uploads\/2021\/11\/VII-SEDAPRO-IV-SISP-envio-trabalhos.docx-1.pdf\">Informa\u00e7\u00f5es sobre inscri\u00e7\u00f5es e formas de participa\u00e7\u00e3o <\/a><\/mark><\/p>\n\n\n\n<p><\/p>\n\n\n\n<p><\/p>\n","protected":false},"excerpt":{"rendered":"<p>SEDAPRO &#8211; PROGRAMA\u00c7\u00c3O DAS ARGUI\u00c7\u00d5ES SISP &#8211; PROGRAMA\u00c7\u00c3O DAS COMUNICA\u00c7\u00d5ES Informa\u00e7\u00f5es sobre inscri\u00e7\u00f5es e formas de participa\u00e7\u00e3o<\/p>\n","protected":false},"author":10,"featured_media":0,"parent":139,"menu_order":0,"comment_status":"closed","ping_status":"closed","template":"","meta":{"_acf_changed":false,"_themeisle_gutenberg_block_has_review":false,"footnotes":""},"class_list":["post-198","page","type-page","status-publish","hentry"],"acf":[],"_links":{"self":[{"href":"https:\/\/pos.uel.br\/profletras\/wp-json\/wp\/v2\/pages\/198","targetHints":{"allow":["GET"]}}],"collection":[{"href":"https:\/\/pos.uel.br\/profletras\/wp-json\/wp\/v2\/pages"}],"about":[{"href":"https:\/\/pos.uel.br\/profletras\/wp-json\/wp\/v2\/types\/page"}],"author":[{"embeddable":true,"href":"https:\/\/pos.uel.br\/profletras\/wp-json\/wp\/v2\/users\/10"}],"replies":[{"embeddable":true,"href":"https:\/\/pos.uel.br\/profletras\/wp-json\/wp\/v2\/comments?post=198"}],"version-history":[{"count":14,"href":"https:\/\/pos.uel.br\/profletras\/wp-json\/wp\/v2\/pages\/198\/revisions"}],"predecessor-version":[{"id":249,"href":"https:\/\/pos.uel.br\/profletras\/wp-json\/wp\/v2\/pages\/198\/revisions\/249"}],"up":[{"embeddable":true,"href":"https:\/\/pos.uel.br\/profletras\/wp-json\/wp\/v2\/pages\/139"}],"wp:attachment":[{"href":"https:\/\/pos.uel.br\/profletras\/wp-json\/wp\/v2\/media?parent=198"}],"curies":[{"name":"wp","href":"https:\/\/api.w.org\/{rel}","templated":true}]}}