{"id":228,"date":"2021-07-20T17:13:38","date_gmt":"2021-07-20T20:13:38","guid":{"rendered":"https:\/\/pos.uel.br\/ppgsoc\/?page_id=228"},"modified":"2021-10-04T17:56:22","modified_gmt":"2021-10-04T20:56:22","slug":"docente","status":"publish","type":"page","link":"https:\/\/pos.uel.br\/ppgsoc\/docente\/","title":{"rendered":"Docente"},"content":{"rendered":"\n<div class=\"wp-block-cover alignfull has-background-dim\"><img decoding=\"async\" class=\"wp-block-cover__image-background wp-image-698\" alt=\"\" src=\"https:\/\/pos.uel.br\/ppgsoc\/wp-content\/uploads\/2021\/07\/pexels-los-muertos-crew-8853390-scaled.jpg\" style=\"object-position:60% 100%\" data-object-fit=\"cover\" data-object-position=\"60% 100%\"\/><div class=\"wp-block-cover__inner-container is-layout-flow wp-block-cover-is-layout-flow\">\n<p class=\"has-text-align-center has-large-font-size\"><strong>Docente <\/strong><\/p>\n<\/div><\/div>\n\n\n\n<div style=\"height:50px\" aria-hidden=\"true\" class=\"wp-block-spacer\"><\/div>\n\n\n\n<div class=\"wp-block-uel-card\">\n<div class=\"wp-block-columns alignwide is-layout-flex wp-container-core-columns-is-layout-9d6595d7 wp-block-columns-is-layout-flex\">\n<div class=\"wp-block-column is-layout-flow wp-block-column-is-layout-flow\" style=\"flex-basis:50%\">\n<p class=\"has-secondary-text-color has-text-color\">O corpo docente do PPGSOC\/UEL \u00e9 composto por docentes permanentes, docentes colaboradores\/as e docentes visitantes, portadores\/as portadoras no m\u00ednimo do t\u00edtulo de Doutor\/a. O ingresso como docente ocorre por meio de Processos de Sele\u00e7\u00e3o definidos em editais espec\u00edficos que s\u00e3o publicados de acordo com as demandas de renova\u00e7\u00e3o do quadro docente do programa. Para obter credenciamento, o\/a docente dever\u00e1 comprovar as seguintes condi\u00e7\u00f5es:<\/p>\n\n\n\n<ul type=\"I\" class=\"has-secondary-text-color has-text-color wp-block-list\"><li>Ter doutorado em Sociologia ou em \u00e1reas afins;<\/li><li>Inscrever-se na sele\u00e7\u00e3o de credenciamento aberta por meio de edital espec\u00edfico;<\/li><li>Ter produ\u00e7\u00e3o e trajet\u00f3ria acad\u00e9mica compat\u00edveis com ao menos uma das linhas de pesquisa do Programa;<\/li><li>Coordenar projeto de pesquisa;<\/li><li>Ter no m\u00ednimo 01 (uma) orienta\u00e7\u00e3o conclu\u00edda de IC, TCC, Especializa\u00e7\u00e3o, Mestrado ou Doutorado;<\/li><li>Ter publica\u00e7\u00e3o de, no m\u00ednimo, 02 (dois) artigos cient\u00edficos nos \u00faltimos 04 (quatro) anos, em peri\u00f3dico classificado nos estratos superiores na \u00e1rea de Sociologia e\/ou afins.<\/li><\/ul>\n<\/div>\n\n\n\n<div class=\"wp-block-column is-layout-flow wp-block-column-is-layout-flow\" style=\"flex-basis:50%\">\n<div style=\"height:20px\" aria-hidden=\"true\" class=\"wp-block-spacer\"><\/div>\n\n\n\n<figure class=\"wp-block-image\"><img decoding=\"async\" src=\"https:\/\/pos.uel.br\/ppgsoc\/wp-content\/uploads\/2021\/08\/pexels-cottonbro-6334766-scaled.jpg\" alt=\"\" class=\"wp-image-799\"\/><\/figure>\n<\/div>\n<\/div>\n<\/div>\n","protected":false},"excerpt":{"rendered":"","protected":false},"author":9,"featured_media":0,"parent":0,"menu_order":0,"comment_status":"closed","ping_status":"closed","template":"page-templates\/template-without-title.php","meta":{"_acf_changed":false,"footnotes":""},"class_list":["post-228","page","type-page","status-publish","hentry"],"acf":[],"_links":{"self":[{"href":"https:\/\/pos.uel.br\/ppgsoc\/wp-json\/wp\/v2\/pages\/228","targetHints":{"allow":["GET"]}}],"collection":[{"href":"https:\/\/pos.uel.br\/ppgsoc\/wp-json\/wp\/v2\/pages"}],"about":[{"href":"https:\/\/pos.uel.br\/ppgsoc\/wp-json\/wp\/v2\/types\/page"}],"author":[{"embeddable":true,"href":"https:\/\/pos.uel.br\/ppgsoc\/wp-json\/wp\/v2\/users\/9"}],"replies":[{"embeddable":true,"href":"https:\/\/pos.uel.br\/ppgsoc\/wp-json\/wp\/v2\/comments?post=228"}],"version-history":[{"count":11,"href":"https:\/\/pos.uel.br\/ppgsoc\/wp-json\/wp\/v2\/pages\/228\/revisions"}],"predecessor-version":[{"id":2021,"href":"https:\/\/pos.uel.br\/ppgsoc\/wp-json\/wp\/v2\/pages\/228\/revisions\/2021"}],"wp:attachment":[{"href":"https:\/\/pos.uel.br\/ppgsoc\/wp-json\/wp\/v2\/media?parent=228"}],"curies":[{"name":"wp","href":"https:\/\/api.w.org\/{rel}","templated":true}]}}