{"id":154,"date":"2021-07-20T14:45:27","date_gmt":"2021-07-20T17:45:27","guid":{"rendered":"https:\/\/pos.uel.br\/ppgsoc\/?page_id=154"},"modified":"2021-08-13T16:29:55","modified_gmt":"2021-08-13T19:29:55","slug":"projetos-de-extensao","status":"publish","type":"page","link":"https:\/\/pos.uel.br\/ppgsoc\/projetos-de-extensao\/","title":{"rendered":"Projetos de extens\u00e3o"},"content":{"rendered":"\n<div class=\"wp-block-cover alignfull has-background-dim\"><img decoding=\"async\" class=\"wp-block-cover__image-background wp-image-660\" alt=\"\" src=\"https:\/\/pos.uel.br\/ppgsoc\/wp-content\/uploads\/2021\/07\/pexels-artem-beliaikin-1079033-scaled.jpg\" data-object-fit=\"cover\"\/><div class=\"wp-block-cover__inner-container is-layout-flow wp-block-cover-is-layout-flow\">\n<p class=\"has-text-align-center has-large-font-size\"><strong>Projetos de extens\u00e3o<\/strong><\/p>\n<\/div><\/div>\n\n\n\n<div style=\"height:25px\" aria-hidden=\"true\" class=\"wp-block-spacer\"><\/div>\n\n\n\n<div class=\"wp-block-uel-card\">\n<h5 class=\"wp-block-heading\"><span class=\"has-inline-color has-primary-accent-color\">Eliel Ribeiro Machado<\/span><\/h5>\n\n\n\n<ul class=\"has-secondary-text-color has-text-color wp-block-list\"><li><span class=\"has-inline-color has-secondary-text-color\">Am\u00e9rica Latina Pulsa! Am\u00e9rica Latina Tiembla! Contribui\u00e7\u00f5es \u00e0 forma\u00e7\u00e3o pol\u00edtica dos movimentos sociais e de lideran\u00e7as populares latino-americanas.<\/span><a href=\"https:\/\/pos.uel.br\/ppgsoc\/wp-content\/uploads\/2021\/08\/pex_projetoscadastrados_2021-07-15_21-44-16.pdf\" data-type=\"URL\" data-id=\"https:\/\/pos.uel.br\/ppgsoc\/wp-content\/uploads\/2021\/08\/pex_projetoscadastrados_2021-07-15_21-44-16.pdf\" target=\"_blank\" rel=\"noreferrer noopener\"> (veja aqui)<\/a><\/li><\/ul>\n<\/div>\n\n\n\n<div class=\"wp-block-uel-card\">\n<h5 class=\"wp-block-heading\"><span class=\"has-inline-color has-primary-accent-color\">F\u00e1bio Lanza<\/span><\/h5>\n\n\n\n<ul class=\"has-secondary-text-color has-text-color wp-block-list\"><li><span class=\"has-inline-color has-secondary-text-color\">Pr\u00e1xis itinerante: novas perspectivas para as juventudes e popula\u00e7\u00f5es vulner\u00e1veis.<\/span> <a href=\"https:\/\/www.sistemasweb.uel.br\/system\/prj\/pex\/pdf\/pex_projetoscadastrados_2021-07-15_21-45-49.pdf\" data-type=\"URL\" data-id=\"https:\/\/www.sistemasweb.uel.br\/system\/prj\/pex\/pdf\/pex_projetoscadastrados_2021-07-15_21-45-49.pdf\" target=\"_blank\" rel=\"noreferrer noopener\">(veja aqui)<\/a><\/li><\/ul>\n\n\n\n<p class=\"has-secondary-text-color has-text-color\"><\/p>\n<\/div>\n\n\n\n<div class=\"wp-block-uel-card\">\n<h5 class=\"wp-block-heading\"><span class=\"has-inline-color has-primary-accent-color\">Maria Nilza da Silva<\/span><\/h5>\n\n\n\n<ul class=\"has-secondary-text-color has-text-color wp-block-list\"><li><span class=\"has-inline-color has-secondary-text-color\">LEAFRO IV: inclus\u00e3o e promo\u00e7\u00e3o da igualdade racial da UEL.<\/span> <a href=\"https:\/\/www.sistemasweb.uel.br\/system\/prj\/pex\/pdf\/pex_projetoscadastrados_2021-07-15_21-47-45.pdf\" data-type=\"URL\" data-id=\"https:\/\/www.sistemasweb.uel.br\/system\/prj\/pex\/pdf\/pex_projetoscadastrados_2021-07-15_21-47-45.pdf\" target=\"_blank\" rel=\"noreferrer noopener\">(veja aqui)<\/a><\/li><\/ul>\n<\/div>\n\n\n\n<div class=\"wp-block-uel-card\">\n<h5 class=\"wp-block-heading\"><span class=\"has-inline-color has-primary-accent-color\">Maria Nilza da Silva | \u00c2ngela Maria de Sousa Lima<\/span><\/h5>\n\n\n\n<ul class=\"has-secondary-text-color has-text-color wp-block-list\"><li><span class=\"has-inline-color has-secondary-text-color\">O direito ao acesso \u00e0 Universidade Estadual de Londrina: divulga\u00e7\u00e3o, incentivo e inclus\u00e3o de estudantes de escolas p\u00fablicas ao ensino superior por meio de a\u00e7\u00f5es afirmativas<\/span>. <a rel=\"noreferrer noopener\" href=\"https:\/\/www.sistemasweb.uel.br\/system\/prj\/pex\/pdf\/pex_projetoscadastrados_2021-07-15_21-48-21.pdf\" data-type=\"URL\" data-id=\"https:\/\/www.sistemasweb.uel.br\/system\/prj\/pex\/pdf\/pex_projetoscadastrados_2021-07-15_21-48-21.pdf\" target=\"_blank\">(veja aqui)<\/a><\/li><\/ul>\n<\/div>\n\n\n\n<div class=\"wp-block-uel-card\">\n<h5 class=\"wp-block-heading\"><span class=\"has-inline-color has-primary-accent-color\">Silvana Mariano | Raquel Kritsch<\/span><\/h5>\n\n\n\n<ul class=\"has-secondary-text-color has-text-color wp-block-list\"><li><span class=\"has-inline-color has-secondary-text-color\">Mulheres construindo democracia. <\/span><a rel=\"noreferrer noopener\" href=\"https:\/\/www.sistemasweb.uel.br\/system\/prj\/pex\/pdf\/pex_projetoscadastrados_2021-07-15_21-49-26.pdf\" data-type=\"URL\" data-id=\"https:\/\/www.sistemasweb.uel.br\/system\/prj\/pex\/pdf\/pex_projetoscadastrados_2021-07-15_21-49-26.pdf\" target=\"_blank\">(veja aqui)<\/a><\/li><\/ul>\n<\/div>\n","protected":false},"excerpt":{"rendered":"","protected":false},"author":9,"featured_media":0,"parent":0,"menu_order":0,"comment_status":"closed","ping_status":"closed","template":"page-templates\/template-without-title.php","meta":{"_acf_changed":false,"footnotes":""},"class_list":["post-154","page","type-page","status-publish","hentry"],"acf":[],"_links":{"self":[{"href":"https:\/\/pos.uel.br\/ppgsoc\/wp-json\/wp\/v2\/pages\/154","targetHints":{"allow":["GET"]}}],"collection":[{"href":"https:\/\/pos.uel.br\/ppgsoc\/wp-json\/wp\/v2\/pages"}],"about":[{"href":"https:\/\/pos.uel.br\/ppgsoc\/wp-json\/wp\/v2\/types\/page"}],"author":[{"embeddable":true,"href":"https:\/\/pos.uel.br\/ppgsoc\/wp-json\/wp\/v2\/users\/9"}],"replies":[{"embeddable":true,"href":"https:\/\/pos.uel.br\/ppgsoc\/wp-json\/wp\/v2\/comments?post=154"}],"version-history":[{"count":8,"href":"https:\/\/pos.uel.br\/ppgsoc\/wp-json\/wp\/v2\/pages\/154\/revisions"}],"predecessor-version":[{"id":1646,"href":"https:\/\/pos.uel.br\/ppgsoc\/wp-json\/wp\/v2\/pages\/154\/revisions\/1646"}],"wp:attachment":[{"href":"https:\/\/pos.uel.br\/ppgsoc\/wp-json\/wp\/v2\/media?parent=154"}],"curies":[{"name":"wp","href":"https:\/\/api.w.org\/{rel}","templated":true}]}}

Projetos de extensão

<div class="wp-block-cover alignfull has-background-dim"><img decoding="async" class="wp-block-cover__image-background wp-image-660" alt="" src="https://pos.uel.br/ppgsoc/wp-content/uploads/2021/07/pexels-artem-beliaikin-1079033-scaled.jpg" data-object-fit="cover"/><div class="wp-block-cover__inner-container is-layout-flow wp-block-cover-is-layout-flow">
<p class="has-text-align-center has-large-font-size"><strong>Projetos de extensão</strong></p>
</div></div>



<div style="height:25px" aria-hidden="true" class="wp-block-spacer"></div>



<div class="wp-block-uel-card">
<h5 class="wp-block-heading"><span class="has-inline-color has-primary-accent-color">Eliel Ribeiro Machado</span></h5>



<ul class="has-secondary-text-color has-text-color wp-block-list"><li><span class="has-inline-color has-secondary-text-color">América Latina Pulsa! América Latina Tiembla! Contribuições à formação política dos movimentos sociais e de lideranças populares latino-americanas.</span><a href="https://pos.uel.br/ppgsoc/wp-content/uploads/2021/08/pex_projetoscadastrados_2021-07-15_21-44-16.pdf" data-type="URL" data-id="https://pos.uel.br/ppgsoc/wp-content/uploads/2021/08/pex_projetoscadastrados_2021-07-15_21-44-16.pdf" target="_blank" rel="noreferrer noopener"> (veja aqui)</a></li></ul>
</div>



<div class="wp-block-uel-card">
<h5 class="wp-block-heading"><span class="has-inline-color has-primary-accent-color">Fábio Lanza</span></h5>



<ul class="has-secondary-text-color has-text-color wp-block-list"><li><span class="has-inline-color has-secondary-text-color">Práxis itinerante: novas perspectivas para as juventudes e populações vulneráveis.</span> <a href="https://www.sistemasweb.uel.br/system/prj/pex/pdf/pex_projetoscadastrados_2021-07-15_21-45-49.pdf" data-type="URL" data-id="https://www.sistemasweb.uel.br/system/prj/pex/pdf/pex_projetoscadastrados_2021-07-15_21-45-49.pdf" target="_blank" rel="noreferrer noopener">(veja aqui)</a></li></ul>



<p class="has-secondary-text-color has-text-color"></p>
</div>



<div class="wp-block-uel-card">
<h5 class="wp-block-heading"><span class="has-inline-color has-primary-accent-color">Maria Nilza da Silva</span></h5>



<ul class="has-secondary-text-color has-text-color wp-block-list"><li><span class="has-inline-color has-secondary-text-color">LEAFRO IV: inclusão e promoção da igualdade racial da UEL.</span> <a href="https://www.sistemasweb.uel.br/system/prj/pex/pdf/pex_projetoscadastrados_2021-07-15_21-47-45.pdf" data-type="URL" data-id="https://www.sistemasweb.uel.br/system/prj/pex/pdf/pex_projetoscadastrados_2021-07-15_21-47-45.pdf" target="_blank" rel="noreferrer noopener">(veja aqui)</a></li></ul>
</div>



<div class="wp-block-uel-card">
<h5 class="wp-block-heading"><span class="has-inline-color has-primary-accent-color">Maria Nilza da Silva | Ângela Maria de Sousa Lima</span></h5>



<ul class="has-secondary-text-color has-text-color wp-block-list"><li><span class="has-inline-color has-secondary-text-color">O direito ao acesso à Universidade Estadual de Londrina: divulgação, incentivo e inclusão de estudantes de escolas públicas ao ensino superior por meio de ações afirmativas</span>. <a rel="noreferrer noopener" href="https://www.sistemasweb.uel.br/system/prj/pex/pdf/pex_projetoscadastrados_2021-07-15_21-48-21.pdf" data-type="URL" data-id="https://www.sistemasweb.uel.br/system/prj/pex/pdf/pex_projetoscadastrados_2021-07-15_21-48-21.pdf" target="_blank">(veja aqui)</a></li></ul>
</div>



<div class="wp-block-uel-card">
<h5 class="wp-block-heading"><span class="has-inline-color has-primary-accent-color">Silvana Mariano | Raquel Kritsch</span></h5>



<ul class="has-secondary-text-color has-text-color wp-block-list"><li><span class="has-inline-color has-secondary-text-color">Mulheres construindo democracia. </span><a rel="noreferrer noopener" href="https://www.sistemasweb.uel.br/system/prj/pex/pdf/pex_projetoscadastrados_2021-07-15_21-49-26.pdf" data-type="URL" data-id="https://www.sistemasweb.uel.br/system/prj/pex/pdf/pex_projetoscadastrados_2021-07-15_21-49-26.pdf" target="_blank">(veja aqui)</a></li></ul>
</div>
