{"id":125,"date":"2021-07-20T14:41:53","date_gmt":"2021-07-20T17:41:53","guid":{"rendered":"https:\/\/pos.uel.br\/ppgsoc\/?page_id=125"},"modified":"2024-04-10T16:05:47","modified_gmt":"2024-04-10T19:05:47","slug":"prazos","status":"publish","type":"page","link":"https:\/\/pos.uel.br\/ppgsoc\/prazos\/","title":{"rendered":"Prazos"},"content":{"rendered":"\n<p><\/p>\n\n\n\n<div class=\"wp-block-cover alignfull\"><span aria-hidden=\"true\" class=\"wp-block-cover__background has-background-dim\"><\/span><img decoding=\"async\" class=\"wp-block-cover__image-background wp-image-646\" alt=\"\" src=\"https:\/\/pos.uel.br\/ppgsoc\/wp-content\/uploads\/2021\/07\/pexels-anna-tarazevich-4985336-scaled.jpg\" style=\"object-position:45% 51%\" data-object-fit=\"cover\" data-object-position=\"45% 51%\" \/><div class=\"wp-block-cover__inner-container is-layout-flow wp-block-cover-is-layout-flow\">\n<p class=\"has-text-align-center has-large-font-size\"><strong>Prazos <\/strong><\/p>\n<\/div><\/div>\n\n\n\n<div style=\"height:50px\" aria-hidden=\"true\" class=\"wp-block-spacer\"><\/div>\n\n\n\n<div class=\"wp-block-uel-card\">\n<h5 class=\"wp-block-heading\" id=\"matriculas-e-rematriculas\"><mark class=\"has-inline-color has-primary-accent-color\">Matr\u00edculas e Rematr\u00edculas <\/mark><\/h5>\n\n\n\n<p class=\"has-secondary-text-color has-text-color\">\u00c9 de responsabilidade do\/a estudante se atentar para as\u00a0datas e prazos\u00a0relativos ao per\u00edodo de matr\u00edculas e rematr\u00edculas em disciplinas, que devem ocorrer semestralmente at\u00e9 a obten\u00e7\u00e3o do t\u00edtulo de Mestre\/a ou Doutor\/a. Essas\u00a0datas podem ser encontradas no <a href=\"https:\/\/drive.google.com\/file\/d\/1h7H-R45rAKIyLhjlRaazaWqNUHBCO2nn\/view?usp=sharing\"><mark class=\"has-inline-color has-primary-accent-color\">Calend\u00e1rio das Atividades dos Programas de P\u00f3s-Gradua\u00e7\u00e3o Stricto Sensu<\/mark>.<\/a><\/p>\n\n\n\n<p class=\"has-secondary-text-color has-text-color\">A matr\u00edcula em Disserta\u00e7\u00e3o ou Tese deve ser realizada semestralmente desde o ingresso no programa, n\u00e3o sendo permitido o cancelamento ou a inclus\u00e3o dessas disciplinas durante o semestre letivo. As matr\u00edculas nas demais disciplinas obrigat\u00f3rias e eletivas devem ocorrer com o aval do\/a orientador\/a. Os que perderem os prazos regulares poder\u00e3o se matricular em um prazo de 15 (quinze) dias, a contar do encerramento da rematr\u00edcula, mediante o pagamento de multa. O n\u00e3o cumprimento desses prazos implicar\u00e1 no desligamento autom\u00e1tico do programa.<\/p>\n<\/div>\n\n\n\n<div class=\"wp-block-uel-card\">\n<h5 class=\"wp-block-heading\" id=\"qualificacao\"><mark class=\"has-inline-color has-primary-accent-color\">Qualifica\u00e7\u00e3o <\/mark><\/h5>\n\n\n\n<p class=\"has-secondary-text-color has-text-color\">O Exame de Qualifica\u00e7\u00e3o dever\u00e1 ser requerido pelo\/a estudante, via Portal do Estudante, ap\u00f3s aprova\u00e7\u00e3o no Exame de Profici\u00eancia em L\u00edngua Estrangeira e integraliza\u00e7\u00e3o dos cr\u00e9ditos exigidos pelo programa, excetuados aqueles em Disserta\u00e7\u00e3o ou Tese.<\/p>\n\n\n\n<p class=\"has-secondary-text-color has-text-color\">O Exame de Qualifica\u00e7\u00e3o para o Mestrado dever\u00e1 ser realizado em no m\u00ednimo 12 (doze) meses e no m\u00e1ximo 20 (vinte) meses ap\u00f3s a data de matr\u00edcula no programa. Para o Doutorado dever\u00e1 ser realizado em no m\u00ednimo 24 (vinte e quatro) e no m\u00e1ximo 30 (trinta) meses ap\u00f3s a data de matr\u00edcula no programa. A solicita\u00e7\u00e3o de prorroga\u00e7\u00e3o de prazo ser\u00e1 feita somente com data marcada para o Exame e com banca definida.<\/p>\n<\/div>\n\n\n\n<div class=\"wp-block-uel-card\">\n<h5 class=\"wp-block-heading\" id=\"deposito-da-dissertacao-ou-tese\"><mark class=\"has-inline-color has-primary-accent-color\">Dep\u00f3sito da Disserta\u00e7\u00e3o ou Tese<\/mark><\/h5>\n\n\n\n<p class=\"has-secondary-text-color has-text-color\">O prazo m\u00e1ximo para o dep\u00f3sito da Disserta\u00e7\u00e3o de Mestrado \u00e9 de 24 (vinte e quatro) meses. Esse prazo poder\u00e1 ser prorrogado por meio de 03 (tr\u00eas) pedidos distintos de at\u00e9 04 (quatro) meses cada um, respeitando o Regimento Interno do PPGSOC, por solicita\u00e7\u00e3o justificada pelo\/a estudante, ouvido o\/a Orientador\/a e a Coordena\u00e7\u00e3o do Programa. O segundo e o terceiro pedidos ser\u00e3o analisados pelo Colegiado Acad\u00eamico do curso, sendo que na an\u00e1lise do segundo pedido o\/a estudante j\u00e1 tenha realizado o Exame de Qualifica\u00e7\u00e3o.<\/p>\n\n\n\n<p class=\"has-secondary-text-color has-text-color\">O prazo m\u00e1ximo para o dep\u00f3sito da Tese de Doutorado \u00e9 de 48 (quarenta e oito) meses. Esse prazo poder\u00e1 ser prorrogado por meio de 02 (dois) pedidos distintos de at\u00e9 06 (seis) meses cada um, respeitando o Regimento Interno do PPGSOC, por solicita\u00e7\u00e3o justificada pelo\/a estudante, ouvido o\/a Orientador\/a e a Coordena\u00e7\u00e3o do Programa. O segundo pedido ser\u00e1 analisado pelo Colegiado Acad\u00eamico do curso, sendo que na an\u00e1lise do segundo pedido o\/a estudante j\u00e1 tenha realizado o Exame de Qualifica\u00e7\u00e3o.<\/p>\n<\/div>\n\n\n\n<p><\/p>\n","protected":false},"excerpt":{"rendered":"","protected":false},"author":9,"featured_media":0,"parent":0,"menu_order":0,"comment_status":"closed","ping_status":"closed","template":"page-templates\/template-without-title.php","meta":{"_acf_changed":false,"footnotes":""},"class_list":["post-125","page","type-page","status-publish","hentry"],"acf":[],"_links":{"self":[{"href":"https:\/\/pos.uel.br\/ppgsoc\/wp-json\/wp\/v2\/pages\/125","targetHints":{"allow":["GET"]}}],"collection":[{"href":"https:\/\/pos.uel.br\/ppgsoc\/wp-json\/wp\/v2\/pages"}],"about":[{"href":"https:\/\/pos.uel.br\/ppgsoc\/wp-json\/wp\/v2\/types\/page"}],"author":[{"embeddable":true,"href":"https:\/\/pos.uel.br\/ppgsoc\/wp-json\/wp\/v2\/users\/9"}],"replies":[{"embeddable":true,"href":"https:\/\/pos.uel.br\/ppgsoc\/wp-json\/wp\/v2\/comments?post=125"}],"version-history":[{"count":9,"href":"https:\/\/pos.uel.br\/ppgsoc\/wp-json\/wp\/v2\/pages\/125\/revisions"}],"predecessor-version":[{"id":3330,"href":"https:\/\/pos.uel.br\/ppgsoc\/wp-json\/wp\/v2\/pages\/125\/revisions\/3330"}],"wp:attachment":[{"href":"https:\/\/pos.uel.br\/ppgsoc\/wp-json\/wp\/v2\/media?parent=125"}],"curies":[{"name":"wp","href":"https:\/\/api.w.org\/{rel}","templated":true}]}}

<p></p>



<div class="wp-block-cover alignfull"><span aria-hidden="true" class="wp-block-cover__background has-background-dim"></span><img decoding="async" class="wp-block-cover__image-background wp-image-646" alt="" src="https://pos.uel.br/ppgsoc/wp-content/uploads/2021/07/pexels-anna-tarazevich-4985336-scaled.jpg" style="object-position:45% 51%" data-object-fit="cover" data-object-position="45% 51%" /><div class="wp-block-cover__inner-container is-layout-flow wp-block-cover-is-layout-flow">
<p class="has-text-align-center has-large-font-size"><strong>Prazos </strong></p>
</div></div>



<div style="height:50px" aria-hidden="true" class="wp-block-spacer"></div>



<div class="wp-block-uel-card">
<h5 class="wp-block-heading" id="matriculas-e-rematriculas"><mark class="has-inline-color has-primary-accent-color">Matrículas e Rematrículas </mark></h5>



<p class="has-secondary-text-color has-text-color">É de responsabilidade do/a estudante se atentar para as datas e prazos relativos ao período de matrículas e rematrículas em disciplinas, que devem ocorrer semestralmente até a obtenção do título de Mestre/a ou Doutor/a. Essas datas podem ser encontradas no <a href="https://drive.google.com/file/d/1h7H-R45rAKIyLhjlRaazaWqNUHBCO2nn/view?usp=sharing"><mark class="has-inline-color has-primary-accent-color">Calendário das Atividades dos Programas de Pós-Graduação Stricto Sensu</mark>.</a></p>



<p class="has-secondary-text-color has-text-color">A matrícula em Dissertação ou Tese deve ser realizada semestralmente desde o ingresso no programa, não sendo permitido o cancelamento ou a inclusão dessas disciplinas durante o semestre letivo. As matrículas nas demais disciplinas obrigatórias e eletivas devem ocorrer com o aval do/a orientador/a. Os que perderem os prazos regulares poderão se matricular em um prazo de 15 (quinze) dias, a contar do encerramento da rematrícula, mediante o pagamento de multa. O não cumprimento desses prazos implicará no desligamento automático do programa.</p>
</div>



<div class="wp-block-uel-card">
<h5 class="wp-block-heading" id="qualificacao"><mark class="has-inline-color has-primary-accent-color">Qualificação </mark></h5>



<p class="has-secondary-text-color has-text-color">O Exame de Qualificação deverá ser requerido pelo/a estudante, via Portal do Estudante, após aprovação no Exame de Proficiência em Língua Estrangeira e integralização dos créditos exigidos pelo programa, excetuados aqueles em Dissertação ou Tese.</p>



<p class="has-secondary-text-color has-text-color">O Exame de Qualificação para o Mestrado deverá ser realizado em no mínimo 12 (doze) meses e no máximo 20 (vinte) meses após a data de matrícula no programa. Para o Doutorado deverá ser realizado em no mínimo 24 (vinte e quatro) e no máximo 30 (trinta) meses após a data de matrícula no programa. A solicitação de prorrogação de prazo será feita somente com data marcada para o Exame e com banca definida.</p>
</div>



<div class="wp-block-uel-card">
<h5 class="wp-block-heading" id="deposito-da-dissertacao-ou-tese"><mark class="has-inline-color has-primary-accent-color">Depósito da Dissertação ou Tese</mark></h5>



<p class="has-secondary-text-color has-text-color">O prazo máximo para o depósito da Dissertação de Mestrado é de 24 (vinte e quatro) meses. Esse prazo poderá ser prorrogado por meio de 03 (três) pedidos distintos de até 04 (quatro) meses cada um, respeitando o Regimento Interno do PPGSOC, por solicitação justificada pelo/a estudante, ouvido o/a Orientador/a e a Coordenação do Programa. O segundo e o terceiro pedidos serão analisados pelo Colegiado Acadêmico do curso, sendo que na análise do segundo pedido o/a estudante já tenha realizado o Exame de Qualificação.</p>



<p class="has-secondary-text-color has-text-color">O prazo máximo para o depósito da Tese de Doutorado é de 48 (quarenta e oito) meses. Esse prazo poderá ser prorrogado por meio de 02 (dois) pedidos distintos de até 06 (seis) meses cada um, respeitando o Regimento Interno do PPGSOC, por solicitação justificada pelo/a estudante, ouvido o/a Orientador/a e a Coordenação do Programa. O segundo pedido será analisado pelo Colegiado Acadêmico do curso, sendo que na análise do segundo pedido o/a estudante já tenha realizado o Exame de Qualificação.</p>
</div>



<p></p>
