{"id":11,"date":"2021-04-29T13:56:38","date_gmt":"2021-04-29T16:56:38","guid":{"rendered":"https:\/\/pos.uel.br\/ppgsoc\/?page_id=11"},"modified":"2025-06-03T08:39:45","modified_gmt":"2025-06-03T11:39:45","slug":"gestao","status":"publish","type":"page","link":"https:\/\/pos.uel.br\/ppgsoc\/gestao\/","title":{"rendered":"Gest\u00e3o"},"content":{"rendered":"\n<div class=\"wp-block-columns is-layout-flex wp-container-core-columns-is-layout-9d6595d7 wp-block-columns-is-layout-flex\">\n<div class=\"wp-block-column is-layout-flow wp-block-column-is-layout-flow\"><\/div>\n<\/div>\n\n\n\n<div class=\"wp-block-cover aligncenter is-light\"><img loading=\"lazy\" decoding=\"async\" width=\"1024\" height=\"683\" class=\"wp-block-cover__image-background wp-image-570\" alt=\"\" src=\"https:\/\/pos.uel.br\/ppgsoc\/wp-content\/uploads\/2021\/07\/pexels-canva-studio-3153201-1024x683.jpg\" style=\"object-position:49% 34%\" data-object-fit=\"cover\" data-object-position=\"49% 34%\" \/><span aria-hidden=\"true\" class=\"wp-block-cover__background has-background-dim\"><\/span><div class=\"wp-block-cover__inner-container is-layout-flow wp-block-cover-is-layout-flow\">\n<p class=\"has-text-align-center has-large-font-size\"><strong><font color=\"white\">Gest\u00e3o<\/font><\/strong><\/p>\n<\/div><\/div>\n\n\n\n<div style=\"height:50px\" aria-hidden=\"true\" class=\"wp-block-spacer\"><\/div>\n\n\n\n<div class=\"wp-block-columns is-layout-flex wp-container-core-columns-is-layout-9d6595d7 wp-block-columns-is-layout-flex\">\n<div class=\"wp-block-column is-layout-flow wp-block-column-is-layout-flow\">\n<div class=\"wp-block-uel-card\">\n<h5 class=\"wp-block-heading\" id=\"comissao-coordenadora-2021-2023\">Comiss\u00e3o Coordenadora (2025 &#8211; 2027)<\/h5>\n\n\n\n<ul class=\"wp-block-list has-secondary-text-color has-text-color\">\n<li>Profa. Dra. Carla Delgado de Souza | Coordenadora<\/li>\n\n\n\n<li>Prof. Dr. Cl\u00e9ber Lopes | Vice-coordenador<\/li>\n\n\n\n<li>Profa. Dra. \u00c2ngela Maria de Souza Lima | Docente<\/li>\n\n\n\n<li>Prof. Dr. Fernando Kulaitis| Docente<\/li>\n\n\n\n<li>La\u00eds Caetano Lira | Discente<\/li>\n<\/ul>\n\n\n\n<div style=\"height:1px\" aria-hidden=\"true\" class=\"wp-block-spacer\"><\/div>\n<\/div>\n<\/div>\n\n\n\n<div class=\"wp-block-column is-layout-flow wp-block-column-is-layout-flow\">\n<div class=\"wp-block-uel-card\">\n<h5 class=\"wp-block-heading\" id=\"comissao-permanente-de-bolsas-2021-2023\">Comiss\u00e3o Permanente de Bolsas (2025 &#8211; 2027)<\/h5>\n\n\n\n<ul class=\"wp-block-list has-secondary-text-color has-text-color\">\n<li>Prof. Dra. Carla Delgado de Souza | Coordenadora<\/li>\n\n\n\n<li>Prof. Dr. Rafael Braz| Docente<\/li>\n\n\n\n<li>Ursula Boreal L. Brevilheri | Discente<\/li>\n\n\n\n<li>Kauane da Silva Rodrigues | Discente<\/li>\n<\/ul>\n\n\n\n<div style=\"height:50px\" aria-hidden=\"true\" class=\"wp-block-spacer\"><\/div>\n<\/div>\n<\/div>\n<\/div>\n\n\n\n<div class=\"wp-block-columns is-layout-flex wp-container-core-columns-is-layout-9d6595d7 wp-block-columns-is-layout-flex\">\n<div class=\"wp-block-column is-layout-flow wp-block-column-is-layout-flow\">\n<div class=\"wp-block-uel-card\">\n<h5 class=\"wp-block-heading\" id=\"comissao-de-autoavalicao-2021-2023\">Comiss\u00e3o de Autoavali\u00e7\u00e3o (2025 &#8211; 2027)<\/h5>\n\n\n\n<ul class=\"wp-block-list has-secondary-text-color has-text-color\">\n<li>Profa. Dr. Cl\u00e9ber Lopes | Presidente &#8211; Docente PPGSOC\/UEL<\/li>\n\n\n\n<li>Profa. Dra. Fernanda Forte | Docente PPGSOC\/UEL<\/li>\n\n\n\n<li>Prof. Dr. Fernando Kulaitis | Docente PPGSOC\/UEL<\/li>\n\n\n\n<li>Prof. Dr. Marcos &#8211; Membro externo | docente do PPG em Sociologia\/USP<\/li>\n\n\n\n<li>Carla Avanzi | Discente PPGSOC\/UEL<\/li>\n\n\n\n<li>Anderson Alexandre Ferreira | Discente PPGSOC\/UEL<\/li>\n\n\n\n<li>David Pohl | Egresso PPGSOC\/UEL<\/li>\n<\/ul>\n\n\n\n<p><\/p>\n<\/div>\n<\/div>\n\n\n\n<div class=\"wp-block-column is-layout-flow wp-block-column-is-layout-flow\">\n<div class=\"wp-block-uel-card\">\n<h5 class=\"wp-block-heading\" id=\"secretaria-de-pos-graduacao\">Secretaria de P\u00f3s-gradua\u00e7\u00e3o<\/h5>\n\n\n\n<ul class=\"wp-block-list has-secondary-text-color has-text-color\">\n<li>Rosely Fernandes Lopes | T\u00e9cnica Administrativa\/Encarregada de Se\u00e7\u00e3o<\/li>\n\n\n\n<li>Ricardo Praia Muller | T\u00e9cnico Administrativo<\/li>\n<\/ul>\n\n\n\n<div style=\"height:150px\" aria-hidden=\"true\" class=\"wp-block-spacer\"><\/div>\n<\/div>\n<\/div>\n<\/div>\n","protected":false},"excerpt":{"rendered":"","protected":false},"author":7,"featured_media":0,"parent":0,"menu_order":0,"comment_status":"closed","ping_status":"closed","template":"page-templates\/template-without-title.php","meta":{"_acf_changed":false,"footnotes":""},"class_list":["post-11","page","type-page","status-publish","hentry"],"acf":[],"_links":{"self":[{"href":"https:\/\/pos.uel.br\/ppgsoc\/wp-json\/wp\/v2\/pages\/11","targetHints":{"allow":["GET"]}}],"collection":[{"href":"https:\/\/pos.uel.br\/ppgsoc\/wp-json\/wp\/v2\/pages"}],"about":[{"href":"https:\/\/pos.uel.br\/ppgsoc\/wp-json\/wp\/v2\/types\/page"}],"author":[{"embeddable":true,"href":"https:\/\/pos.uel.br\/ppgsoc\/wp-json\/wp\/v2\/users\/7"}],"replies":[{"embeddable":true,"href":"https:\/\/pos.uel.br\/ppgsoc\/wp-json\/wp\/v2\/comments?post=11"}],"version-history":[{"count":59,"href":"https:\/\/pos.uel.br\/ppgsoc\/wp-json\/wp\/v2\/pages\/11\/revisions"}],"predecessor-version":[{"id":3736,"href":"https:\/\/pos.uel.br\/ppgsoc\/wp-json\/wp\/v2\/pages\/11\/revisions\/3736"}],"wp:attachment":[{"href":"https:\/\/pos.uel.br\/ppgsoc\/wp-json\/wp\/v2\/media?parent=11"}],"curies":[{"name":"wp","href":"https:\/\/api.w.org\/{rel}","templated":true}]}}

Gestão

<div class="wp-block-columns is-layout-flex wp-container-core-columns-is-layout-9d6595d7 wp-block-columns-is-layout-flex">
<div class="wp-block-column is-layout-flow wp-block-column-is-layout-flow"></div>
</div>



<div class="wp-block-cover aligncenter is-light"><img loading="lazy" decoding="async" width="1024" height="683" class="wp-block-cover__image-background wp-image-570" alt="" src="https://pos.uel.br/ppgsoc/wp-content/uploads/2021/07/pexels-canva-studio-3153201-1024x683.jpg" style="object-position:49% 34%" data-object-fit="cover" data-object-position="49% 34%" /><span aria-hidden="true" class="wp-block-cover__background has-background-dim"></span><div class="wp-block-cover__inner-container is-layout-flow wp-block-cover-is-layout-flow">
<p class="has-text-align-center has-large-font-size"><strong><font color="white">Gestão</font></strong></p>
</div></div>



<div style="height:50px" aria-hidden="true" class="wp-block-spacer"></div>



<div class="wp-block-columns is-layout-flex wp-container-core-columns-is-layout-9d6595d7 wp-block-columns-is-layout-flex">
<div class="wp-block-column is-layout-flow wp-block-column-is-layout-flow">
<div class="wp-block-uel-card">
<h5 class="wp-block-heading" id="comissao-coordenadora-2021-2023">Comissão Coordenadora (2025 &#8211; 2027)</h5>



<ul class="wp-block-list has-secondary-text-color has-text-color">
<li>Profa. Dra. Carla Delgado de Souza | Coordenadora</li>



<li>Prof. Dr. Cléber Lopes | Vice-coordenador</li>



<li>Profa. Dra. Ângela Maria de Souza Lima | Docente</li>



<li>Prof. Dr. Fernando Kulaitis| Docente</li>



<li>Laís Caetano Lira | Discente</li>
</ul>



<div style="height:1px" aria-hidden="true" class="wp-block-spacer"></div>
</div>
</div>



<div class="wp-block-column is-layout-flow wp-block-column-is-layout-flow">
<div class="wp-block-uel-card">
<h5 class="wp-block-heading" id="comissao-permanente-de-bolsas-2021-2023">Comissão Permanente de Bolsas (2025 &#8211; 2027)</h5>



<ul class="wp-block-list has-secondary-text-color has-text-color">
<li>Prof. Dra. Carla Delgado de Souza | Coordenadora</li>



<li>Prof. Dr. Rafael Braz| Docente</li>



<li>Ursula Boreal L. Brevilheri | Discente</li>



<li>Kauane da Silva Rodrigues | Discente</li>
</ul>



<div style="height:50px" aria-hidden="true" class="wp-block-spacer"></div>
</div>
</div>
</div>



<div class="wp-block-columns is-layout-flex wp-container-core-columns-is-layout-9d6595d7 wp-block-columns-is-layout-flex">
<div class="wp-block-column is-layout-flow wp-block-column-is-layout-flow">
<div class="wp-block-uel-card">
<h5 class="wp-block-heading" id="comissao-de-autoavalicao-2021-2023">Comissão de Autoavalição (2025 &#8211; 2027)</h5>



<ul class="wp-block-list has-secondary-text-color has-text-color">
<li>Profa. Dr. Cléber Lopes | Presidente &#8211; Docente PPGSOC/UEL</li>



<li>Profa. Dra. Fernanda Forte | Docente PPGSOC/UEL</li>



<li>Prof. Dr. Fernando Kulaitis | Docente PPGSOC/UEL</li>



<li>Prof. Dr. Marcos &#8211; Membro externo | docente do PPG em Sociologia/USP</li>



<li>Carla Avanzi | Discente PPGSOC/UEL</li>



<li>Anderson Alexandre Ferreira | Discente PPGSOC/UEL</li>



<li>David Pohl | Egresso PPGSOC/UEL</li>
</ul>



<p></p>
</div>
</div>



<div class="wp-block-column is-layout-flow wp-block-column-is-layout-flow">
<div class="wp-block-uel-card">
<h5 class="wp-block-heading" id="secretaria-de-pos-graduacao">Secretaria de Pós-graduação</h5>



<ul class="wp-block-list has-secondary-text-color has-text-color">
<li>Rosely Fernandes Lopes | Técnica Administrativa/Encarregada de Seção</li>



<li>Ricardo Praia Muller | Técnico Administrativo</li>
</ul>



<div style="height:150px" aria-hidden="true" class="wp-block-spacer"></div>
</div>
</div>
</div>
