{"id":651,"date":"2024-11-18T15:25:47","date_gmt":"2024-11-18T18:25:47","guid":{"rendered":"https:\/\/pos.uel.br\/ppgel\/?page_id=651"},"modified":"2025-07-01T22:49:46","modified_gmt":"2025-07-02T01:49:46","slug":"orientacoes-gerais","status":"publish","type":"page","link":"https:\/\/pos.uel.br\/ppgel\/orientacoes-gerais\/","title":{"rendered":"Informa\u00e7\u00f5es Gerais"},"content":{"rendered":"\n<p><\/p>\n\n\n\n<p>1) <strong>MODALIDADES DE BOLSAS<\/strong><\/p>\n\n\n\n<p>\ufeffO PPGEL disponibiliza bolsas de estudo para seus estudantes de mestrado e doutorado nas seguintes modalidades:<\/p>\n\n\n\n<p><br>a) bolsas da CAPES\/Demanda Social (CAPES\/DS), sendo que duas delas s\u00e3o da cota da Pr\u00f3-Reitoria de Pesquisa e P\u00f3s-Gradua\u00e7\u00e3o (CAPES\/DS-PR\u00d3-REITORIA): O <a href=\"https:\/\/www.gov.br\/capes\/pt-br\/acesso-a-informacao\/acoes-e-programas\/bolsas\/bolsas-no-pais\/programa-de-demanda-social-ds\">Programa de Demanda Social (DS)<\/a> da CAPES concede cota de bolsas aos Programas de P\u00f3s-Gradua\u00e7\u00e3o Stricto Sensu, definida com base nos resultados do sistema de acompanhamento e avalia\u00e7\u00e3o, coordenado pela Capes. A maioria das bolsas do programa \u00e9 desta natureza.<\/p>\n\n\n\n<p>As bolsas CAPES\/DS-PR\u00d3-REITORIA seguem as mesmas regras das bolsas CAPES\/DS. A diferen\u00e7a \u00e9 que, por serem da cota da Pr\u00f3-Reitoria de Pesquisa e P\u00f3s-Gradua\u00e7\u00e3o (PROPPG) e n\u00e3o da cota do PPGEL, essas bolsas, quando devolvidas \u00e0 PROPPG, voltam a fazer parte da demanda de todos os programas de p\u00f3s-gradua\u00e7\u00e3o da UEL, sendo a elas repassadas com base em crit\u00e9rios estabelecidos pela PROPPG.<\/p>\n\n\n\n<p>Desde 2023, a CAPES flexibilizou as normas para o ac\u00famulo de bolsas e atividades remuneradas, conforme&nbsp; <a href=\"https:\/\/cad.capes.gov.br\/ato-administrativo-detalhar?idAtoAdmElastic=12302\">Portaria CAPES n\u00ba. 133 de 10 de julho de 2023<\/a> (Regulamenta o ac\u00famulo de bolsas de mestrado, doutorado e p\u00f3s-doutorado concedidas pela CAPES no Pa\u00eds com atividade remunerada ou outros rendimentos)&nbsp;<\/p>\n\n\n\n<p><br>b) bolsas da CAPES\/Programa de Doutorado Sandu\u00edche no Exterior (CAPES\/PDSE): O PDSE tem a finalidade de apoiar a forma\u00e7\u00e3o de recursos humanos de alto n\u00edvel por meio da concess\u00e3o de bolsas, na modalidade doutorado sandu\u00edche no exterior, aos discentes regularmente matriculados em cursos de doutorado no Brasil.<\/p>\n\n\n\n<p>Conforme <a href=\"http:\/\/cad.capes.gov.br\/ato-administrativo-detalhar?idAtoAdmElastic=14344#anchor\">Portaria n\u00ba 77\/2024 &#8211; Disp\u00f5e sobre o Regulamento do Programa Institucional de Doutorado Sandu\u00edche no Exterior &#8211; PDSE.<\/a><\/p>\n\n\n\n<p><br>c) bolsas da Funda\u00e7\u00e3o Arauc\u00e1ria (ARAUC\u00c1RIA): dependem das Chamadas da Funda\u00e7\u00e3o Arauc\u00e1ria dirigidas \u00e0s Institui\u00e7\u00f5es de Ensino Superior do Paran\u00e1. Portanto, n\u00e3o seguem uma cronograma regular e suas normas est\u00e3o subordinadas \u00e0s especificidades de cada Chamada P\u00fablica (CP) e\/ou edital.<\/p>\n\n\n\n<p>Conforme disponibilidade da <a href=\"https:\/\/www.fappr.pr.gov.br\/Noticia\/Fundacao-Araucaria-avanca-para-reduzir-o-deficit-de-bolsas-de-mestrado-e-doutorado-no\">Funda\u00e7\u00e3o<\/a> e edital&nbsp;<\/p>\n\n\n\n<p>d) bolsas da CNPQ (Conselho Nacional de Desenvolvimento Cient\u00edfico&nbsp; e Tecnol\u00f3gico &#8211; Brasil): As bolsas s\u00e3o concedidas por quota em atendimento aos programas de p\u00f3s-gradua\u00e7\u00e3o, a editais ou conv\u00eanios com recursos pr\u00f3prios do CNPq ou de outras institui\u00e7\u00f5es p\u00fablicas e privadas. As quotas podem ser concedidas a: pesquisadores; cursos de p\u00f3s-gradua\u00e7\u00e3o; e institui\u00e7\u00f5es de ensino, pesquisa e desenvolvimento tecnol\u00f3gico, p\u00fablicas ou privadas. Por isso, \u00e9 preciso analisar a natureza de cada bolsa, uma vez que h\u00e1&nbsp;<\/p>\n\n\n\n<p>normas espec\u00edficas para cada situa\u00e7\u00e3o.&nbsp;<\/p>\n\n\n\n<p>Conforme <a href=\"http:\/\/portal-adm.cnpq.br\/view\/-\/journal_content\/56_INSTANCE_0oED\/10157\/100352\">RN-017\/2006<\/a><\/p>\n\n\n\n<p>Al\u00e9m disso, o PPGEL conta com uma bolsa para<a href=\"https:\/\/www.uel.br\/pos\/ppgel\/pages\/pt\/formas-de-ingresso\/estagio-pos-doutoral.php\"> est\u00e1gio p\u00f3s-doutoral (p\u00f3s-doutorado)<\/a> do Programa Nacional de P\u00f3s-Doutorado da CAPES (<a href=\"https:\/\/www.gov.br\/capes\/pt-br\/acesso-a-informacao\/acoes-e-programas\/bolsas\/bolsas-no-pais\/pnpd-capes\">CAPES\/PNPD<\/a>).<\/p>\n\n\n\n<p>Todo bolsista ao publicar trabalhos\/pesquisas dever\u00e1 fazer refer\u00eancia ao apoio recebido e citar a fonte do recurso.&nbsp;<\/p>\n\n\n\n<p>A convoca\u00e7\u00e3o\/distribui\u00e7\u00e3o de bolsas ser\u00e1 feita de acordo com a disponibiliza\u00e7\u00e3o de bolsas. A coordena\u00e7\u00e3o e\/ou a secretaria do programa entra em contato com o candidato, conforme a ordem de classifica\u00e7\u00e3o.<\/p>\n\n\n\n<p><br><strong>2) CRIT\u00c9RIOS DAS AG\u00caNCIAS PARA CONCESS\u00c3O E\/OU RENOVA\u00c7\u00c3O DE BOLSAS DE MESTRADO E DOUTORADO<\/strong><\/p>\n\n\n\n<p>Os crit\u00e9rios das ag\u00eancias para concess\u00e3o e\/ou renova\u00e7\u00e3o de bolsas s\u00e3o distintos para cada modalidade de bolsa recebida e ag\u00eancia de fomento, por isso \u00e9 preciso verificar regularmente as portarias que normatizam o processo de concess\u00e3o de bolsas.<\/p>\n\n\n\n<p>De um modo geral, a bolsa \u00e9 cancelada caso o discente n\u00e3o cumpra com os seguintes requisitos:<\/p>\n\n\n\n<ul class=\"wp-block-list\">\n<li>Falta de dedica\u00e7\u00e3o \u00e0 sua pesquisa;<\/li>\n\n\n\n<li>Falta de dedica\u00e7\u00e3o \u00e0s disciplinas;<\/li>\n\n\n\n<li>Reprova\u00e7\u00e3o em uma disciplina;<\/li>\n\n\n\n<li>Reprova\u00e7\u00e3o na qualifica\u00e7\u00e3o;<\/li>\n\n\n\n<li>Descumprimento de prazos estipulados por seu professor orientador;<\/li>\n\n\n\n<li>Descumprimento de qualquer exig\u00eancia que conste no edital de concess\u00e3o da bolsa.<\/li>\n<\/ul>\n\n\n\n<p><strong>3) VALORES DAS BOLSAS<\/strong><\/p>\n\n\n\n<p>CAPES<\/p>\n\n\n\n<figure class=\"wp-block-table\"><table class=\"has-fixed-layout\"><tbody><tr><td>Mestrado<\/td><td>R$ 2100,00<\/td><\/tr><tr><td>Doutorado<\/td><td>R$ 3100,00<\/td><\/tr><tr><td>P\u00f3s-Doutorado<\/td><td>R$ 5200,00<\/td><\/tr><\/tbody><\/table><\/figure>\n\n\n\n<p>Fonte:&nbsp; <a href=\"http:\/\/cad.capes.gov.br\/ato-administrativo-detalhar?idAtoAdmElastic=10902#anchor\">Portaria n\u00b0 33, de 16 de fevereiro de 2023<\/a> Data de acesso: 31 jul. 2024<\/p>\n\n\n\n<p>ARAUC\u00c1RIA<\/p>\n\n\n\n<figure class=\"wp-block-table\"><table class=\"has-fixed-layout\"><tbody><tr><td>Mestrado<\/td><td>R$ 2.100,00<\/td><\/tr><tr><td>Doutorado<\/td><td>R$ 3.100,00<\/td><\/tr><tr><td>P\u00f3s-Doutorado<\/td><td>R$ 5.500,00<\/td><\/tr><\/tbody><\/table><\/figure>\n\n\n\n<p>Fonte: <a href=\"https:\/\/www.fappr.pr.gov.br\/Noticia\/Fundacao-Araucaria-avanca-para-reduzir-o-deficit-de-bolsas-de-mestrado-e-doutorado-no\">https:\/\/www.fappr.pr.gov.br\/Noticia\/Fundacao-Araucaria-avanca-para-reduzir-o-deficit-de-bolsas-de-mestrado-e-doutorado-no<\/a> Data de acesso: 31 jul. 2024<\/p>\n\n\n\n<p>CNPQ<\/p>\n\n\n\n<figure class=\"wp-block-table\"><table class=\"has-fixed-layout\"><tbody><tr><td>Mestrado<\/td><td>R$ 2.100,00<\/td><\/tr><tr><td>Doutorado<\/td><td>R$ 3.100,00<\/td><\/tr><tr><td>P\u00f3s-Doutorado (conforme especificidade)<\/td><td>de R$ 5.200,00 a R$ 5.500,00<\/td><\/tr><\/tbody><\/table><\/figure>\n\n\n\n<p>Fonte: <a href=\"https:\/\/www.gov.br\/cnpq\/pt-br\/acesso-a-informacao\/bolsas-e-auxilios\/copy_of_modalidades\/tabela-de-valores-no-pais\">https:\/\/www.gov.br\/cnpq\/pt-br\/acesso-a-informacao\/bolsas-e-auxilios\/copy_of_modalidades\/tabela-de-valores-no-pais<\/a> Data de acesso: 31 jul. 2024<\/p>\n\n\n\n<p><strong>4) CRIT\u00c9RIOS DO PPGEL PARA SELE\u00c7\u00c3O DE BOLSISTAS DE MESTRADO E DOUTORADO<\/strong><\/p>\n\n\n\n<p>Os estudantes regulares do PPGEL interessados devem aguardar as <strong>Chamadas e\/ou Editais da Comiss\u00e3o de Bolsas<\/strong> feitas para todos os estudantes <strong>via publica\u00e7\u00e3o de edital, divulgados no nosso site<\/strong>, para acessar os editais, <strong><a href=\"https:\/\/pos.uel.br\/ppgel\/en\/editais-2\/\">clique aqui<\/a>.<\/strong> Na sequ\u00eancia, devem manifestar seu interesse em concorrer \u00e0s bolsas, respeitando o prazo estipulado.<\/p>\n\n\n\n<p>Essas Chamadas\/Editais acontecem em fun\u00e7\u00e3o da disponibilidade de cotas oriundas da ag\u00eancias de fomento, concess\u00e3o de novas bolsas ou libera\u00e7\u00e3o ap\u00f3s a realiza\u00e7\u00e3o da defesa de disserta\u00e7\u00e3o\/tese &#8211; em conson\u00e2ncia com&nbsp; os crit\u00e9rios apresentados a seguir<\/p>\n\n\n\n<p>A Chamada de Bolsas se encerra ap\u00f3s todas as bolsas terem sido atribu\u00eddas aos estudantes contemplados \u2013 levando em conta inclusive uma eventual lista de espera. Finalizado esse processo, qualquer outra bolsa dispon\u00edvel ensejar\u00e1 novo edital, que ser\u00e1 aberto a todos os estudantes regulares do PPGEL.<\/p>\n\n\n\n<p>Mais informa\u00e7\u00f5es sobre os crit\u00e9rios para sele\u00e7\u00e3o de bolsistas est\u00e3o dispon\u00edveis na <a href=\"https:\/\/pos.uel.br\/ppgel\/wp-content\/uploads\/2025\/07\/NORMATIVA-001.docx.pdf\">Normativa 01\/2025<\/a>.<\/p>\n\n\n\n<p><\/p>\n","protected":false},"excerpt":{"rendered":"<p>1) MODALIDADES DE BOLSAS \ufeffO PPGEL disponibiliza bolsas de estudo para seus estudantes de mestrado e doutorado nas seguintes modalidades: a) bolsas da CAPES\/Demanda Social (CAPES\/DS), sendo que duas delas s\u00e3o da cota da Pr\u00f3-Reitoria de Pesquisa e P\u00f3s-Gradua\u00e7\u00e3o (CAPES\/DS-PR\u00d3-REITORIA): O Programa de Demanda Social (DS) da CAPES concede cota de bolsas aos Programas de [&hellip;]<\/p>\n","protected":false},"author":10,"featured_media":0,"parent":0,"menu_order":0,"comment_status":"closed","ping_status":"closed","template":"","meta":{"footnotes":""},"class_list":["post-651","page","type-page","status-publish","hentry"],"_links":{"self":[{"href":"https:\/\/pos.uel.br\/ppgel\/wp-json\/wp\/v2\/pages\/651","targetHints":{"allow":["GET"]}}],"collection":[{"href":"https:\/\/pos.uel.br\/ppgel\/wp-json\/wp\/v2\/pages"}],"about":[{"href":"https:\/\/pos.uel.br\/ppgel\/wp-json\/wp\/v2\/types\/page"}],"author":[{"embeddable":true,"href":"https:\/\/pos.uel.br\/ppgel\/wp-json\/wp\/v2\/users\/10"}],"replies":[{"embeddable":true,"href":"https:\/\/pos.uel.br\/ppgel\/wp-json\/wp\/v2\/comments?post=651"}],"version-history":[{"count":10,"href":"https:\/\/pos.uel.br\/ppgel\/wp-json\/wp\/v2\/pages\/651\/revisions"}],"predecessor-version":[{"id":1504,"href":"https:\/\/pos.uel.br\/ppgel\/wp-json\/wp\/v2\/pages\/651\/revisions\/1504"}],"wp:attachment":[{"href":"https:\/\/pos.uel.br\/ppgel\/wp-json\/wp\/v2\/media?parent=651"}],"curies":[{"name":"wp","href":"https:\/\/api.w.org\/{rel}","templated":true}]}}