{"id":273,"date":"2024-10-16T11:09:05","date_gmt":"2024-10-16T14:09:05","guid":{"rendered":"https:\/\/pos.uel.br\/ppgel\/?page_id=273"},"modified":"2025-07-01T21:59:20","modified_gmt":"2025-07-02T00:59:20","slug":"nacional","status":"publish","type":"page","link":"https:\/\/pos.uel.br\/ppgel\/nacional\/","title":{"rendered":"Parcerias Nacionais"},"content":{"rendered":"\n<p>O Programa, desde sua constitui\u00e7\u00e3o, tem investido nas atividades de pesquisa e de forma\u00e7\u00e3o de pesquisadores na \u00e1rea de Estudos da Linguagem atrav\u00e9s de importantes interc\u00e2mbios e parcerias institucionais, tanto em \u00e2mbito nacional, quanto internacional.<\/p>\n\n\n\n<p><\/p>\n\n\n\n<ul class=\"wp-block-list\">\n<li>ALIB \u2013 Atlas Lingu\u00edstico Brasileiro: Coordenado pela Vanderci de Andrade Aguilera, na UEL<\/li>\n\n\n\n<li>LABORAT\u00d3RIO INTEGRADO DE LETRAMENTOS ACAD\u00caMICO-CIENT\u00cdFICOS (LILA): Coordenado pelas Professoras Vera L\u00facia Lopes Cristov\u00e3o e\u00a0 Paula Baracat\u00a0<\/li>\n\n\n\n<li>Linguagem e Educa\u00e7\u00e3o: Sob a coordena\u00e7\u00e3o de Vera L\u00facia Lopes Cristov\u00e3o e Jacqueline Costa Sanches Vignoli (egressa de p\u00f3s-doutorado do programa\/UNESPAR)<\/li>\n\n\n\n<li>Tesouro do L\u00e9xico Patrimonial Galego e Portugu\u00eas: Brasil: Coordenado pelas docentes Vanderci de Andrade Aguilera e Silvia Figueiredo Brand\u00e3o, da UFRJ.<\/li>\n\n\n\n<li>GPAD &#8211; Grupo de Pesquisa em An\u00e1lise de Discurso: Coordenado pela docente Rosemere Baltazar Passos.<\/li>\n\n\n\n<li>GESTELD &#8211; Grupo de Estudos em Educa\u00e7\u00e3o, Sexualidade, Tecnologias, Linguagens e Discursos (UNESP), com a participa\u00e7\u00e3o da docente Rosemere Baltazar Passos e docentes de outras institui\u00e7\u00f5es.<\/li>\n<\/ul>\n\n\n\n<p><\/p>\n\n\n\n<p><\/p>\n","protected":false},"excerpt":{"rendered":"<p>O Programa, desde sua constitui\u00e7\u00e3o, tem investido nas atividades de pesquisa e de forma\u00e7\u00e3o de pesquisadores na \u00e1rea de Estudos da Linguagem atrav\u00e9s de importantes interc\u00e2mbios e parcerias institucionais, tanto em \u00e2mbito nacional, quanto internacional.<\/p>\n","protected":false},"author":10,"featured_media":0,"parent":0,"menu_order":0,"comment_status":"closed","ping_status":"closed","template":"","meta":{"footnotes":""},"class_list":["post-273","page","type-page","status-publish","hentry"],"_links":{"self":[{"href":"https:\/\/pos.uel.br\/ppgel\/wp-json\/wp\/v2\/pages\/273","targetHints":{"allow":["GET"]}}],"collection":[{"href":"https:\/\/pos.uel.br\/ppgel\/wp-json\/wp\/v2\/pages"}],"about":[{"href":"https:\/\/pos.uel.br\/ppgel\/wp-json\/wp\/v2\/types\/page"}],"author":[{"embeddable":true,"href":"https:\/\/pos.uel.br\/ppgel\/wp-json\/wp\/v2\/users\/10"}],"replies":[{"embeddable":true,"href":"https:\/\/pos.uel.br\/ppgel\/wp-json\/wp\/v2\/comments?post=273"}],"version-history":[{"count":4,"href":"https:\/\/pos.uel.br\/ppgel\/wp-json\/wp\/v2\/pages\/273\/revisions"}],"predecessor-version":[{"id":1055,"href":"https:\/\/pos.uel.br\/ppgel\/wp-json\/wp\/v2\/pages\/273\/revisions\/1055"}],"wp:attachment":[{"href":"https:\/\/pos.uel.br\/ppgel\/wp-json\/wp\/v2\/media?parent=273"}],"curies":[{"name":"wp","href":"https:\/\/api.w.org\/{rel}","templated":true}]}}

<p>O Programa, desde sua constituição, tem investido nas atividades de pesquisa e de formação de pesquisadores na área de Estudos da Linguagem através de importantes intercâmbios e parcerias institucionais, tanto em âmbito nacional, quanto internacional.</p>



<p></p>



<ul class="wp-block-list">
<li>ALIB – Atlas Linguístico Brasileiro: Coordenado pela Vanderci de Andrade Aguilera, na UEL</li>



<li>LABORATÓRIO INTEGRADO DE LETRAMENTOS ACADÊMICO-CIENTÍFICOS (LILA): Coordenado pelas Professoras Vera Lúcia Lopes Cristovão e  Paula Baracat </li>



<li>Linguagem e Educação: Sob a coordenação de Vera Lúcia Lopes Cristovão e Jacqueline Costa Sanches Vignoli (egressa de pós-doutorado do programa/UNESPAR)</li>



<li>Tesouro do Léxico Patrimonial Galego e Português: Brasil: Coordenado pelas docentes Vanderci de Andrade Aguilera e Silvia Figueiredo Brandão, da UFRJ.</li>



<li>GPAD &#8211; Grupo de Pesquisa em Análise de Discurso: Coordenado pela docente Rosemere Baltazar Passos.</li>



<li>GESTELD &#8211; Grupo de Estudos em Educação, Sexualidade, Tecnologias, Linguagens e Discursos (UNESP), com a participação da docente Rosemere Baltazar Passos e docentes de outras instituições.</li>
</ul>



<p></p>



<p></p>

<p>O Programa, desde sua constituição, tem investido nas atividades de pesquisa e de formação de pesquisadores na área de Estudos da Linguagem através de importantes intercâmbios e parcerias institucionais, tanto em âmbito nacional, quanto internacional.</p>
