{"id":255,"date":"2024-10-16T10:16:01","date_gmt":"2024-10-16T13:16:01","guid":{"rendered":"https:\/\/pos.uel.br\/ppgel\/?page_id=255"},"modified":"2026-02-12T11:41:00","modified_gmt":"2026-02-12T14:41:00","slug":"disciplinas","status":"publish","type":"page","link":"https:\/\/pos.uel.br\/ppgel\/disciplinas\/","title":{"rendered":"Estrutura Curricular"},"content":{"rendered":"\n<div style=\"height:50px\" aria-hidden=\"true\" class=\"wp-block-spacer\"><\/div>\n\n\n\n<p>A estrutura curricular do PPGEL est\u00e1 organizada em cr\u00e9ditos. Cada disciplina tem uma carga hor\u00e1ria expressa em cr\u00e9ditos e cada cr\u00e9dito corresponde a 15 (quinze) horas-aula.<\/p>\n\n\n\n<p>Conforme Resolu\u00e7\u00e3o CEPE 56\/2025, os <strong>mestrandos<\/strong> devem completar&nbsp; 58&nbsp; cr\u00e9ditos, correspondentes a&nbsp; 870 horas, assim distribu\u00eddos:&nbsp;<\/p>\n\n\n\n<p>a) 3 cr\u00e9ditos da disciplina de Metodologia de Pesquisa;<\/p>\n\n\n\n<p>b) 2 cr\u00e9ditos em Estudos Avan\u00e7ados;<\/p>\n\n\n\n<p>c) 5 cr\u00e9ditos em Atividades Especiais;<\/p>\n\n\n\n<p>d) 12 cr\u00e9ditos em Disciplinas Optativas da \u00e1rea de concentra\u00e7\u00e3o do aluno;<\/p>\n\n\n\n<p>e) 6 cr\u00e9ditos em outras disciplinas do Programa, com exce\u00e7\u00e3o da disciplina de Est\u00e1gio de Doc\u00eancia na Gradua\u00e7\u00e3o;<\/p>\n\n\n\n<p>f) 30 cr\u00e9ditos em Disserta\u00e7\u00e3o de Mestrado.<\/p>\n\n\n\n<p><\/p>\n\n\n\n<p>Os <strong>doutorandos<\/strong> devem completar no m\u00ednimo 159 cr\u00e9ditos, correspondentes a 2.385 horas, assim distribu\u00eddos:<\/p>\n\n\n\n<p>a) 2 cr\u00e9ditos em Estudos Avan\u00e7ados;<\/p>\n\n\n\n<p>b) 7 cr\u00e9ditos em Atividades Especiais;<\/p>\n\n\n\n<p>c) 21 cr\u00e9ditos em Disciplinas Optativas da \u00e1rea de concentra\u00e7\u00e3o do aluno;<\/p>\n\n\n\n<p>d) 9 cr\u00e9ditos em outras disciplinas do Programa, com exce\u00e7\u00e3o das disciplinas de Est\u00e1gio de Doc\u00eancia na Gradua\u00e7\u00e3o;<\/p>\n\n\n\n<p>e) 120 cr\u00e9ditos em Tese de Doutorado.<\/p>\n\n\n\n<p><\/p>\n\n\n\n<div style=\"height:24px\" aria-hidden=\"true\" class=\"wp-block-spacer\"><\/div>\n\n\n\n<p class=\"has-text-align-left has-medium-font-size\"><strong>Disciplina Obrigat\u00f3ria para o Mestrado<\/strong><\/p>\n\n\n\n<figure class=\"wp-block-table\"><table class=\"has-fixed-layout\"><tbody><tr><td>Mestrandos da \u00c1rea A<br>3LET017\u00a0\u00a0&#8211; <a href=\"https:\/\/pos.uel.br\/ppgel\/wp-content\/uploads\/2026\/02\/3LET17-Metodologia-de-Pesquisa-em-Estudos-da-Linguagem-e-Significacao.pdf\">Metodologia de Pesquisa em Estudos da Linguagem e Significa\u00e7\u00e3o<\/a><br><br>Mestrandos da \u00c1rea B <br>3LET018\u00a0\u00a0\u00a0&#8211; <a href=\"https:\/\/pos.uel.br\/ppgel\/wp-content\/uploads\/2025\/06\/Metodologia-de-pesquisa-em-Estudos-da-Linguagem_Andreia-Santana.pdf\">Metodologia de Pesquisa em Estudos da Linguagem e Educa\u00e7\u00e3o\u00a0<\/a><\/td><\/tr><tr><td><strong>Ementa<\/strong><br>A rela\u00e7\u00e3o entre o sujeito pesquisador e o objeto de pesquisa. A elabora\u00e7\u00e3o do projeto de pesquisa. A rela\u00e7\u00e3o entre a concep\u00e7\u00e3o de ci\u00eancia e a escolha dos m\u00e9todos de pesquisa. A pesquisa quantitativa, suas caracter\u00edsticas e aplica\u00e7\u00f5es. A pesquisa qualitativa e suas diferentes modalidades. Etapas de planejamento, realiza\u00e7\u00e3o e divulga\u00e7\u00e3o de um trabalho de pesquisa.<\/td><\/tr><\/tbody><\/table><\/figure>\n\n\n\n<p><\/p>\n\n\n\n<p class=\"has-text-align-left has-medium-font-size\"><strong>Disciplina Atividades Especiais<\/strong><\/p>\n\n\n\n<div style=\"height:24px\" aria-hidden=\"true\" class=\"wp-block-spacer\"><\/div>\n\n\n\n<figure class=\"wp-block-table\"><table class=\"has-fixed-layout\"><tbody><tr><td><strong>Mestrandos<\/strong><\/td><td><strong>Doutorandos<\/strong><\/td><\/tr><tr><td>2LET953<br><strong>Ementa<\/strong><br>Dissemina\u00e7\u00e3o de pelo menos 2 (dois) trabalhos em eventos cient\u00edficos da \u00e1rea e 1 participa\u00e7\u00e3o, com apresenta\u00e7\u00e3o de trabalho, no SEDATA.<\/td><td>2LET565<br><strong>Ementa<\/strong><br>Publica\u00e7\u00e3o de 2 (dois) trabalhos em anais de evento cient\u00edfico ou 1 (um) artigo em peri\u00f3dico da \u00e1rea.<\/td><\/tr><tr><td>2LET523<br><strong>Ementa<\/strong><br>Publica\u00e7\u00e3o de 1 (um) artigo em peri\u00f3dico da \u00e1rea ou 1 (um) trabalho completo em anais de evento cient\u00edfico.<\/td><td>2LET566<br><strong>Ementa<\/strong><br>Publica\u00e7\u00e3o de 2 (dois) artigos em peri\u00f3dicos da \u00e1rea.<\/td><\/tr><tr><td><\/td><td>2LET954<br><strong>Ementa<\/strong><br>Participa\u00e7\u00e3o, com apresenta\u00e7\u00e3o de trabalho, em 2 (duas) edi\u00e7\u00f5es do SEDATA<\/td><\/tr><\/tbody><\/table><\/figure>\n\n\n\n<div style=\"height:50px\" aria-hidden=\"true\" class=\"wp-block-spacer\"><\/div>\n\n\n\n<p class=\"has-medium-font-size\"><strong>Disciplinas Eletivas para o Mestrado\/Doutorado<\/strong>&#8211;<strong> Quadri\u00eanio 2021-2024<\/strong><\/p>\n\n\n\n<p>\u00c1REA DE CONCENTRA\u00c7\u00c3O: <strong>Linguagem e Significa\u00e7\u00e3o<\/strong><br><\/p>\n\n\n\n<p class=\"has-medium-font-size\"><strong>Linha 01<\/strong><\/p>\n\n\n\n<div class=\"wp-block-group is-vertical is-layout-flex wp-container-core-group-is-layout-8cf370e7 wp-block-group-is-layout-flex\">\n<p>3 LET 041 <a href=\"https:\/\/pos.uel.br\/ppgel\/wp-content\/uploads\/2025\/06\/Disciplina_-Topicos-Especiais_Tipologia-Linguistica.pdf\" target=\"_blank\" rel=\"noreferrer noopener\">TIPOLOGIA LINGU\u00cdSTICA<\/a><\/p>\n\n\n\n<p>2 LET 401 <a href=\"https:\/\/pos.uel.br\/ppgel\/wp-content\/uploads\/2025\/06\/Disciplina_-Pesquisa-Sociolinguistica.pdf\" target=\"_blank\" rel=\"noreferrer noopener\">PESQUISA SOCIOLINGU\u00cdSTICA<\/a><\/p>\n\n\n\n<p>2 LET 399 <a href=\"https:\/\/pos.uel.br\/ppgel\/wp-content\/uploads\/2025\/06\/Disciplina_-Fonetica-e-Fonologia_-Tecnicas-de-Descricao.pdf\" target=\"_blank\" rel=\"noreferrer noopener\">FON\u00c9TICA E FONOLOGIA: T\u00c9CNICAS DE DESCRI\u00c7\u00c3O<\/a><\/p>\n\n\n\n<p>3 LET 016 <a href=\"https:\/\/pos.uel.br\/ppgel\/wp-content\/uploads\/2025\/06\/Disciplina_-Descricao-de-Linguas-Agrafas.pdf\" target=\"_blank\" rel=\"noreferrer noopener\">DESCRI\u00c7\u00c3O DE L\u00cdNGUAS \u00c1GRAFAS<\/a><\/p>\n\n\n\n<p>2 LET 921 <a href=\"https:\/\/pos.uel.br\/ppgel\/wp-content\/uploads\/2025\/06\/Disciplina_-Linguas-em-Contato.pdf\" target=\"_blank\" rel=\"noreferrer noopener\">L\u00cdNGUAS EM CONTATO<\/a><\/p>\n\n\n\n<p>2 LET 782 <a href=\"https:\/\/pos.uel.br\/ppgel\/wp-content\/uploads\/2025\/06\/Disciplina_-Lexicologia-e-Lexicografia.pdf\" data-type=\"link\" data-id=\"https:\/\/pos.uel.br\/ppgel\/wp-content\/uploads\/2025\/06\/Disciplina_-Lexicologia-e-Lexicografia.pdf\" target=\"_blank\" rel=\"noreferrer noopener\">LEXICOLOGIA E LEXICOGRAFIA<\/a><\/p>\n\n\n\n<p>2 LET 568 <a href=\"https:\/\/pos.uel.br\/ppgel\/wp-content\/uploads\/2025\/06\/Disciplina_-Historia-do-Portugues-do-Brasil.pdf\" target=\"_blank\" rel=\"noreferrer noopener\">HIST\u00d3RIA DO PORTUGU\u00caS DO BRASIL<\/a><\/p>\n\n\n\n<p>3 LET 021 <a href=\"https:\/\/pos.uel.br\/ppgel\/wp-content\/uploads\/2025\/06\/Disciplina_-Dialetologia-e-Geolinguistica-do-Brasil_.pdf\" target=\"_blank\" rel=\"noreferrer noopener\">DIALETOLOGIA E GEOLINGU\u00cdSTICA DO BRASIL<\/a>&nbsp;&nbsp;&nbsp;&nbsp;&nbsp;<\/p>\n<\/div>\n\n\n\n<p><\/p>\n\n\n\n<div class=\"wp-block-group\"><div class=\"wp-block-group__inner-container is-layout-constrained wp-block-group-is-layout-constrained\">\n<p class=\"has-medium-font-size\"><strong>Linha 02<\/strong><\/p>\n\n\n\n<div class=\"wp-block-group is-vertical is-layout-flex wp-container-core-group-is-layout-8cf370e7 wp-block-group-is-layout-flex\">\n<p>2 LET 857 <a href=\"https:\/\/pos.uel.br\/ppgel\/wp-content\/uploads\/2025\/06\/Disciplina_-Analise-de-Discurso.pdf\" target=\"_blank\" rel=\"noreferrer noopener\">AN\u00c1LISE DO DISCURSO: SUBJETIVIDADE DISCURSIVA NOS DIVERSOS G\u00caNEROS MIDI\u00c1TICOS<\/a><\/p>\n\n\n\n<p>2 LET 571 <a href=\"https:\/\/pos.uel.br\/ppgel\/wp-content\/uploads\/2025\/06\/Disciplina_-Linguistica-Textual.pdf\" target=\"_blank\" rel=\"noreferrer noopener\">LINGU\u00cdSTICA TEXTUAL<\/a><\/p>\n\n\n\n<p>2 LET 569 <a href=\"https:\/\/pos.uel.br\/ppgel\/wp-content\/uploads\/2025\/06\/Disciplina_-Construcao-Textual_-a-estetica-do-movimento-criador.pdf\" target=\"_blank\" rel=\"noreferrer noopener\">CONSTRU\u00c7\u00c3O TEXTUAL: A EST\u00c9TICA DO MOVIMENTO CRIADOR<\/a><\/p>\n\n\n\n<p>2 LET 802 <a href=\"https:\/\/pos.uel.br\/ppgel\/wp-content\/uploads\/2025\/06\/Disciplina_-Estilistica-do-Portugues.pdf\" target=\"_blank\" rel=\"noreferrer noopener\">ESTIL\u00cdSTICA DO PORTUGU\u00caS<\/a><\/p>\n\n\n\n<p>2 LET 924 <a href=\"https:\/\/pos.uel.br\/ppgel\/wp-content\/uploads\/2025\/06\/Disciplina_-Gramatica-e-Argumentacao.pdf\" target=\"_blank\" rel=\"noreferrer noopener\">GRAM\u00c1TICA E ARGUMENTA\u00c7\u00c3O<\/a><\/p>\n\n\n\n<p>2 LET 926 <a href=\"https:\/\/pos.uel.br\/ppgel\/wp-content\/uploads\/2025\/06\/Disciplina_-Estudos-Discursivos-Foucaultianos_-poder-saber-e-subjetividade.pdf\" target=\"_blank\" rel=\"noreferrer noopener\">PRINC\u00cdPIOS DE AN\u00c1LISE DO DISCURSO<\/a><\/p>\n\n\n\n<p>2 LET 969 <a href=\"https:\/\/pos.uel.br\/ppgel\/wp-content\/uploads\/2025\/06\/Disciplina_-Linguagem-e-Cognicao.pdf\" target=\"_blank\" rel=\"noreferrer noopener\">LINGUAGEM E COGNI\u00c7\u00c3O<\/a><\/p>\n\n\n\n<p>3 LET 019 <a href=\"https:\/\/pos.uel.br\/ppgel\/wp-content\/uploads\/2025\/06\/Disciplina_-Generos-Quadrinisticos.pdf\" target=\"_blank\" rel=\"noreferrer noopener\">G\u00caNEROS QUADRIN\u00cdSTICOS<\/a><\/p>\n\n\n\n<p>2 LET 398 <a href=\"https:\/\/pos.uel.br\/ppgel\/wp-content\/uploads\/2025\/06\/Disciplina_-Semantica-Argumentativa.pdf\" target=\"_blank\" rel=\"noreferrer noopener\">SEM\u00c2NTICA ARGUMENTATIVA<\/a><\/p>\n\n\n\n<p>3 LET 020&nbsp;<a href=\"https:\/\/pos.uel.br\/ppgel\/wp-content\/uploads\/2025\/06\/Disciplina_-Pragmatica.pdf\" target=\"_blank\" rel=\"noreferrer noopener\">PRAGM\u00c1TICA<\/a><\/p>\n\n\n\n<p>3 LET 017&nbsp;&nbsp;<a href=\"https:\/\/pos.uel.br\/ppgel\/wp-content\/uploads\/2026\/02\/3LET17-Metodologia-de-Pesquisa-em-Estudos-da-Linguagem-e-Significacao.pdf\">METODOLOGIA DE PESQUISA EM ESTUDOS DA LINGUAGEM E SIGNIFICA\u00c7\u00c3O<\/a><\/p>\n\n\n\n<p>3 LET 042 <a href=\"https:\/\/pos.uel.br\/ppgel\/wp-content\/uploads\/2026\/02\/3-LET-042-Enunciacao-semiotica-e-materialidades-digitais.docx.pdf\">ENUNCIA\u00c7\u00c3O, SEMI\u00d3TICA E MATERIALIDADES DIGITAIS<\/a><\/p>\n\n\n\n<p>3 LET 043 <a href=\"https:\/\/pos.uel.br\/ppgel\/wp-content\/uploads\/2026\/02\/3-LET-043-Fundamentos-de-Semiotica-Discursiva.docx.pdf\">FUNDAMENTOS DE SEMI\u00d3TICA DISCURSIVA<\/a><\/p>\n<\/div>\n\n\n\n<p><\/p>\n\n\n\n<p>\u00c1REA DE CONCENTRA\u00c7\u00c3O: <strong>Linguagem e Educa\u00e7\u00e3o<\/strong><br><\/p>\n\n\n\n<p class=\"has-medium-font-size\"><strong>Linha 03<\/strong><\/p>\n<\/div><\/div>\n\n\n\n<div class=\"wp-block-group is-vertical is-layout-flex wp-container-core-group-is-layout-8cf370e7 wp-block-group-is-layout-flex\">\n<p>3 LET 039 <a href=\"https:\/\/pos.uel.br\/ppgel\/wp-content\/uploads\/2026\/01\/Material-Didatico-para-o-Ensino-de-Linguas.pdf\">MATERIAL DID\u00c1TICO PARA O ENSINO DE L\u00cdNGUAS<\/a><\/p>\n\n\n\n<p>3 LET 023 <a href=\"https:\/\/pos.uel.br\/ppgel\/wp-content\/uploads\/2025\/06\/Linguagem_subjetividade-e-ensino_Sheila-Oliveira-Lima.pdf\" target=\"_blank\" rel=\"noreferrer noopener\">LINGUAGEM, SUBJETIVIDADE E ENSINO<\/a><\/p>\n\n\n\n<p>2 LET 955 <a href=\"https:\/\/pos.uel.br\/ppgel\/wp-content\/uploads\/2025\/06\/Ensino-de-leitura-na-escola_Sheila-Oliveira-Lima.pdf\" target=\"_blank\" rel=\"noreferrer noopener\">ENSINO DE LEITURA NA ESCOLA<\/a><\/p>\n\n\n\n<p>2 LET 572 <a href=\"https:\/\/pos.uel.br\/ppgel\/wp-content\/uploads\/2025\/06\/Variacao-Linguistica-e-Ensino_Joyce-Elaine-Almeida.pdf\" target=\"_blank\" rel=\"noreferrer noopener\">VARIA\u00c7\u00c3O LINGU\u00cdSTICA E ENSINO<\/a><\/p>\n\n\n\n<p>2 LET 927 <a href=\"https:\/\/pos.uel.br\/ppgel\/wp-content\/uploads\/2025\/06\/Principios-da-Sociolinguistica-educacional_Joyce-Elaine-Almeida.pdf\" target=\"_blank\" rel=\"noreferrer noopener\">PRINC\u00cdPIOS DA SOCIOLINGU\u00cdSTICA EDUCACIONAL<\/a><\/p>\n\n\n\n<p>2 LET 862 <a href=\"https:\/\/pos.uel.br\/ppgel\/wp-content\/uploads\/2025\/06\/Novas-tecnologias-linguagens-e-escola_Eliana-Donaio-Ruiz.pdf\" target=\"_blank\" rel=\"noreferrer noopener\">NOVAS TECNOLOGIAS, LINGUAGENS E ESCOLA<\/a><\/p>\n\n\n\n<p>2 LET 863 <a href=\"https:\/\/pos.uel.br\/ppgel\/wp-content\/uploads\/2025\/06\/Ensino-de-producao-escrita-em-lingua-materna_Eliana-Donaio-Ruiz.pdf\" target=\"_blank\" rel=\"noreferrer noopener\">ENSINO DE PRODU\u00c7\u00c3O ESCRITA EM L\u00cdNGUA MATERNA<\/a><\/p>\n\n\n\n<p>3 LET 018 <a href=\"https:\/\/pos.uel.br\/ppgel\/wp-content\/uploads\/2025\/06\/Metodologia-de-pesquisa-em-Estudos-da-Linguagem_Andreia-Santana.pdf\" data-type=\"link\" data-id=\"https:\/\/pos.uel.br\/ppgel\/wp-content\/uploads\/2025\/06\/Metodologia-de-pesquisa-em-Estudos-da-Linguagem_Andreia-Santana.pdf\" target=\"_blank\" rel=\"noreferrer noopener\">METODOLOGIA DE PESQUISA EM ESTUDOS DA LINGUAGEM<\/a><\/p>\n\n\n\n<p>2 LEM 296 <a href=\"https:\/\/pos.uel.br\/ppgel\/wp-content\/uploads\/2026\/02\/2-LEM-296-Engenharia-Didatica-e-pesquisa-em-ensino-aprendizagem-de-Linguas.docx.pdf\">ENGENHARIA DID\u00c1TICA E PESQUISA EM ENSINO-APRENDIZAGEM DE L\u00cdNGUAS<\/a><\/p>\n\n\n\n<p>3 LET 044 <a href=\"https:\/\/pos.uel.br\/ppgel\/wp-content\/uploads\/2026\/02\/3-LET-044-\u2013-Dialogismo-Bakhtiniano-Formacao-de-Professores-e-o-Trabalho-com-Linguagens-na-Escola-.pdf\">DIALOGISMO BAKHTINIANO, FORMA\u00c7\u00c3O DE PROFESSORES E O TRABALHO COM LINGUAGENS NA ESCOLA<\/a>&nbsp;<\/p>\n\n\n\n<p>3 LET 045 <a href=\"https:\/\/pos.uel.br\/ppgel\/wp-content\/uploads\/2026\/02\/3-LET-045-\u2013-Estudos-de-Letramento-e-a-Perspectiva-etnografica-de-pesquisa.pdf\">ESTUDOS DE LETRAMENTO E A PERSPECTIVA ETNOGR\u00c1FICA DE PESQUISA<\/a><\/p>\n<\/div>\n\n\n\n<div style=\"height:21px\" aria-hidden=\"true\" class=\"wp-block-spacer\"><\/div>\n\n\n\n<p class=\"has-medium-font-size\"><strong>Linha 04<\/strong><\/p>\n\n\n\n<div class=\"wp-block-group is-vertical is-layout-flex wp-container-core-group-is-layout-8cf370e7 wp-block-group-is-layout-flex\">\n<p>2 LEM 279 <a href=\"https:\/\/pos.uel.br\/ppgel\/wp-content\/uploads\/2025\/06\/Disciplina_Politicas-educacionais-e-linguisticas-em-contextos-de-ensino-e-formacao-de-professores-de-linguas.pdf\" target=\"_blank\" rel=\"noreferrer noopener\">POL\u00cdTICAS LINGU\u00cdSTICAS E EDUCACIONAIS EM CONTEXTOS DE ENSINO E FORMA\u00c7\u00c3O DE PROFESSORES DE L\u00cdNGUAS<\/a><a href=\"https:\/\/drive.google.com\/open?id=1QXnjh-8LdoO3lMeSvI39a3vkgVEstlToFryWectK1Pw&amp;usp=drive_copy\">&nbsp;<\/a><\/p>\n\n\n\n<p>2 LEM 288 <a href=\"https:\/\/pos.uel.br\/ppgel\/wp-content\/uploads\/2025\/06\/Disciplina_Cultura-Linguagens-e-Educacao.pdf\" target=\"_blank\" rel=\"noreferrer noopener\">CULTURA, L\u00cdNGUA(GENS) E EDUCA\u00c7\u00c3O<\/a><\/p>\n\n\n\n<p>2 LEM 278 <a href=\"https:\/\/pos.uel.br\/ppgel\/wp-content\/uploads\/2025\/06\/Disciplina_Comunicacao-Transnacional-E-Ensino-Aprendizagem-De-Linguas-Estrangeiras.pdf\" target=\"_blank\" rel=\"noreferrer noopener\">COMUNICA\u00c7\u00c3O TRANSNACIONAL E ENSINO-APRENDIZAGEM DE L\u00cdNGUAS ESTRANGEIRAS<\/a><\/p>\n\n\n\n<p>2 LEM 277 <a href=\"https:\/\/pos.uel.br\/ppgel\/wp-content\/uploads\/2025\/06\/Disciplina_Ensino-aprendizagem-e-avaliacao-de-linguas-estrangeiras-nas-series-iniciais-do-ensino-fundamental.pdf\" target=\"_blank\" rel=\"noreferrer noopener\">ENSINO, APRENDIZAGEM E AVALIA\u00c7\u00c3O DE L\u00cdNGUAS ESTRANGEIRAS NAS S\u00c9RIES INICIAIS DO ENSINO FUNDAMENTAL<\/a><\/p>\n\n\n\n<p>2 LEM 128 <a href=\"https:\/\/pos.uel.br\/ppgel\/wp-content\/uploads\/2025\/06\/Disciplina_Identidade-do-professor-de-lingua-estrangeira.pdf\" target=\"_blank\" rel=\"noreferrer noopener\">IDENTIDADE DO PROFESSOR DO PROFESSOR DE L\u00cdNGUA ESTRANGEIRA <\/a><\/p>\n\n\n\n<p>2 LEM 209 <a href=\"https:\/\/pos.uel.br\/ppgel\/wp-content\/uploads\/2025\/06\/Disciplina_Genero-ensino-e-educacao-inicial-e-continuada-de-professores-de-linguas.pdf\" target=\"_blank\" rel=\"noreferrer noopener\">G\u00caNERO, ENSINO E EDUCA\u00c7\u00c3O (INICIAL E CONTINUADA) DE PROFESSORES DE L\u00cdNGUAS<\/a><\/p>\n\n\n\n<p>2 LEM 208 <a href=\"https:\/\/pos.uel.br\/ppgel\/wp-content\/uploads\/2025\/06\/Disciplina_Praticas-sociais-de-transformacao-de-professoresas-de-linguas.pdf\" target=\"_blank\" rel=\"noreferrer noopener\">PR\u00c1TICAS SOCIAIS DE (TRANSFORM)A\u00c7\u00c3O DE PROFESSORES\/AS DE L\u00cdNGUAS<\/a><\/p>\n\n\n\n<p>2 LEM 287 <a href=\"https:\/\/pos.uel.br\/ppgel\/wp-content\/uploads\/2025\/06\/Disciplina_Intermidialidades-Multiletramentos-e-Educacao.pdf\" target=\"_blank\" rel=\"noreferrer noopener\">INTERMIDIALIDADES, MULTILETRAMENTOS E EDUCA\u00c7\u00c3O<\/a><\/p>\n\n\n\n<p>2 LEM 204 <a href=\"https:\/\/pos.uel.br\/ppgel\/wp-content\/uploads\/2025\/06\/Disciplina_Desafios-contemporaneos-no-ensino-e-formacao-de-professores-de-linguas-estrangeiras.pdf\" target=\"_blank\" rel=\"noreferrer noopener\">DESAFIOS CONTEMPOR\u00c2NEOS NO ENSINO E FORMA\u00c7\u00c3O DE PROFESSORES DE L\u00cdNGUAS ESTRANGEIRAS<\/a><\/p>\n\n\n\n<p>2 LEM 227 T\u00d3PICOS ESPECIAIS: FORMA\u00c7\u00c3O DE PROFESSORES PARA CONTEXTO BIL\u00cdNGUE<\/p>\n\n\n\n<p>2 LEM 206 <a href=\"https:\/\/pos.uel.br\/ppgel\/wp-content\/uploads\/2025\/06\/Disciplina_Portugues-para-falantes-de-outras-linguas-e-a-formacao-de-professores.pdf\" target=\"_blank\" rel=\"noreferrer noopener\">PORTUGU\u00caS PARA FALANTES DE OUTRAS L\u00cdNGUAS E A FORMA\u00c7\u00c3O DE PROFESSORES<\/a><\/p>\n\n\n\n<p>2 LEM 297 <a href=\"https:\/\/pos.uel.br\/ppgel\/wp-content\/uploads\/2026\/02\/2-LEM-297-Inteligencia-Artificial-Linguagem-e-Inovacao-Educacional_-Reflexoes-e-Praticas-no-Ensino-de-Linguas.pdf\">INTELIG\u00caNCIA ARTIFICIAL, LINGUAGEM E INOVA\u00c7\u00c3O EDUCACIONAL:&nbsp; REFLEX\u00d5ES E PR\u00c1TICAS NO ENSINO DE L\u00cdNGUAS<\/a><\/p>\n\n\n\n<p>2 LEM 298 <a href=\"https:\/\/pos.uel.br\/ppgel\/wp-content\/uploads\/2026\/02\/2-LEM-298-\u2013-Tecnologias-Educacionais-e-Estudos-da-Linguagem_-Abordagens-Socioculturais-e-Desenvolvimento-Sustentavel.docx.pdf\">TECNOLOGIAS EDUCACIONAIS E ESTUDOS DA LINGUAGEM: ABORDAGENS SOCIOCULTURAIS E DESENVOLVIMENTO SUSTENT\u00c1VEL<\/a><\/p>\n\n\n\n<p>2 LEM 289 <a href=\"https:\/\/pos.uel.br\/ppgel\/wp-content\/uploads\/2026\/02\/2-LEM-289.pdf\">\u00a0EDUCA\u00c7\u00c3O LINGU\u00cdSTICA, BI\/MULTI\/PLURILINGUISMO NA INF\u00c2NCIA: IMPLICA\u00c7\u00d5ES PARA A SALA DE AULA<\/a><\/p>\n\n\n\n<p><\/p>\n\n\n\n<p><\/p>\n<\/div>\n\n\n\n<p><\/p>\n","protected":false},"excerpt":{"rendered":"<p>A estrutura curricular do PPGEL est\u00e1 organizada em cr\u00e9ditos. Cada disciplina tem uma carga hor\u00e1ria expressa em cr\u00e9ditos e cada cr\u00e9dito corresponde a 15 (quinze) horas-aula. Conforme Resolu\u00e7\u00e3o CEPE 56\/2025, os mestrandos devem completar&nbsp; 58&nbsp; cr\u00e9ditos, correspondentes a&nbsp; 870 horas, assim distribu\u00eddos:&nbsp; a) 3 cr\u00e9ditos da disciplina de Metodologia de Pesquisa; b) 2 cr\u00e9ditos em [&hellip;]<\/p>\n","protected":false},"author":10,"featured_media":0,"parent":0,"menu_order":0,"comment_status":"closed","ping_status":"closed","template":"","meta":{"footnotes":""},"class_list":["post-255","page","type-page","status-publish","hentry"],"_links":{"self":[{"href":"https:\/\/pos.uel.br\/ppgel\/wp-json\/wp\/v2\/pages\/255","targetHints":{"allow":["GET"]}}],"collection":[{"href":"https:\/\/pos.uel.br\/ppgel\/wp-json\/wp\/v2\/pages"}],"about":[{"href":"https:\/\/pos.uel.br\/ppgel\/wp-json\/wp\/v2\/types\/page"}],"author":[{"embeddable":true,"href":"https:\/\/pos.uel.br\/ppgel\/wp-json\/wp\/v2\/users\/10"}],"replies":[{"embeddable":true,"href":"https:\/\/pos.uel.br\/ppgel\/wp-json\/wp\/v2\/comments?post=255"}],"version-history":[{"count":32,"href":"https:\/\/pos.uel.br\/ppgel\/wp-json\/wp\/v2\/pages\/255\/revisions"}],"predecessor-version":[{"id":2067,"href":"https:\/\/pos.uel.br\/ppgel\/wp-json\/wp\/v2\/pages\/255\/revisions\/2067"}],"wp:attachment":[{"href":"https:\/\/pos.uel.br\/ppgel\/wp-json\/wp\/v2\/media?parent=255"}],"curies":[{"name":"wp","href":"https:\/\/api.w.org\/{rel}","templated":true}]}}