{"id":182,"date":"2024-08-26T17:00:13","date_gmt":"2024-08-26T20:00:13","guid":{"rendered":"https:\/\/pos.uel.br\/ppgel\/?page_id=182"},"modified":"2025-12-08T14:22:13","modified_gmt":"2025-12-08T17:22:13","slug":"calendario-e-horarios","status":"publish","type":"page","link":"https:\/\/pos.uel.br\/ppgel\/calendario-e-horarios\/","title":{"rendered":"Hor\u00e1rios"},"content":{"rendered":"\n<p>As aulas ocorrem \u00e0s quintas e sextas-feiras, nos per\u00edodos matutino e vespertino, conforme hor\u00e1rio  disponibilizado a cada semestre.<\/p>\n\n\n\n<p><strong><a href=\"https:\/\/www.uel.br\/pos\/ppgel\/pages\/arquivos\/horario%202024.2.jpg\">Hor\u00e1rio de Aulas &#8211;  2024\/2<\/a><\/strong><\/p>\n\n\n\n<p><a href=\"https:\/\/pos.uel.br\/ppgel\/wp-content\/uploads\/2025\/03\/PPGEL-HORARIO-2025-1.pdf\"><strong>Hor\u00e1rio de Aulas- 2025\/1<\/strong><\/a><\/p>\n\n\n\n<p><a href=\"https:\/\/pos.uel.br\/ppgel\/wp-content\/uploads\/2025\/07\/Horario-2025.2.docx.pdf\"><strong>Hor\u00e1rio de Aulas- 2025\/2<\/strong><\/a><\/p>\n\n\n\n<p><strong><a href=\"https:\/\/pos.uel.br\/ppgel\/wp-content\/uploads\/2025\/12\/2026.1.docx.pdf\">Hor\u00e1rio de Aulas- 2026\/1<\/a><\/strong><\/p>\n\n\n\n<p><\/p>\n","protected":false},"excerpt":{"rendered":"<p>As aulas ocorrem \u00e0s quintas e sextas-feiras, nos per\u00edodos matutino e vespertino, conforme hor\u00e1rio disponibilizado a cada semestre. Hor\u00e1rio de Aulas &#8211; 2024\/2 Hor\u00e1rio de Aulas- 2025\/1 Hor\u00e1rio de Aulas- 2025\/2 Hor\u00e1rio de Aulas- 2026\/1<\/p>\n","protected":false},"author":10,"featured_media":0,"parent":0,"menu_order":0,"comment_status":"closed","ping_status":"closed","template":"","meta":{"footnotes":""},"class_list":["post-182","page","type-page","status-publish","hentry"],"_links":{"self":[{"href":"https:\/\/pos.uel.br\/ppgel\/wp-json\/wp\/v2\/pages\/182","targetHints":{"allow":["GET"]}}],"collection":[{"href":"https:\/\/pos.uel.br\/ppgel\/wp-json\/wp\/v2\/pages"}],"about":[{"href":"https:\/\/pos.uel.br\/ppgel\/wp-json\/wp\/v2\/types\/page"}],"author":[{"embeddable":true,"href":"https:\/\/pos.uel.br\/ppgel\/wp-json\/wp\/v2\/users\/10"}],"replies":[{"embeddable":true,"href":"https:\/\/pos.uel.br\/ppgel\/wp-json\/wp\/v2\/comments?post=182"}],"version-history":[{"count":9,"href":"https:\/\/pos.uel.br\/ppgel\/wp-json\/wp\/v2\/pages\/182\/revisions"}],"predecessor-version":[{"id":1990,"href":"https:\/\/pos.uel.br\/ppgel\/wp-json\/wp\/v2\/pages\/182\/revisions\/1990"}],"wp:attachment":[{"href":"https:\/\/pos.uel.br\/ppgel\/wp-json\/wp\/v2\/media?parent=182"}],"curies":[{"name":"wp","href":"https:\/\/api.w.org\/{rel}","templated":true}]}}

Horários

<p>As aulas ocorrem às quintas e sextas-feiras, nos períodos matutino e vespertino, conforme horário  disponibilizado a cada semestre.</p>



<p><strong><a href="https://www.uel.br/pos/ppgel/pages/arquivos/horario%202024.2.jpg">Horário de Aulas &#8211;  2024/2</a></strong></p>



<p><a href="https://pos.uel.br/ppgel/wp-content/uploads/2025/03/PPGEL-HORARIO-2025-1.pdf"><strong>Horário de Aulas- 2025/1</strong></a></p>



<p><a href="https://pos.uel.br/ppgel/wp-content/uploads/2025/07/Horario-2025.2.docx.pdf"><strong>Horário de Aulas- 2025/2</strong></a></p>



<p><strong><a href="https://pos.uel.br/ppgel/wp-content/uploads/2025/12/2026.1.docx.pdf">Horário de Aulas- 2026/1</a></strong></p>



<p></p>

<p>As aulas ocorrem às quintas e sextas-feiras, nos períodos matutino e vespertino, conforme horário disponibilizado a cada semestre. Horário de Aulas &#8211; 2024/2 Horário de Aulas- 2025/1 Horário de Aulas- 2025/2 Horário de Aulas- 2026/1</p>
