{"id":1507,"date":"2025-07-01T23:03:43","date_gmt":"2025-07-02T02:03:43","guid":{"rendered":"https:\/\/pos.uel.br\/ppgel\/?page_id=1507"},"modified":"2025-07-01T23:03:43","modified_gmt":"2025-07-02T02:03:43","slug":"publicaciones","status":"publish","type":"page","link":"https:\/\/pos.uel.br\/ppgel\/es\/publicaciones\/","title":{"rendered":"Publicaciones"},"content":{"rendered":"\n<p><\/p>\n\n\n\n<p class=\"has-large-font-size\"><strong>Signum<\/strong><\/p>\n\n\n\n<div class=\"wp-block-media-text is-stacked-on-mobile\" style=\"grid-template-columns:33% auto\"><figure class=\"wp-block-media-text__media\"><img loading=\"lazy\" decoding=\"async\" width=\"819\" height=\"1024\" src=\"https:\/\/pos.uel.br\/ppgel\/wp-content\/uploads\/2024\/10\/16-819x1024.png\" alt=\"\" class=\"wp-image-531 size-full\" srcset=\"https:\/\/pos.uel.br\/ppgel\/wp-content\/uploads\/2024\/10\/16-819x1024.png 819w, https:\/\/pos.uel.br\/ppgel\/wp-content\/uploads\/2024\/10\/16-240x300.png 240w, https:\/\/pos.uel.br\/ppgel\/wp-content\/uploads\/2024\/10\/16-768x960.png 768w, https:\/\/pos.uel.br\/ppgel\/wp-content\/uploads\/2024\/10\/16.png 1080w\" sizes=\"auto, (max-width: 819px) 100vw, 819px\" \/><\/figure><div class=\"wp-block-media-text__content\">\n<p class=\"has-text-align-center\">La Revista Signum: Estudios del Lenguaje (ISSN 2237-4876 en l\u00ednea) es una publicaci\u00f3n cuatrimestral del PPGEL\u2013UEL. Su objetivo es difundir trabajos in\u00e9ditos (art\u00edculos y rese\u00f1as) en las \u00e1reas de descripci\u00f3n y an\u00e1lisis ling\u00fc\u00edstico, estudios del texto\/discurso, ense\u00f1anza\/aprendizaje y formaci\u00f3n de profesores de lenguas portuguesa, extranjeras y de otros lenguajes.<\/p>\n\n\n\n<p class=\"has-text-align-center\">Signum est\u00e1 disponible en acceso abierto, bajo la licencia <a href=\"https:\/\/creativecommons.org\/licenses\/by\/4.0\/deed.pt_BR\">CC-BY.<\/a><\/p>\n\n\n\n<p class=\"has-text-align-center\"><strong>Editora de la Revista Signum:<\/strong> Prof. Dr. Sheila Oliveira Lima<\/p>\n\n\n\n<p class=\"has-text-align-left\">Para m\u00e1s informaci\u00f3n, haz clic en la revista y accede al sitio web de <a href=\"https:\/\/ojs.uel.br\/revistas\/uel\/index.php\/signum\/about\">Signum<\/a>.<\/p>\n<\/div><\/div>\n\n\n\n<p><\/p>\n\n\n\n<p><\/p>\n\n\n\n<p class=\"has-large-font-size\"><strong>Entretextos<\/strong><\/p>\n\n\n\n<p><\/p>\n\n\n\n<p><\/p>\n\n\n\n<div class=\"wp-block-media-text is-stacked-on-mobile\" style=\"grid-template-columns:33% auto\"><figure class=\"wp-block-media-text__media\"><img loading=\"lazy\" decoding=\"async\" width=\"819\" height=\"1024\" src=\"https:\/\/pos.uel.br\/ppgel\/wp-content\/uploads\/2024\/10\/17-819x1024.png\" alt=\"\" class=\"wp-image-532 size-full\" srcset=\"https:\/\/pos.uel.br\/ppgel\/wp-content\/uploads\/2024\/10\/17-819x1024.png 819w, https:\/\/pos.uel.br\/ppgel\/wp-content\/uploads\/2024\/10\/17-240x300.png 240w, https:\/\/pos.uel.br\/ppgel\/wp-content\/uploads\/2024\/10\/17-768x960.png 768w, https:\/\/pos.uel.br\/ppgel\/wp-content\/uploads\/2024\/10\/17.png 1080w\" sizes=\"auto, (max-width: 819px) 100vw, 819px\" \/><\/figure><div class=\"wp-block-media-text__content\">\n<p class=\"has-text-align-center\">La Revista Entretextos (ISSN 1519-5392) es una publicaci\u00f3n semestral organizada por estudiantes y docente del PPGEL\u2013UEL. Disponible en acceso abierto bajo la <a href=\"https:\/\/creativecommons.org\/licenses\/by\/4.0\/deed.pt_BR\">licencia CC-BY<\/a>, publica art\u00edculos, rese\u00f1as, entrevistas, traducciones y dosieres en las siguientes \u00e1reas: descripci\u00f3n y an\u00e1lisis ling\u00fc\u00edstico, estudios del texto\/discurso, ense\u00f1anza\/aprendizaje y formaci\u00f3n del profesorado de lengua portuguesa y otras lenguajes, as\u00ed como ense\u00f1anza\/aprendizaje de lenguas extranjeras.\u00a0<\/p>\n\n\n\n<p class=\"has-text-align-center\"><strong>Editora de la Revista Entretextos:<\/strong> Prof. Dr. Eliana Donaio Ruiz<\/p>\n\n\n\n<p class=\"has-text-align-left\">Para m\u00e1s informaci\u00f3n, haz clic en la revista y accede al sitio web de  <a href=\"https:\/\/ojs.uel.br\/revistas\/uel\/index.php\/entretextos\">Entretextos<\/a>.<\/p>\n<\/div><\/div>\n\n\n\n<p><\/p>\n","protected":false},"excerpt":{"rendered":"<p>Signum La Revista Signum: Estudios del Lenguaje (ISSN 2237-4876 en l\u00ednea) es una publicaci\u00f3n cuatrimestral del PPGEL\u2013UEL. Su objetivo es difundir trabajos in\u00e9ditos (art\u00edculos y rese\u00f1as) en las \u00e1reas de descripci\u00f3n y an\u00e1lisis ling\u00fc\u00edstico, estudios del texto\/discurso, ense\u00f1anza\/aprendizaje y formaci\u00f3n de profesores de lenguas portuguesa, extranjeras y de otros lenguajes. Signum est\u00e1 disponible en acceso [&hellip;]<\/p>\n","protected":false},"author":10,"featured_media":0,"parent":0,"menu_order":0,"comment_status":"closed","ping_status":"closed","template":"","meta":{"footnotes":""},"class_list":["post-1507","page","type-page","status-publish","hentry"],"_links":{"self":[{"href":"https:\/\/pos.uel.br\/ppgel\/wp-json\/wp\/v2\/pages\/1507","targetHints":{"allow":["GET"]}}],"collection":[{"href":"https:\/\/pos.uel.br\/ppgel\/wp-json\/wp\/v2\/pages"}],"about":[{"href":"https:\/\/pos.uel.br\/ppgel\/wp-json\/wp\/v2\/types\/page"}],"author":[{"embeddable":true,"href":"https:\/\/pos.uel.br\/ppgel\/wp-json\/wp\/v2\/users\/10"}],"replies":[{"embeddable":true,"href":"https:\/\/pos.uel.br\/ppgel\/wp-json\/wp\/v2\/comments?post=1507"}],"version-history":[{"count":1,"href":"https:\/\/pos.uel.br\/ppgel\/wp-json\/wp\/v2\/pages\/1507\/revisions"}],"predecessor-version":[{"id":1508,"href":"https:\/\/pos.uel.br\/ppgel\/wp-json\/wp\/v2\/pages\/1507\/revisions\/1508"}],"wp:attachment":[{"href":"https:\/\/pos.uel.br\/ppgel\/wp-json\/wp\/v2\/media?parent=1507"}],"curies":[{"name":"wp","href":"https:\/\/api.w.org\/{rel}","templated":true}]}}