{"id":1490,"date":"2025-07-01T22:27:17","date_gmt":"2025-07-02T01:27:17","guid":{"rendered":"https:\/\/pos.uel.br\/ppgel\/?page_id=1490"},"modified":"2025-07-01T22:29:00","modified_gmt":"2025-07-02T01:29:00","slug":"processus-de-selection-etudiants-reguliers","status":"publish","type":"page","link":"https:\/\/pos.uel.br\/ppgel\/fr\/processus-de-selection-etudiants-reguliers\/","title":{"rendered":"Processus de S\u00e9lection \u2013 \u00c9tudiants R\u00e9guliers"},"content":{"rendered":"\n<div style=\"height:68px\" aria-hidden=\"true\" class=\"wp-block-spacer\"><\/div>\n\n\n\n<p>Le processus de s\u00e9lection des \u00e9tudiants r\u00e9guliers se fait par le biais d\u2019appels \u00e0 candidatures. Voici les appels publi\u00e9s au cours de cette p\u00e9riode quadriennale :<br><\/p>\n\n\n\n<p>2024 \u2013 Appel N\u00b0 11\/2024 \u2013 S\u00c9LECTION DES \u00c9TUDIANTS \u2013 PPGEL <a href=\"https:\/\/pos.uel.br\/ppgel\/wp-content\/uploads\/2025\/05\/RevisadoEdital_11_2024-normas-e-procedimentos-da-selecao_M_D.pdf\" data-type=\"link\" data-id=\"https:\/\/pos.uel.br\/ppgel\/wp-content\/uploads\/2025\/05\/RevisadoEdital_11_2024-normas-e-procedimentos-da-selecao_M_D.pdf\" target=\"_blank\" rel=\"noreferrer noopener\"><img loading=\"lazy\" decoding=\"async\" width=\"210\" height=\"74\" class=\"wp-image-1080\" style=\"width: 80px\" src=\"https:\/\/pos.uel.br\/ppgel\/wp-content\/uploads\/2025\/05\/BOTAO-SITE.png\" alt=\"\"><\/a><\/p>\n\n\n\n<p>2023 \u2013 Appel N\u00b0 19\/2023 \u2013 S\u00c9LECTION DES \u00c9TUDIANTS \u2013 PPGEL <a href=\"https:\/\/pos.uel.br\/ppgel\/wp-content\/uploads\/2025\/05\/Edital_19_2023-normas-e-procedimentos-da-selecao_M_D.pdf\" data-type=\"link\" data-id=\"https:\/\/pos.uel.br\/ppgel\/wp-content\/uploads\/2025\/05\/Edital_19_2023-normas-e-procedimentos-da-selecao_M_D.pdf\" target=\"_blank\" rel=\"noreferrer noopener\"><img loading=\"lazy\" decoding=\"async\" width=\"210\" height=\"74\" class=\"wp-image-1080\" style=\"width: 80px\" src=\"https:\/\/pos.uel.br\/ppgel\/wp-content\/uploads\/2025\/05\/BOTAO-SITE.png\" alt=\"\"><\/a><\/p>\n\n\n\n<p>2022 \u2013 Convocatoria N.\u00ba 18\/2022 \u2013 SELECCI\u00d3N DE ESTUDIANTES \u2013 PPGEL <a href=\"https:\/\/pos.uel.br\/ppgel\/wp-content\/uploads\/2025\/05\/Edital_18_2022-normas-e-procedimentos-da-selecao_M_D.docx.pdf\" data-type=\"link\" data-id=\"https:\/\/pos.uel.br\/ppgel\/wp-content\/uploads\/2025\/05\/Edital_18_2022-normas-e-procedimentos-da-selecao_M_D.docx.pdf\" target=\"_blank\" rel=\"noreferrer noopener\"><img loading=\"lazy\" decoding=\"async\" width=\"210\" height=\"74\" class=\"wp-image-1080\" style=\"width: 80px\" src=\"https:\/\/pos.uel.br\/ppgel\/wp-content\/uploads\/2025\/05\/BOTAO-SITE.png\" alt=\"\"><\/a><\/p>\n\n\n\n<p>2021 \u2013 Appel N\u00b0 12\/2021 \u2013 S\u00c9LECTION DES \u00c9TUDIANTS \u2013 PPGEL <a href=\"https:\/\/pos.uel.br\/ppgel\/wp-content\/uploads\/2025\/05\/Edital_12_2021-normas-e-procedimentos-da-selecao_M_D.pdf\" data-type=\"link\" data-id=\"https:\/\/pos.uel.br\/ppgel\/wp-content\/uploads\/2025\/05\/Edital_12_2021-normas-e-procedimentos-da-selecao_M_D.pdf\" target=\"_blank\" rel=\"noreferrer noopener\"><img loading=\"lazy\" decoding=\"async\" width=\"210\" height=\"74\" class=\"wp-image-1080\" style=\"width: 80px\" src=\"https:\/\/pos.uel.br\/ppgel\/wp-content\/uploads\/2025\/05\/BOTAO-SITE.png\" alt=\"\"><\/a><\/p>\n\n\n\n<p><\/p>\n","protected":false},"excerpt":{"rendered":"<p>Le processus de s\u00e9lection des \u00e9tudiants r\u00e9guliers se fait par le biais d\u2019appels \u00e0 candidatures. Voici les appels publi\u00e9s au cours de cette p\u00e9riode quadriennale : 2024 \u2013 Appel N\u00b0 11\/2024 \u2013 S\u00c9LECTION DES \u00c9TUDIANTS \u2013 PPGEL 2023 \u2013 Appel N\u00b0 19\/2023 \u2013 S\u00c9LECTION DES \u00c9TUDIANTS \u2013 PPGEL 2022 \u2013 Convocatoria N.\u00ba 18\/2022 \u2013 SELECCI\u00d3N [&hellip;]<\/p>\n","protected":false},"author":10,"featured_media":0,"parent":0,"menu_order":0,"comment_status":"closed","ping_status":"closed","template":"","meta":{"footnotes":""},"class_list":["post-1490","page","type-page","status-publish","hentry"],"_links":{"self":[{"href":"https:\/\/pos.uel.br\/ppgel\/wp-json\/wp\/v2\/pages\/1490","targetHints":{"allow":["GET"]}}],"collection":[{"href":"https:\/\/pos.uel.br\/ppgel\/wp-json\/wp\/v2\/pages"}],"about":[{"href":"https:\/\/pos.uel.br\/ppgel\/wp-json\/wp\/v2\/types\/page"}],"author":[{"embeddable":true,"href":"https:\/\/pos.uel.br\/ppgel\/wp-json\/wp\/v2\/users\/10"}],"replies":[{"embeddable":true,"href":"https:\/\/pos.uel.br\/ppgel\/wp-json\/wp\/v2\/comments?post=1490"}],"version-history":[{"count":1,"href":"https:\/\/pos.uel.br\/ppgel\/wp-json\/wp\/v2\/pages\/1490\/revisions"}],"predecessor-version":[{"id":1491,"href":"https:\/\/pos.uel.br\/ppgel\/wp-json\/wp\/v2\/pages\/1490\/revisions\/1491"}],"wp:attachment":[{"href":"https:\/\/pos.uel.br\/ppgel\/wp-json\/wp\/v2\/media?parent=1490"}],"curies":[{"name":"wp","href":"https:\/\/api.w.org\/{rel}","templated":true}]}}