{"id":1484,"date":"2025-07-01T22:22:47","date_gmt":"2025-07-02T01:22:47","guid":{"rendered":"https:\/\/pos.uel.br\/ppgel\/?page_id=1484"},"modified":"2025-07-02T17:23:51","modified_gmt":"2025-07-02T20:23:51","slug":"anciens-diplomes","status":"publish","type":"page","link":"https:\/\/pos.uel.br\/ppgel\/fr\/anciens-diplomes\/","title":{"rendered":"Anciens dipl\u00f4m\u00e9s"},"content":{"rendered":"\n<div style=\"height:53px\" aria-hidden=\"true\" class=\"wp-block-spacer\"><\/div>\n\n\n\n<p class=\"has-text-align-center\"><strong>Anciens dipl\u00f4m\u00e9s<\/strong> <strong>2024<\/strong>&#8211; <a href=\"https:\/\/pos.uel.br\/ppgel\/mestrado-2024\/\" data-type=\"link\" data-id=\"https:\/\/pos.uel.br\/ppgel\/mestrado-2024\/\">Master<\/a> &#8211; <a href=\"https:\/\/pos.uel.br\/ppgel\/doutorado-2024\/\" data-type=\"link\" data-id=\"https:\/\/pos.uel.br\/ppgel\/doutorado-2024\/\">Doctorat<\/a><\/p>\n\n\n\n<p class=\"has-text-align-center\"><strong><strong>Anciens dipl\u00f4m\u00e9s<\/strong> 2023<\/strong> &#8211; <a href=\"https:\/\/pos.uel.br\/ppgel\/mestrado-2023\/\" data-type=\"link\" data-id=\"https:\/\/pos.uel.br\/ppgel\/mestrado-2020\/\">Master<\/a> &#8211; <a href=\"https:\/\/pos.uel.br\/ppgel\/doutorado-2023\/\" data-type=\"link\" data-id=\"https:\/\/pos.uel.br\/ppgel\/doutorado-2020\/\">Doctorat<\/a><\/p>\n\n\n\n<p class=\"has-text-align-center\"><strong><strong>Anciens dipl\u00f4m\u00e9s<\/strong> 2022<\/strong> &#8211; <a href=\"https:\/\/pos.uel.br\/ppgel\/mestrado-2022\/\" data-type=\"link\" data-id=\"https:\/\/pos.uel.br\/ppgel\/mestrado-2022\/\">Master<\/a> &#8211; <a href=\"https:\/\/pos.uel.br\/ppgel\/doutorado-2022\/\" data-type=\"link\" data-id=\"https:\/\/pos.uel.br\/ppgel\/doutorado-2022\/\">Doctorat<\/a><\/p>\n\n\n\n<p class=\"has-text-align-center\"><strong><strong>Anciens dipl\u00f4m\u00e9s<\/strong> 2021<\/strong> &#8211; <a href=\"https:\/\/pos.uel.br\/ppgel\/mestrado-2021\/\" data-type=\"link\" data-id=\"https:\/\/pos.uel.br\/ppgel\/mestrado-2020\/\">Master<\/a> &#8211; <a href=\"https:\/\/pos.uel.br\/ppgel\/doutorado-2021\/\" data-type=\"link\" data-id=\"https:\/\/pos.uel.br\/ppgel\/doutorado-2020\/\">Doctorat<\/a><\/p>\n\n\n\n<p class=\"has-text-align-center\"><strong><strong>Anciens dipl\u00f4m\u00e9s<\/strong> 2020<\/strong> &#8211; <a href=\"https:\/\/pos.uel.br\/ppgel\/mestrado-2020\/\" data-type=\"link\" data-id=\"https:\/\/pos.uel.br\/ppgel\/mestrado-2020\/\">Master<\/a> &#8211; <a href=\"https:\/\/pos.uel.br\/ppgel\/doutorado-2020\/\" data-type=\"link\" data-id=\"https:\/\/pos.uel.br\/ppgel\/doutorado-2020\/\">Doctorat<\/a><\/p>\n\n\n\n<p class=\"has-text-align-center\"><strong><strong>Anciens dipl\u00f4m\u00e9s<\/strong> 2019<\/strong> &#8211; <a href=\"https:\/\/pos.uel.br\/ppgel\/mestrado-2019\/\" data-type=\"link\" data-id=\"https:\/\/pos.uel.br\/ppgel\/mestrado-2020\/\">Master<\/a> &#8211; <a href=\"https:\/\/pos.uel.br\/ppgel\/doutorado-2019\/\" data-type=\"link\" data-id=\"https:\/\/pos.uel.br\/ppgel\/doutorado-2020\/\">Doctorat<\/a><\/p>\n\n\n\n<p class=\"has-text-align-center\"><strong><strong>Anciens dipl\u00f4m\u00e9s<\/strong> 2018<\/strong> &#8211;&nbsp;<a href=\"https:\/\/pos.uel.br\/ppgel\/mestrado-2018\/\">Master<\/a>&nbsp;&#8211;&nbsp;<a href=\"https:\/\/pos.uel.br\/ppgel\/doutorado-2018\/\">Doctorat<\/a><\/p>\n\n\n\n<p class=\"has-text-align-center\"><strong><strong>Anciens dipl\u00f4m\u00e9s<\/strong> 2017<\/strong> &#8211;\u00a0<a href=\"https:\/\/pos.uel.br\/ppgel\/mestrado-2017\/\">Master<\/a>\u00a0&#8211;\u00a0<a href=\"https:\/\/pos.uel.br\/ppgel\/en\/doutorado-2017\/\" data-type=\"link\" data-id=\"https:\/\/pos.uel.br\/ppgel\/en\/doutorado-2017\/\">Doctorat<\/a><\/p>\n\n\n\n<p class=\"has-text-align-center\"><strong><strong>Anciens dipl\u00f4m\u00e9s<\/strong> 2016<\/strong> &#8211;&nbsp;<a href=\"https:\/\/pos.uel.br\/ppgel\/mestrado-2016\/\">Master<\/a>&nbsp;&#8211;&nbsp;<a href=\"https:\/\/pos.uel.br\/ppgel\/doutorado-2016\/\">Doctorat<\/a><\/p>\n\n\n\n<div style=\"height:43px\" aria-hidden=\"true\" class=\"wp-block-spacer\"><\/div>\n\n\n\n<div class=\"wp-block-group is-vertical is-layout-flex wp-container-core-group-is-layout-8cf370e7 wp-block-group-is-layout-flex\">\n<div class=\"wp-block-buttons is-layout-flex wp-block-buttons-is-layout-flex\">\n<div class=\"wp-block-button\"><a class=\"wp-block-button__link has-primary-accent-background-color has-background wp-element-button\" href=\"https:\/\/alumniuel.org.br\/\"><strong>Alumni UEL<\/strong><\/a><\/div>\n<\/div>\n\n\n\n<div style=\"height:18px\" aria-hidden=\"true\" class=\"wp-block-spacer wp-container-content-7a8a7e73\"><\/div>\n\n\n\n<p>Connaissez-vous l\u2019Association des anciens \u00e9tudiants de l\u2019UEL \u2013 ALUMNI ?<\/p>\n\n\n\n<p>D\u00e9couvrez un peu l\u2019association des dipl\u00f4m\u00e9s de l\u2019universit\u00e9: <a href=\"https:\/\/alumniuel.org.br\/\"><strong>ALUMNI UEL<\/strong><\/a><\/p>\n<\/div>\n\n\n\n<p><\/p>\n","protected":false},"excerpt":{"rendered":"<p>Anciens dipl\u00f4m\u00e9s 2024&#8211; Master &#8211; Doctorat Anciens dipl\u00f4m\u00e9s 2023 &#8211; Master &#8211; Doctorat Anciens dipl\u00f4m\u00e9s 2022 &#8211; Master &#8211; Doctorat Anciens dipl\u00f4m\u00e9s 2021 &#8211; Master &#8211; Doctorat Anciens dipl\u00f4m\u00e9s 2020 &#8211; Master &#8211; Doctorat Anciens dipl\u00f4m\u00e9s 2019 &#8211; Master &#8211; Doctorat Anciens dipl\u00f4m\u00e9s 2018 &#8211;&nbsp;Master&nbsp;&#8211;&nbsp;Doctorat Anciens dipl\u00f4m\u00e9s 2017 &#8211;\u00a0Master\u00a0&#8211;\u00a0Doctorat Anciens dipl\u00f4m\u00e9s 2016 &#8211;&nbsp;Master&nbsp;&#8211;&nbsp;Doctorat Connaissez-vous l\u2019Association [&hellip;]<\/p>\n","protected":false},"author":10,"featured_media":0,"parent":0,"menu_order":0,"comment_status":"closed","ping_status":"closed","template":"","meta":{"footnotes":""},"class_list":["post-1484","page","type-page","status-publish","hentry"],"_links":{"self":[{"href":"https:\/\/pos.uel.br\/ppgel\/wp-json\/wp\/v2\/pages\/1484","targetHints":{"allow":["GET"]}}],"collection":[{"href":"https:\/\/pos.uel.br\/ppgel\/wp-json\/wp\/v2\/pages"}],"about":[{"href":"https:\/\/pos.uel.br\/ppgel\/wp-json\/wp\/v2\/types\/page"}],"author":[{"embeddable":true,"href":"https:\/\/pos.uel.br\/ppgel\/wp-json\/wp\/v2\/users\/10"}],"replies":[{"embeddable":true,"href":"https:\/\/pos.uel.br\/ppgel\/wp-json\/wp\/v2\/comments?post=1484"}],"version-history":[{"count":2,"href":"https:\/\/pos.uel.br\/ppgel\/wp-json\/wp\/v2\/pages\/1484\/revisions"}],"predecessor-version":[{"id":1671,"href":"https:\/\/pos.uel.br\/ppgel\/wp-json\/wp\/v2\/pages\/1484\/revisions\/1671"}],"wp:attachment":[{"href":"https:\/\/pos.uel.br\/ppgel\/wp-json\/wp\/v2\/media?parent=1484"}],"curies":[{"name":"wp","href":"https:\/\/api.w.org\/{rel}","templated":true}]}}