{"id":1459,"date":"2025-07-01T22:02:08","date_gmt":"2025-07-02T01:02:08","guid":{"rendered":"https:\/\/pos.uel.br\/ppgel\/?page_id=1459"},"modified":"2025-07-01T22:02:08","modified_gmt":"2025-07-02T01:02:08","slug":"partenariats-nationaux","status":"publish","type":"page","link":"https:\/\/pos.uel.br\/ppgel\/fr\/partenariats-nationaux\/","title":{"rendered":"Partenariats Nationaux"},"content":{"rendered":"\n<p>Depuis sa cr\u00e9ation, le Programme a investi dans les activit\u00e9s de recherche et de formation de chercheurs dans le domaine des \u00c9tudes du Langage, \u00e0 travers d\u2019importants \u00e9changes et partenariats institutionnels, tant au niveau national qu\u2019international.<br><\/p>\n\n\n\n<p><\/p>\n\n\n\n<ul class=\"wp-block-list\">\n<li>ALIB \u2013 Atlas Linguistique du Br\u00e9sil : Coordonn\u00e9 par Vanderci de Andrade Aguilera, \u00e0 l\u2019UEL<\/li>\n\n\n\n<li>LILA \u2013 Laboratoire Int\u00e9gr\u00e9 des Litt\u00e9raties Acad\u00e9miques et Scientifiques : Coordonn\u00e9 par les professeures Vera L\u00facia Lopes Cristov\u00e3o et Paula Baracat<\/li>\n\n\n\n<li>Langage et \u00c9ducation : Sous la coordination de Vera L\u00facia Lopes Cristov\u00e3o et Jacqueline Costa Sanches Vignoli (ancienne postdoctorante du programme \/ UNESPAR)<\/li>\n\n\n\n<li>Tr\u00e9sor du Lexique Patrimonial Galicien et Portugais : Br\u00e9sil : Coordonn\u00e9 par les professeures Vanderci de Andrade Aguilera et Silvia Figueiredo Brand\u00e3o, de l\u2019UFRJ<\/li>\n\n\n\n<li>GPAD \u2013 Groupe de Recherche en Analyse du Discours : Coordonn\u00e9 par la professeure Rosemere Baltazar Passos<\/li>\n\n\n\n<li>GESTELD \u2013 Groupe d\u2019\u00c9tudes en \u00c9ducation, Sexualit\u00e9, Technologies, Langages et Discours (UNESP), avec la participation de la professeure Rosemere Baltazar Passos et d\u2019enseignants d\u2019autres institutions<\/li>\n<\/ul>\n","protected":false},"excerpt":{"rendered":"<p>Depuis sa cr\u00e9ation, le Programme a investi dans les activit\u00e9s de recherche et de formation de chercheurs dans le domaine des \u00c9tudes du Langage, \u00e0 travers d\u2019importants \u00e9changes et partenariats institutionnels, tant au niveau national qu\u2019international.<\/p>\n","protected":false},"author":10,"featured_media":0,"parent":0,"menu_order":0,"comment_status":"closed","ping_status":"closed","template":"","meta":{"footnotes":""},"class_list":["post-1459","page","type-page","status-publish","hentry"],"_links":{"self":[{"href":"https:\/\/pos.uel.br\/ppgel\/wp-json\/wp\/v2\/pages\/1459","targetHints":{"allow":["GET"]}}],"collection":[{"href":"https:\/\/pos.uel.br\/ppgel\/wp-json\/wp\/v2\/pages"}],"about":[{"href":"https:\/\/pos.uel.br\/ppgel\/wp-json\/wp\/v2\/types\/page"}],"author":[{"embeddable":true,"href":"https:\/\/pos.uel.br\/ppgel\/wp-json\/wp\/v2\/users\/10"}],"replies":[{"embeddable":true,"href":"https:\/\/pos.uel.br\/ppgel\/wp-json\/wp\/v2\/comments?post=1459"}],"version-history":[{"count":1,"href":"https:\/\/pos.uel.br\/ppgel\/wp-json\/wp\/v2\/pages\/1459\/revisions"}],"predecessor-version":[{"id":1460,"href":"https:\/\/pos.uel.br\/ppgel\/wp-json\/wp\/v2\/pages\/1459\/revisions\/1460"}],"wp:attachment":[{"href":"https:\/\/pos.uel.br\/ppgel\/wp-json\/wp\/v2\/media?parent=1459"}],"curies":[{"name":"wp","href":"https:\/\/api.w.org\/{rel}","templated":true}]}}