{"id":1445,"date":"2025-07-01T17:36:08","date_gmt":"2025-07-01T20:36:08","guid":{"rendered":"https:\/\/pos.uel.br\/ppgel\/?page_id=1445"},"modified":"2025-07-09T12:08:42","modified_gmt":"2025-07-09T15:08:42","slug":"projet-de-recherche-denseignement-et-dextension","status":"publish","type":"page","link":"https:\/\/pos.uel.br\/ppgel\/fr\/projet-de-recherche-denseignement-et-dextension\/","title":{"rendered":"PROJET DE RECHERCHE, D\u2019ENSEIGNEMENT ET D\u2019EXTENSION"},"content":{"rendered":"\n<p><\/p>\n\n\n\n<figure class=\"wp-block-table is-style-stripes\"><table><tbody><tr><td><strong>Ligne<\/strong><\/td><td><strong>Enseignant\u00b7e<\/strong><\/td><td><strong>Projet de<\/strong><\/td><\/tr><tr><td rowspan=\"5\">&nbsp; &nbsp;1<\/td><td>DIRCEL APARECIDA KAILER<\/td><td><strong>Recherche<\/strong>: <strong><a href=\"https:\/\/www.sistemasweb.uel.br\/system\/prj\/pes\/pdf\/pes_pesquisa_12534.pdf\" data-type=\"link\" data-id=\"https:\/\/www.sistemasweb.uel.br\/system\/prj\/pes\/pdf\/pes_pesquisa_12534.pdf\">COVID-19 : EXP\u00c9RIENCES ET R\u00c9CITS<\/a><\/strong> | 19\/07\/2023<\/td><\/tr><tr><td>FABIANE CRISTINA ALTINO<\/td><td><strong>Recherche<\/strong>: <strong><a href=\"https:\/\/www.sistemasweb.uel.br\/system\/prj\/pes\/pdf\/pes_pesquisa_11760.pdf\">Lexique Historique du Portugais Br\u00e9silien \u2013 LHISPB<\/a><\/strong> | 05\/12\/2023<\/td><\/tr><tr><td>MARCELO SILVEIRA<\/td><td><strong>D\u2019extension<\/strong>: <strong><a href=\"https:\/\/www.sistemasweb.uel.br\/system\/prj\/pex\/pdf\/pex_projetoscadastrados_2025-02-16_08-31-49.pdf\">\u00c9DUC-ACTION ENVIRONNEMENTALE ET (MULTI)LITT\u00c9RATIES : TRANSVERSALIT\u00c9 DE L\u2019\u00c9DUCATION ENVIRONNEMENTALE \u00c0 L\u2019\u00c9COLE<\/a><\/strong> | 01\/04\/2024<\/td><\/tr><tr><td>OTAVIO<\/td><td><strong>Recherche<\/strong>: <strong><a href=\"https:\/\/www.sistemasweb.uel.br\/system\/prj\/pes\/pdf\/pes_pesquisa_13810.pdf\">LA LINGUISTIQUE CONTRASTIVE ET LES LANGUES VISUO-SPATIALES<\/a><\/strong> | 06\/02\/2024<\/td><\/tr><tr><td>VANDERCI DE A. AGUILERA<\/td><td><strong>Recherche<\/strong>: <strong><a href=\"https:\/\/www.sistemasweb.uel.br\/system\/prj\/pes\/pdf\/pes_pesquisa_02980.pdf\" data-type=\"link\" data-id=\"https:\/\/www.sistemasweb.uel.br\/system\/prj\/pes\/pdf\/pes_pesquisa_02980.pdf\">ATLAS LINGUISTIQUE DU BR\u00c9SIL<\/a><\/strong> | 02\/04\/2000<\/td><\/tr><\/tbody><\/table><\/figure>\n\n\n\n<div style=\"height:59px\" aria-hidden=\"true\" class=\"wp-block-spacer\"><\/div>\n\n\n\n<figure class=\"wp-block-table is-style-stripes\"><table><tbody><tr><td><strong>Ligne<\/strong><\/td><td><strong>Enseignant\u00b7e<\/strong><\/td><td><strong>Projet de<\/strong><\/td><\/tr><tr><td rowspan=\"4\">&nbsp; &nbsp;2<\/td><td>ISABEL CRISTINA CORDEIRO<\/td><td><strong>Recherche<\/strong>: <strong><a href=\"https:\/\/www.sistemasweb.uel.br\/system\/prj\/pes\/pdf\/pes_pesquisa_14083.pdf\">LABORATOIRE D\u2019\u00c9TUDES TEXTUELLES<\/a><\/strong> (LABESTE) | 06\/08\/2024<\/td><\/tr><tr><td>LOLYANE<\/td><td><strong>Recherche<\/strong>: <strong><a href=\"https:\/\/www.sistemasweb.uel.br\/system\/prj\/pes\/pdf\/pes_pesquisa_14444.pdf\">M\u00c9CANISMES R\u00c9F\u00c9RENTIELS ET ARGUMENTATIFS DANS LES TECHNOTEXTES<\/a><\/strong> | 01\/04\/2025<\/td><\/tr><tr><td>MARIA ISABEL BORGES<\/td><td><strong>Recherche<\/strong>: <strong><a href=\"https:\/\/www.sistemasweb.uel.br\/system\/prj\/pes\/pdf\/pes_pesquisa_14151.pdf\">MANIFESTATIONS ET REPR\u00c9SENTATIONS DE LA SOUFFRANCE : UNE \u00c9TUDE DES PERSONNAGES DANS LES ROMANS GRAPHIQUES<\/a><\/strong> | 03\/09\/2024<\/td><\/tr><tr><td>ROSEMERI PASSOS BALTAZAR<\/td><td><strong>Recherche<\/strong>: <strong><a href=\"https:\/\/www.sistemasweb.uel.br\/system\/prj\/pes\/pdf\/pes_pesquisa_13630.pdf\">PAD III \u2013 RECHERCHES EN ANALYSE DU DISCOURS : G\u00c9N\u00c9ALOGIE\/D\u00c9(CONSTRUCTION) DU CORPS F\u00c9MININ ET ASYM\u00c9TRIES DE POUVOIR DANS LES PRATIQUES SOCIALES<\/a><\/strong> | 03\/10\/2023<\/td><\/tr><\/tbody><\/table><\/figure>\n\n\n\n<div style=\"height:50px\" aria-hidden=\"true\" class=\"wp-block-spacer\"><\/div>\n\n\n\n<figure class=\"wp-block-table is-style-stripes\"><table><tbody><tr><td><strong>Ligne<\/strong><\/td><td><strong>Enseignant\u00b7e<\/strong><\/td><td><strong>Projet de recherche<\/strong><\/td><\/tr><tr><td rowspan=\"4\">&nbsp; 3<\/td><td>ANDREIA DA CUNHA MALHEIROS SANTANA<\/td><td><strong>Recherche<\/strong>:  <strong><a href=\"https:\/\/www.sistemasweb.uel.br\/system\/prj\/pes\/pdf\/pes_pesquisa_14004.pdf\">LE MANUEL SCOLAIRE DE LANGUE MATERNELLE : MULTIPLES REGARDS<\/a><\/strong> | 07\/05\/2024<\/td><\/tr><tr><td>ELIANA MARIA SEVERINO DONAIO RUIZ<\/td><td><strong><a href=\"https:\/\/www.sistemasweb.uel.br\/system\/prj\/pes\/pdf\/pes_pesquisa_14179.pdf\">ECELP \u2013 \u00c9criture Collaborative et Enseignement du Portugais en Pr\u00e9sentiel et \u00e0 Distance<\/a><\/strong> | 02\/10\/2024<\/td><\/tr><tr><td>JOYCE ELAINE DE ALMEIDA BARONAS<\/td><td><strong>D\u2019extension<\/strong>: <strong><a href=\"https:\/\/www.sistemasweb.uel.br\/system\/prj\/pex\/pdf\/pex_projetoscadastrados_2025-02-15_14-26-17.pdf\">VALE \u2013 VARIATION LINGUISTIQUE \u00c0 L\u2019\u00c9COLE<\/a><\/strong> | 04\/04\/2023<\/td><\/tr><tr><td>SHEILA OLIVEIRA LIMA<\/td><td><strong>Recherche<\/strong>: <strong><a href=\"https:\/\/www.sistemasweb.uel.br\/system\/prj\/pes\/pdf\/pes_pesquisa_14113.pdf\">\u00c9couter les lecteurs : approches didactiques dans la formation \u00e0 la lecture et \u00e0 la litt\u00e9rature<\/a><\/strong> | 06\/08\/2024 <br><strong>D&#8217;extension<\/strong>: <strong><a href=\"https:\/\/www.sistemasweb.uel.br\/system\/prj\/pex\/pdf\/pex_projetoscadastrados_2025-02-15_14-33-22.pdf\">Lire la litt\u00e9rature comme un droit \u00e0 la citoyennet\u00e9<\/a><\/strong> | 07\/05\/2024<\/td><\/tr><\/tbody><\/table><\/figure>\n\n\n\n<div style=\"height:63px\" aria-hidden=\"true\" class=\"wp-block-spacer\"><\/div>\n\n\n\n<figure class=\"wp-block-table is-style-stripes\"><table><tbody><tr><td><strong>Ligne<\/strong><\/td><td><strong>Enseignant\u00b7e<\/strong><\/td><td><strong>Projet de recherche<\/strong><\/td><\/tr><tr><td rowspan=\"5\">&nbsp; 4<\/td><td>CL\u00c1UDIA<\/td><td><strong>Recherche<\/strong>: <strong><a href=\"https:\/\/www.sistemasweb.uel.br\/system\/prj\/pes\/pdf\/pes_pesquisa_12774.pdf\">ILLUMINURES DE L\u2019INSOLITE DANS LA LITT\u00c9RATURE LATINO-AM\u00c9RICAINE DES XIXe ET XXe SI\u00c8CLES<\/a><\/strong> | 03\/05\/2022<\/td><\/tr><tr><td>JULIANA REICHERT ASSUNCAO TONELLI<\/td><td><strong>Recherche<\/strong>: <strong><a href=\"https:\/\/www.sistemasweb.uel.br\/system\/prj\/pes\/pdf\/pes_pesquisa_13628.pdf\">LANGUAGE ASSESSMENT ACCESSIBILITY RESOURCE CENTRE (LAARC)<\/a><\/strong> | 07\/08\/2023 | <em>Financement externe<\/em> <br><br><strong>Recherche<\/strong>: <strong><a href=\"https:\/\/www.sistemasweb.uel.br\/system\/prj\/pes\/pdf\/pes_pesquisa_13244.pdf\">PRAX\u00c9OLOGIES COLLABORATIVES EN \u00c9DUCATION LINGUISTIQUE (EN LANGUES ADDITIONNELLES) AVEC DES ENFANTS (Coordinatrice)<\/a><\/strong> | 17\/02\/2022 | <em>Financement externe<\/em> <br><br><strong>D\u2019extension<\/strong>: <strong><a href=\"https:\/\/www.sistemasweb.uel.br\/system\/prj\/pex\/pdf\/pex_projetoscadastrados_2025-02-15_14-35-30.pdf\">\u00a0\u00a0NAP \u2013 CENTRE D\u2019APPUI P\u00c9DAGOGIQUE POUR L\u2019ENSEIGNEMENT DES LANGUES<\/a><\/strong> | 01\/04\/2024<br><br><strong>D\u2019extension<\/strong>: <strong><a href=\"https:\/\/www.sistemasweb.uel.br\/system\/prj\/pex\/pdf\/pex_projetoscadastrados_2025-02-16_08-44-32.pdf\">TEACHERS OF ENGLISH IN ACTION (TEIA) : PROJET INT\u00c9GR\u00c9 DE FORMATION INITIALE ET CONTINUE DES ENSEIGNANT\u00b7E\u00b7S D\u2019ANGLAIS<\/a><\/strong><br><br><strong>D\u2019extension<\/strong>: <strong><a href=\"https:\/\/www.sistemasweb.uel.br\/system\/prj\/pex\/pdf\/pex_projetoscadastrados_2025-02-16_08-39-01.pdf\">\u00c9DUCATION LINGUISTIQUE EN PORTUGAIS COMME LANGUE ADDITIONNELLE POUR ENFANTS MIGRANT\u00b7E\u00b7S INTERNATIONAUX<\/a><\/strong> | 01\/08\/2023<br><br><strong>D\u2019extension<\/strong>: <strong><a href=\"https:\/\/www.sistemasweb.uel.br\/system\/prj\/pex\/pdf\/pex_projetoscadastrados_2025-02-16_08-42-33.pdf\">FORMATION DES ENSEIGNANT\u00b7E\u00b7S POUR LES CONTEXTES D\u2019ENSEIGNEMENT BILINGUE ET MULTILINGUE<\/a><\/strong> | 14\/02\/2022 \u00a0<\/td><\/tr><tr><td>MICHELE SALLES EL KADRI<\/td><td><strong>Recherche<\/strong>: <strong><a href=\"https:\/\/www.sistemasweb.uel.br\/system\/prj\/pes\/pdf\/pes_pesquisa_14303.pdf\">ENSEIGNEMENT BILINGUE DANS LES \u00c9COLES PUBLIQUES : CURRICULUM, MAT\u00c9RIELS, PRATIQUES, D\u00c9FIS, FORMATION DES ENSEIGNANT\u00b7E\u00b7S ET APPRENTISSAGES<\/a><\/strong> | 03\/12\/2021 | <em>Financement externe<\/em><br><br><strong>D\u2019extension<\/strong>: &#8220;<strong><a href=\"https:\/\/www.sistemasweb.uel.br\/system\/prj\/pex\/pdf\/pex_projetoscadastrados_2025-02-16_08-52-59.pdf\">VILLES BILINGUES\u201d : CURRICULA, PRATIQUES ET FORMATION DES ENSEIGNANT\u00b7E\u00b7S POUR DES \u00c9COLES PUBLIQUES BI\/MULTILINGUES DE LANGUES DE PRESTIGE<\/a><\/strong>&#8221; | 07\/02\/2024<\/td><\/tr><tr><td>TELMA NUNES GIMENEZ<\/td><td><strong>Recherche<\/strong>: <strong><a href=\"https:\/\/www.sistemasweb.uel.br\/system\/prj\/pes\/pdf\/pes_pesquisa_14294.pdf\">Influencer les politiques et proposer des pratiques dans l\u2019enseignement de l\u2019anglais : la participation des organisations du tiers secteur dans le contexte \u00e9ducatif br\u00e9silien<\/a><\/strong> | 01\/03\/2023 | <em>Financement externe<\/em><\/td><\/tr><tr><td>VERA LUCIA LOPES CRISTOV\u00c3O<\/td><td><strong>Recherche<\/strong>: <strong><a href=\"https:\/\/www.sistemasweb.uel.br\/system\/prj\/pes\/pdf\/pes_pesquisa_13121.pdf\">LABORATOIRE INT\u00c9GR\u00c9 DE LITT\u00c9RATIES ACAD\u00c9MIQUES ET SCIENTIFIQUES (LILA) : COMPR\u00c9HENSION ET PRODUCTION<\/a><\/strong> | 13\/02\/2022 | <em>Financement externe<\/em><br><br><strong>Recherche<\/strong>: <strong><a href=\"https:\/\/www.sistemasweb.uel.br\/system\/prj\/pes\/pdf\/pes_pesquisa_13129.pdf\">Laboratoire Int\u00e9gr\u00e9 de Litt\u00e9raties Acad\u00e9miques et Scientifiques (LILA) : \u00e9tude d\u2019une communaut\u00e9 de pratique en \u00e9mergence<\/a><\/strong> | 01\/03\/2022 | <em>Financement externe<\/em><br><br><strong>D\u2019extension<\/strong>: <strong><a href=\"https:\/\/www.sistemasweb.uel.br\/system\/prj\/pex\/pdf\/pex_projetoscadastrados_2025-02-16_08-55-12.pdf\">LABORATOIRE INT\u00c9GR\u00c9 DE LITT\u00c9RATIES ACAD\u00c9MIQUES ET SCIENTIFIQUES (LILA)<\/a><\/strong> | 05\/12\/2023<\/td><\/tr><\/tbody><\/table><\/figure>\n\n\n\n<div style=\"height:51px\" aria-hidden=\"true\" class=\"wp-block-spacer\"><\/div>\n\n\n\n<p><\/p>\n\n\n\n<p><\/p>\n","protected":false},"excerpt":{"rendered":"<p>Ligne Enseignant\u00b7e Projet de &nbsp; &nbsp;1 DIRCEL APARECIDA KAILER Recherche: COVID-19 : EXP\u00c9RIENCES ET R\u00c9CITS | 19\/07\/2023 FABIANE CRISTINA ALTINO Recherche: Lexique Historique du Portugais Br\u00e9silien \u2013 LHISPB | 05\/12\/2023 MARCELO SILVEIRA D\u2019extension: \u00c9DUC-ACTION ENVIRONNEMENTALE ET (MULTI)LITT\u00c9RATIES : TRANSVERSALIT\u00c9 DE L\u2019\u00c9DUCATION ENVIRONNEMENTALE \u00c0 L\u2019\u00c9COLE | 01\/04\/2024 OTAVIO Recherche: LA LINGUISTIQUE CONTRASTIVE ET LES LANGUES VISUO-SPATIALES [&hellip;]<\/p>\n","protected":false},"author":10,"featured_media":0,"parent":0,"menu_order":0,"comment_status":"closed","ping_status":"closed","template":"","meta":{"footnotes":""},"class_list":["post-1445","page","type-page","status-publish","hentry"],"_links":{"self":[{"href":"https:\/\/pos.uel.br\/ppgel\/wp-json\/wp\/v2\/pages\/1445","targetHints":{"allow":["GET"]}}],"collection":[{"href":"https:\/\/pos.uel.br\/ppgel\/wp-json\/wp\/v2\/pages"}],"about":[{"href":"https:\/\/pos.uel.br\/ppgel\/wp-json\/wp\/v2\/types\/page"}],"author":[{"embeddable":true,"href":"https:\/\/pos.uel.br\/ppgel\/wp-json\/wp\/v2\/users\/10"}],"replies":[{"embeddable":true,"href":"https:\/\/pos.uel.br\/ppgel\/wp-json\/wp\/v2\/comments?post=1445"}],"version-history":[{"count":2,"href":"https:\/\/pos.uel.br\/ppgel\/wp-json\/wp\/v2\/pages\/1445\/revisions"}],"predecessor-version":[{"id":1726,"href":"https:\/\/pos.uel.br\/ppgel\/wp-json\/wp\/v2\/pages\/1445\/revisions\/1726"}],"wp:attachment":[{"href":"https:\/\/pos.uel.br\/ppgel\/wp-json\/wp\/v2\/media?parent=1445"}],"curies":[{"name":"wp","href":"https:\/\/api.w.org\/{rel}","templated":true}]}}