{"id":1416,"date":"2025-07-01T15:15:48","date_gmt":"2025-07-01T18:15:48","guid":{"rendered":"https:\/\/pos.uel.br\/ppgel\/?page_id=1416"},"modified":"2025-07-01T15:15:49","modified_gmt":"2025-07-01T18:15:49","slug":"posdoctorado","status":"publish","type":"page","link":"https:\/\/pos.uel.br\/ppgel\/es\/posdoctorado\/","title":{"rendered":"Posdoctorado"},"content":{"rendered":"\n<div style=\"height:18px\" aria-hidden=\"true\" class=\"wp-block-spacer\"><\/div>\n\n\n\n<p>Los principales objetivos del programa posdoctoral son promover la investigaci\u00f3n de alto nivel, fortalecer los grupos de investigaci\u00f3n de la Instituci\u00f3n y contribuir a la renovaci\u00f3n del cuerpo docente de los Programas de Posgrado mediante la formaci\u00f3n de recursos humanos calificados. Al mismo tiempo, se espera consolidar, actualizar, profundizar y ampliar los conocimientos cient\u00edficos y tecnol\u00f3gicos del posdoctorando.<\/p>\n\n\n\n<p>Existen dos formas de postularse a un posdoctorado en el PPGEL:<\/p>\n\n\n\n<ul class=\"wp-block-list\">\n<li>Una opci\u00f3n es postularse para una <strong>beca PNPD\/CAPES<\/strong>.<br>En este caso, se debe seguir las Convocatorias de Selecci\u00f3n de Becarios, que generalmente se publican a mediados del a\u00f1o, para becas de 12 meses, con inicio previsto para comienzos del a\u00f1o siguiente.<\/li>\n\n\n\n<li>La otra opci\u00f3n es <strong>postularse sin solicitar beca.<\/strong><br>En este caso, las inscripciones est\u00e1n abiertas de forma continua, y deben seguirse las normas de la <a href=\"https:\/\/sites.uel.br\/proppg\/wp-content\/uploads\/2023\/11\/Resolucao-CEPE-no-053-2019-Pos-doutoral.pdf\">Resoluci\u00f3n CEPE 53\/2019<\/a>. <\/li>\n<\/ul>\n\n\n\n<p>Es importante destacar que, en ambos casos, solo pueden <strong>supervisar posdoctorandos los docentes del programa PPGEL que ya hayan dirigido al menos una tesis doctoral defendida<\/strong>.<br><\/p>\n\n\n\n<p>\u2666\u00a0<a href=\"https:\/\/sites.uel.br\/proppg\/wp-content\/uploads\/2023\/11\/053-2019-ANEXO-I.docx\">Anexo I \u2013 Formulario de Inscripci\u00f3n en Posdoctorado<\/a><\/p>\n\n\n\n<p>\u2666\u00a0<a href=\"https:\/\/sites.uel.br\/proppg\/wp-content\/uploads\/2023\/11\/053-2019-ANEXO-II.docx\">Anexo II \u2013 Solicitud de Pr\u00f3rroga del Posdoctorado<\/a><\/p>\n\n\n\n<p>\u2666\u00a0<a href=\"https:\/\/sites.uel.br\/proppg\/wp-content\/uploads\/2023\/11\/053-2019-ANEXO-III.docx\">Anexo III \u2013 Formulario de Evaluaci\u00f3n del Posdoctorado<\/a><\/p>\n\n\n\n<div style=\"height:80px\" aria-hidden=\"true\" class=\"wp-block-spacer\"><\/div>\n\n\n\n<p><\/p>\n","protected":false},"excerpt":{"rendered":"<p>Los principales objetivos del programa posdoctoral son promover la investigaci\u00f3n de alto nivel, fortalecer los grupos de investigaci\u00f3n de la Instituci\u00f3n y contribuir a la renovaci\u00f3n del cuerpo docente de los Programas de Posgrado mediante la formaci\u00f3n de recursos humanos calificados. Al mismo tiempo, se espera consolidar, actualizar, profundizar y ampliar los conocimientos cient\u00edficos y [&hellip;]<\/p>\n","protected":false},"author":10,"featured_media":0,"parent":0,"menu_order":0,"comment_status":"closed","ping_status":"closed","template":"","meta":{"footnotes":""},"class_list":["post-1416","page","type-page","status-publish","hentry"],"_links":{"self":[{"href":"https:\/\/pos.uel.br\/ppgel\/wp-json\/wp\/v2\/pages\/1416","targetHints":{"allow":["GET"]}}],"collection":[{"href":"https:\/\/pos.uel.br\/ppgel\/wp-json\/wp\/v2\/pages"}],"about":[{"href":"https:\/\/pos.uel.br\/ppgel\/wp-json\/wp\/v2\/types\/page"}],"author":[{"embeddable":true,"href":"https:\/\/pos.uel.br\/ppgel\/wp-json\/wp\/v2\/users\/10"}],"replies":[{"embeddable":true,"href":"https:\/\/pos.uel.br\/ppgel\/wp-json\/wp\/v2\/comments?post=1416"}],"version-history":[{"count":1,"href":"https:\/\/pos.uel.br\/ppgel\/wp-json\/wp\/v2\/pages\/1416\/revisions"}],"predecessor-version":[{"id":1417,"href":"https:\/\/pos.uel.br\/ppgel\/wp-json\/wp\/v2\/pages\/1416\/revisions\/1417"}],"wp:attachment":[{"href":"https:\/\/pos.uel.br\/ppgel\/wp-json\/wp\/v2\/media?parent=1416"}],"curies":[{"name":"wp","href":"https:\/\/api.w.org\/{rel}","templated":true}]}}