{"id":1397,"date":"2025-06-25T15:20:42","date_gmt":"2025-06-25T18:20:42","guid":{"rendered":"https:\/\/pos.uel.br\/ppgel\/?page_id=1397"},"modified":"2025-07-01T14:37:54","modified_gmt":"2025-07-01T17:37:54","slug":"curricular-structure","status":"publish","type":"page","link":"https:\/\/pos.uel.br\/ppgel\/en\/curricular-structure\/","title":{"rendered":"Curricular Structure"},"content":{"rendered":"\n<div style=\"height:50px\" aria-hidden=\"true\" class=\"wp-block-spacer\"><\/div>\n\n\n\n<p>The PPGEL curriculum is organized by credits. Each course has a workload expressed in credits, and each credit corresponds to 15 (fifteen) contact hours.<\/p>\n\n\n\n<p>According to the Resolution of the PPG Stricto Sensu Collegiate No. 026\/2019, <strong>master&#8217;s students<\/strong> must complete 58 credits, corresponding to 870 hours, distributed as follows:<\/p>\n\n\n\n<p>a) 3 credits in Research Methodology;<\/p>\n\n\n\n<p>b) 2 credits in Advanced Studies;<\/p>\n\n\n\n<p>c) 5 credits in Special Activities;<\/p>\n\n\n\n<p>d) 12 credits in elective courses in the student&#8217;s concentration area;<\/p>\n\n\n\n<p>e) 6 credits in other program courses, except for the Undergraduate Teaching Internship course;<\/p>\n\n\n\n<p>f) 30 credits in Master\u2019s Dissertation.<\/p>\n\n\n\n<p><\/p>\n\n\n\n<p><strong>Doctoral students<\/strong> must complete at least 159 credits, corresponding to 2,385 hours, distributed as follows:<\/p>\n\n\n\n<p>a) 2 credits in Advanced Studies;<\/p>\n\n\n\n<p>b) 7 credits in Special Activities;<\/p>\n\n\n\n<p>c) 21 credits in elective courses in the student&#8217;s concentration area;<\/p>\n\n\n\n<p>d) 9 credits in other program courses, except for the Undergraduate Teaching Internship courses;<\/p>\n\n\n\n<p>e) 120 credits in Doctoral Thesis.<\/p>\n\n\n\n<div style=\"height:24px\" aria-hidden=\"true\" class=\"wp-block-spacer\"><\/div>\n\n\n\n<p class=\"has-text-align-left has-medium-font-size\"><strong>Mandatory Courses for Master&#8217;s<\/strong><\/p>\n\n\n\n<figure class=\"wp-block-table\"><table class=\"has-fixed-layout\"><tbody><tr><td>Master&#8217;s students in Area A<br>3LET017 \u2013 Research Methodology in Language and Signification Studies<br>Master&#8217;s students in Area B<br>3LET018 \u2013 Research Methodology in Language and Education Studies<\/td><\/tr><tr><td><strong>Course Description<\/strong>:<br>The relationship between the researcher and the research object. Preparation of the research project. The relationship between the concept of science and the choice of research methods. Quantitative research, its characteristics and applications. Qualitative research and its different modalities. Planning, execution, and dissemination stages of a research project.<\/td><\/tr><\/tbody><\/table><\/figure>\n\n\n\n<p><\/p>\n\n\n\n<p class=\"has-text-align-left has-medium-font-size\"><strong>Special Activities Course<\/strong><\/p>\n\n\n\n<div style=\"height:24px\" aria-hidden=\"true\" class=\"wp-block-spacer\"><\/div>\n\n\n\n<figure class=\"wp-block-table\"><table class=\"has-fixed-layout\"><tbody><tr><td><strong>Master&#8217;s students<\/strong><\/td><td><strong>Doctoral students<\/strong><\/td><\/tr><tr><td>2LET953<br><em>Description:<\/em> Dissemination of at least 2 works in scientific events of the area and 1 participation with presentation at SEDATA.<\/td><td>2LET565<br><em>Description:<\/em> Publication of 2 works in scientific event proceedings or 1 article in a journal of the area.<\/td><\/tr><tr><td>2LET523<br><em>Description:<\/em> Publication of 1 article in a journal of the area or 1 full paper in scientific event proceedings.<\/td><td>2LET566<br><em>Description:<\/em> Publication of 2 articles in journals of the area.<\/td><\/tr><tr><td><\/td><td>2LET954<br><em>Description:<\/em> Participation, with presentation, in 2 editions of SEDATA.<\/td><\/tr><\/tbody><\/table><\/figure>\n\n\n\n<div style=\"height:50px\" aria-hidden=\"true\" class=\"wp-block-spacer\"><\/div>\n\n\n\n<p class=\"has-medium-font-size\"><strong>Elective Courses for Master\u2019s\/Doctorate \u2013 2021-2024 Quadrennium<\/strong><\/p>\n\n\n\n<p>Concentration Area: <strong>Language and Signification<\/strong><\/p>\n\n\n\n<p class=\"has-medium-font-size\"><strong>Line 01<\/strong><\/p>\n\n\n\n<div class=\"wp-block-group is-vertical is-layout-flex wp-container-core-group-is-layout-8cf370e7 wp-block-group-is-layout-flex\">\n<p>3 LET 015 <a href=\"https:\/\/pos.uel.br\/ppgel\/wp-content\/uploads\/2025\/06\/Disciplina_-Topicos-Especiais_Tipologia-Linguistica.pdf\" target=\"_blank\" rel=\"noreferrer noopener\">Special Topics: Linguistic Typology<\/a><\/p>\n\n\n\n<p>2 LET 401 <a href=\"https:\/\/pos.uel.br\/ppgel\/wp-content\/uploads\/2025\/06\/Disciplina_-Pesquisa-Sociolinguistica.pdf\" target=\"_blank\" rel=\"noreferrer noopener\">Sociolinguistic Research<\/a><\/p>\n\n\n\n<p>2 LET 399 <a href=\"https:\/\/pos.uel.br\/ppgel\/wp-content\/uploads\/2025\/06\/Disciplina_-Fonetica-e-Fonologia_-Tecnicas-de-Descricao.pdf\" target=\"_blank\" rel=\"noreferrer noopener\">Phonetics and Phonology: Description Techniques<\/a><\/p>\n\n\n\n<p>3 LET 016 <a href=\"https:\/\/pos.uel.br\/ppgel\/wp-content\/uploads\/2025\/06\/Disciplina_-Descricao-de-Linguas-Agrafas.pdf\" target=\"_blank\" rel=\"noreferrer noopener\">Description of Unwritten Languages<\/a><\/p>\n\n\n\n<p>2 LET 921 <a href=\"https:\/\/pos.uel.br\/ppgel\/wp-content\/uploads\/2025\/06\/Disciplina_-Linguas-em-Contato.pdf\" target=\"_blank\" rel=\"noreferrer noopener\">Languages in Contact<\/a><\/p>\n\n\n\n<p>2 LET 782 <a href=\"https:\/\/pos.uel.br\/ppgel\/wp-content\/uploads\/2025\/06\/Disciplina_-Lexicologia-e-Lexicografia.pdf\" data-type=\"link\" data-id=\"https:\/\/pos.uel.br\/ppgel\/wp-content\/uploads\/2025\/06\/Disciplina_-Lexicologia-e-Lexicografia.pdf\" target=\"_blank\" rel=\"noreferrer noopener\">Lexicology and Lexicography<\/a><\/p>\n\n\n\n<p>2 LET 568 <a href=\"https:\/\/pos.uel.br\/ppgel\/wp-content\/uploads\/2025\/06\/Disciplina_-Historia-do-Portugues-do-Brasil.pdf\" target=\"_blank\" rel=\"noreferrer noopener\">History of Brazilian Portuguese<\/a><\/p>\n\n\n\n<p>3 LET 021 <a href=\"https:\/\/pos.uel.br\/ppgel\/wp-content\/uploads\/2025\/06\/Disciplina_-Dialetologia-e-Geolinguistica-do-Brasil_.pdf\" target=\"_blank\" rel=\"noreferrer noopener\">Dialectology and Geolinguistics of Brazil<\/a>&nbsp;&nbsp;&nbsp;&nbsp;&nbsp;<\/p>\n<\/div>\n\n\n\n<p><\/p>\n\n\n\n<div class=\"wp-block-group\"><div class=\"wp-block-group__inner-container is-layout-constrained wp-block-group-is-layout-constrained\">\n<p class=\"has-medium-font-size\"><strong>Line 02<\/strong><\/p>\n\n\n\n<div class=\"wp-block-group is-vertical is-layout-flex wp-container-core-group-is-layout-8cf370e7 wp-block-group-is-layout-flex\">\n<p>2 LET 857 <a href=\"https:\/\/pos.uel.br\/ppgel\/wp-content\/uploads\/2025\/06\/Disciplina_-Analise-de-Discurso.pdf\" target=\"_blank\" rel=\"noreferrer noopener\">Discourse Analysis: Discursive Subjectivity in Various Media Genres<\/a><\/p>\n\n\n\n<p>2 LET 571 <a href=\"https:\/\/pos.uel.br\/ppgel\/wp-content\/uploads\/2025\/06\/Disciplina_-Linguistica-Textual.pdf\" target=\"_blank\" rel=\"noreferrer noopener\">Textual Linguistics<\/a><\/p>\n\n\n\n<p>2 LET 569 <a href=\"https:\/\/pos.uel.br\/ppgel\/wp-content\/uploads\/2025\/06\/Disciplina_-Construcao-Textual_-a-estetica-do-movimento-criador.pdf\" target=\"_blank\" rel=\"noreferrer noopener\">Text Construction: The Aesthetics of Creative Movement<\/a><\/p>\n\n\n\n<p>2 LET 802 <a href=\"https:\/\/pos.uel.br\/ppgel\/wp-content\/uploads\/2025\/06\/Disciplina_-Estilistica-do-Portugues.pdf\" target=\"_blank\" rel=\"noreferrer noopener\">Stylistics of Portuguese<\/a><\/p>\n\n\n\n<p>2 LET 924 <a href=\"https:\/\/pos.uel.br\/ppgel\/wp-content\/uploads\/2025\/06\/Disciplina_-Gramatica-e-Argumentacao.pdf\" target=\"_blank\" rel=\"noreferrer noopener\">Grammar and Argumentation<\/a><\/p>\n\n\n\n<p>2 LET 926 <a href=\"https:\/\/pos.uel.br\/ppgel\/wp-content\/uploads\/2025\/06\/Disciplina_-Estudos-Discursivos-Foucaultianos_-poder-saber-e-subjetividade.pdf\" target=\"_blank\" rel=\"noreferrer noopener\">Principles of Discourse Analysis<\/a><\/p>\n\n\n\n<p>2 LET 969 <a href=\"https:\/\/pos.uel.br\/ppgel\/wp-content\/uploads\/2025\/06\/Disciplina_-Linguagem-e-Cognicao.pdf\" target=\"_blank\" rel=\"noreferrer noopener\">Language and Cognition<\/a><\/p>\n\n\n\n<p>3 LET 019 <a href=\"https:\/\/pos.uel.br\/ppgel\/wp-content\/uploads\/2025\/06\/Disciplina_-Generos-Quadrinisticos.pdf\" target=\"_blank\" rel=\"noreferrer noopener\">Comic Genres<\/a><\/p>\n\n\n\n<p>2 LET 398 <a href=\"https:\/\/pos.uel.br\/ppgel\/wp-content\/uploads\/2025\/06\/Disciplina_-Semantica-Argumentativa.pdf\" target=\"_blank\" rel=\"noreferrer noopener\">Argumentative Semantics<\/a><\/p>\n\n\n\n<p>3 LET 020&nbsp;<a href=\"https:\/\/pos.uel.br\/ppgel\/wp-content\/uploads\/2025\/06\/Disciplina_-Pragmatica.pdf\" target=\"_blank\" rel=\"noreferrer noopener\">Pragmatics<\/a><\/p>\n<\/div>\n\n\n\n<p><\/p>\n\n\n\n<p>\u00c1REA DE CONCENTRA\u00c7\u00c3O: <strong>Linguagem e Educa\u00e7\u00e3o<\/strong><br><\/p>\n\n\n\n<p class=\"has-medium-font-size\"><strong>Line 03<\/strong><\/p>\n<\/div><\/div>\n\n\n\n<div class=\"wp-block-group is-vertical is-layout-flex wp-container-core-group-is-layout-8cf370e7 wp-block-group-is-layout-flex\">\n<p>3 LET 023 <a href=\"https:\/\/pos.uel.br\/ppgel\/wp-content\/uploads\/2025\/06\/Linguagem_subjetividade-e-ensino_Sheila-Oliveira-Lima.pdf\" target=\"_blank\" rel=\"noreferrer noopener\">Language, Subjectivity, and Teaching<\/a><\/p>\n\n\n\n<p>2 LET 955 <a href=\"https:\/\/pos.uel.br\/ppgel\/wp-content\/uploads\/2025\/06\/Ensino-de-leitura-na-escola_Sheila-Oliveira-Lima.pdf\" target=\"_blank\" rel=\"noreferrer noopener\">Teaching Reading in School<\/a><\/p>\n\n\n\n<p>2 LET 572 <a href=\"https:\/\/pos.uel.br\/ppgel\/wp-content\/uploads\/2025\/06\/Variacao-Linguistica-e-Ensino_Joyce-Elaine-Almeida.pdf\" target=\"_blank\" rel=\"noreferrer noopener\">Linguistic Variation and Teaching<\/a><\/p>\n\n\n\n<p>2 LET 927 <a href=\"https:\/\/pos.uel.br\/ppgel\/wp-content\/uploads\/2025\/06\/Principios-da-Sociolinguistica-educacional_Joyce-Elaine-Almeida.pdf\" target=\"_blank\" rel=\"noreferrer noopener\">Principles of Educational Sociolinguistics<\/a><\/p>\n\n\n\n<p>2 LET 862 <a href=\"https:\/\/pos.uel.br\/ppgel\/wp-content\/uploads\/2025\/06\/Novas-tecnologias-linguagens-e-escola_Eliana-Donaio-Ruiz.pdf\" target=\"_blank\" rel=\"noreferrer noopener\">New Technologies, Languages, and School<\/a><\/p>\n\n\n\n<p>2 LET 863 <a href=\"https:\/\/pos.uel.br\/ppgel\/wp-content\/uploads\/2025\/06\/Ensino-de-producao-escrita-em-lingua-materna_Eliana-Donaio-Ruiz.pdf\" target=\"_blank\" rel=\"noreferrer noopener\">Teaching Writing Production in the Mother Tongue<\/a><\/p>\n\n\n\n<p>X LET XXX <a href=\"https:\/\/pos.uel.br\/ppgel\/wp-content\/uploads\/2025\/06\/Metodologia-de-pesquisa-em-Estudos-da-Linguagem_Andreia-Santana.pdf\" data-type=\"link\" data-id=\"https:\/\/pos.uel.br\/ppgel\/wp-content\/uploads\/2025\/06\/Metodologia-de-pesquisa-em-Estudos-da-Linguagem_Andreia-Santana.pdf\" target=\"_blank\" rel=\"noreferrer noopener\">METODOLOGIA DE PESQUISA EM ESTUDOS DA LINGUAGEM<\/a><\/p>\n<\/div>\n\n\n\n<div style=\"height:21px\" aria-hidden=\"true\" class=\"wp-block-spacer\"><\/div>\n\n\n\n<p class=\"has-medium-font-size\"><strong>Line 04<\/strong><\/p>\n\n\n\n<div class=\"wp-block-group is-vertical is-layout-flex wp-container-core-group-is-layout-8cf370e7 wp-block-group-is-layout-flex\">\n<p>2 LEM 279 <a href=\"https:\/\/pos.uel.br\/ppgel\/wp-content\/uploads\/2025\/06\/Disciplina_Politicas-educacionais-e-linguisticas-em-contextos-de-ensino-e-formacao-de-professores-de-linguas.pdf\" target=\"_blank\" rel=\"noreferrer noopener\">Language and Educational Policies in Language Teaching and Teacher Training Contexts<\/a><a href=\"https:\/\/drive.google.com\/open?id=1QXnjh-8LdoO3lMeSvI39a3vkgVEstlToFryWectK1Pw&amp;usp=drive_copy\">&nbsp;<\/a><\/p>\n\n\n\n<p>2 LEM 288 <a href=\"https:\/\/pos.uel.br\/ppgel\/wp-content\/uploads\/2025\/06\/Disciplina_Cultura-Linguagens-e-Educacao.pdf\" target=\"_blank\" rel=\"noreferrer noopener\">Culture, Language(s), and Education<\/a><\/p>\n\n\n\n<p>2 LEM 278 <a href=\"https:\/\/pos.uel.br\/ppgel\/wp-content\/uploads\/2025\/06\/Disciplina_Comunicacao-Transnacional-E-Ensino-Aprendizagem-De-Linguas-Estrangeiras.pdf\" target=\"_blank\" rel=\"noreferrer noopener\">Transnational Communication and Foreign Language Teaching and Learning<\/a><\/p>\n\n\n\n<p>2 LEM 277 <a href=\"https:\/\/pos.uel.br\/ppgel\/wp-content\/uploads\/2025\/06\/Disciplina_Ensino-aprendizagem-e-avaliacao-de-linguas-estrangeiras-nas-series-iniciais-do-ensino-fundamental.pdf\" target=\"_blank\" rel=\"noreferrer noopener\">Teaching, Learning, and Assessment of Foreign Languages in Early Elementary Education<\/a><\/p>\n\n\n\n<p>2 LEM 128 <a href=\"https:\/\/pos.uel.br\/ppgel\/wp-content\/uploads\/2025\/06\/Disciplina_Identidade-do-professor-de-lingua-estrangeira.pdf\" target=\"_blank\" rel=\"noreferrer noopener\">Identity of the Foreign Language Teacher <\/a><\/p>\n\n\n\n<p>2 LEM 209 <a href=\"https:\/\/pos.uel.br\/ppgel\/wp-content\/uploads\/2025\/06\/Disciplina_Genero-ensino-e-educacao-inicial-e-continuada-de-professores-de-linguas.pdf\" target=\"_blank\" rel=\"noreferrer noopener\">Genres, Teaching, and Education (Initial and Continuing) of Language Teachers<\/a><\/p>\n\n\n\n<p>2 LEM 208 <a href=\"https:\/\/pos.uel.br\/ppgel\/wp-content\/uploads\/2025\/06\/Disciplina_Praticas-sociais-de-transformacao-de-professoresas-de-linguas.pdf\" target=\"_blank\" rel=\"noreferrer noopener\">Social Practices of (Trans)formation of Language Teachers<\/a><\/p>\n\n\n\n<p>2 LEM 287 <a href=\"https:\/\/pos.uel.br\/ppgel\/wp-content\/uploads\/2025\/06\/Disciplina_Intermidialidades-Multiletramentos-e-Educacao.pdf\" target=\"_blank\" rel=\"noreferrer noopener\">Intermedialities, Multiliteracies, and Education<\/a><\/p>\n\n\n\n<p>2 LEM 204 <a href=\"https:\/\/pos.uel.br\/ppgel\/wp-content\/uploads\/2025\/06\/Disciplina_Desafios-contemporaneos-no-ensino-e-formacao-de-professores-de-linguas-estrangeiras.pdf\" target=\"_blank\" rel=\"noreferrer noopener\">Contemporary Challenges in Foreign Language Teaching and Teacher Training<\/a><\/p>\n\n\n\n<p>2 LEM 227 Special Topics: Teacher Training for Bilingual Contexts<\/p>\n\n\n\n<p>2 LEM 206 <a href=\"https:\/\/pos.uel.br\/ppgel\/wp-content\/uploads\/2025\/06\/Disciplina_Portugues-para-falantes-de-outras-linguas-e-a-formacao-de-professores.pdf\" target=\"_blank\" rel=\"noreferrer noopener\">Portuguese for Speakers of Other Languages and Teacher Training<\/a><\/p>\n\n\n\n<p><\/p>\n<\/div>\n\n\n\n<p><\/p>\n","protected":false},"excerpt":{"rendered":"<p>The PPGEL curriculum is organized by credits. Each course has a workload expressed in credits, and each credit corresponds to 15 (fifteen) contact hours. According to the Resolution of the PPG Stricto Sensu Collegiate No. 026\/2019, master&#8217;s students must complete 58 credits, corresponding to 870 hours, distributed as follows: a) 3 credits in Research Methodology; [&hellip;]<\/p>\n","protected":false},"author":10,"featured_media":0,"parent":0,"menu_order":0,"comment_status":"closed","ping_status":"closed","template":"","meta":{"footnotes":""},"class_list":["post-1397","page","type-page","status-publish","hentry"],"_links":{"self":[{"href":"https:\/\/pos.uel.br\/ppgel\/wp-json\/wp\/v2\/pages\/1397","targetHints":{"allow":["GET"]}}],"collection":[{"href":"https:\/\/pos.uel.br\/ppgel\/wp-json\/wp\/v2\/pages"}],"about":[{"href":"https:\/\/pos.uel.br\/ppgel\/wp-json\/wp\/v2\/types\/page"}],"author":[{"embeddable":true,"href":"https:\/\/pos.uel.br\/ppgel\/wp-json\/wp\/v2\/users\/10"}],"replies":[{"embeddable":true,"href":"https:\/\/pos.uel.br\/ppgel\/wp-json\/wp\/v2\/comments?post=1397"}],"version-history":[{"count":2,"href":"https:\/\/pos.uel.br\/ppgel\/wp-json\/wp\/v2\/pages\/1397\/revisions"}],"predecessor-version":[{"id":1403,"href":"https:\/\/pos.uel.br\/ppgel\/wp-json\/wp\/v2\/pages\/1397\/revisions\/1403"}],"wp:attachment":[{"href":"https:\/\/pos.uel.br\/ppgel\/wp-json\/wp\/v2\/media?parent=1397"}],"curies":[{"name":"wp","href":"https:\/\/api.w.org\/{rel}","templated":true}]}}