{"id":132,"date":"2024-08-26T15:11:07","date_gmt":"2024-08-26T18:11:07","guid":{"rendered":"https:\/\/pos.uel.br\/ppgel\/?page_id=132"},"modified":"2025-07-01T17:12:39","modified_gmt":"2025-07-01T20:12:39","slug":"grupo-de-pesquisa","status":"publish","type":"page","link":"https:\/\/pos.uel.br\/ppgel\/grupo-de-pesquisa\/","title":{"rendered":"Grupos de Pesquisa"},"content":{"rendered":"\n<div style=\"height:27px\" aria-hidden=\"true\" class=\"wp-block-spacer\"><\/div>\n\n\n\n<p class=\"has-text-align-center has-medium-font-size\"><strong>GRUPOS DE PESQUISA EM LETRAS\/LINGU\u00cdSTICA, ATUALIZADOS,<br>CERTIFICADOS CNPQ E LIDERADOS PELOS DOCENTES<\/strong><\/p>\n\n\n\n<div style=\"height:27px\" aria-hidden=\"true\" class=\"wp-block-spacer\"><\/div>\n\n\n\n<div class=\"wp-block-group is-vertical is-layout-flex wp-container-core-group-is-layout-8cf370e7 wp-block-group-is-layout-flex\">\n<p><strong><a href=\"http:\/\/dgp.cnpq.br\/dgp\/espelhogrupo\/7106943312930158\">FELICE &#8211; Forma\u00e7\u00e3o de professores e ensino de l\u00ednguas para crian\u00e7as<\/a><\/strong><\/p>\n\n\n\n<div class=\"wp-block-group is-vertical is-layout-flex wp-container-core-group-is-layout-8cf370e7 wp-block-group-is-layout-flex\">\n<p>L\u00edderes: Juliana Reichert Assun\u00e7\u00e3o Tonelli e Gla\u00eds Sales Cordeiro<\/p>\n<\/div>\n<\/div>\n\n\n\n<div style=\"height:21px\" aria-hidden=\"true\" class=\"wp-block-spacer\"><\/div>\n\n\n\n<div class=\"wp-block-group is-vertical is-layout-flex wp-container-core-group-is-layout-8cf370e7 wp-block-group-is-layout-flex\">\n<p><a href=\"http:\/\/dgp.cnpq.br\/dgp\/espelhogrupo\/0322576119665502\"><strong>Linguagem e Educa\u00e7\u00e3o<\/strong><\/a><\/p>\n\n\n\n<div class=\"wp-block-group is-vertical is-layout-flex wp-container-core-group-is-layout-8cf370e7 wp-block-group-is-layout-flex\">\n<p>L\u00edder: Vera L\u00facia Lopes Cristov\u00e3o<\/p>\n<\/div>\n<\/div>\n\n\n\n<div style=\"height:30px\" aria-hidden=\"true\" class=\"wp-block-spacer\"><\/div>\n\n\n\n<div class=\"wp-block-group is-vertical is-layout-flex wp-container-core-group-is-layout-8cf370e7 wp-block-group-is-layout-flex\">\n<p><a href=\"http:\/\/dgp.cnpq.br\/dgp\/espelhogrupo\/9281642613946373\"><strong>Tesouro do l\u00e9xico patrimonial galego e portugu\u00eas: Brasil<\/strong><\/a><\/p>\n\n\n\n<p>L\u00edderes: Silvia Figueiredo Brand\u00e3o e Vanderci de Andrade Aguilera<\/p>\n<\/div>\n\n\n\n<div style=\"height:27px\" aria-hidden=\"true\" class=\"wp-block-spacer\"><\/div>\n\n\n\n<div class=\"wp-block-group is-vertical is-layout-flex wp-container-core-group-is-layout-8cf370e7 wp-block-group-is-layout-flex\">\n<p><strong><a href=\"http:\/\/dgp.cnpq.br\/dgp\/espelhogrupo\/2718070508994381\">VALE: Varia\u00e7\u00e3o lingu\u00edstica na escola<\/a><\/strong><\/p>\n\n\n\n<p>L\u00edder: Joyce Elaine de Almeida Baronas<\/p>\n<\/div>\n\n\n\n<div style=\"height:26px\" aria-hidden=\"true\" class=\"wp-block-spacer\"><\/div>\n\n\n\n<div class=\"wp-block-group is-vertical is-layout-flex wp-container-core-group-is-layout-8cf370e7 wp-block-group-is-layout-flex\">\n<p><a href=\"http:\/\/dgp.cnpq.br\/dgp\/espelhogrupo\/9281642613946373\"><strong>FELIP &#8211; Forma\u00e7\u00e3o e Ensino em L\u00edngua Portuguesa<\/strong><\/a><\/p>\n\n\n\n<p>L\u00edder: Sheila Oliveira Lima<\/p>\n<\/div>\n\n\n\n<div style=\"height:31px\" aria-hidden=\"true\" class=\"wp-block-spacer\"><\/div>\n\n\n\n<div class=\"wp-block-group is-vertical is-layout-flex wp-container-core-group-is-layout-8cf370e7 wp-block-group-is-layout-flex\">\n<p><a href=\"http:\/\/dgp.cnpq.br\/dgp\/espelhogrupo\/797140\"><strong>GPAD &#8211; Grupo de Pesquisa em An\u00e1lise de Discurso<\/strong><\/a><\/p>\n\n\n\n<p>L\u00edder: Rosemeire Baltazar Passos<\/p>\n<\/div>\n\n\n\n<div style=\"height:21px\" aria-hidden=\"true\" class=\"wp-block-spacer\"><\/div>\n\n\n\n<div class=\"wp-block-group is-vertical is-layout-flex wp-container-core-group-is-layout-8cf370e7 wp-block-group-is-layout-flex\">\n<p><strong><a href=\"http:\/\/dgp.cnpq.br\/dgp\/faces\/consulta\/consulta_parametrizada.jsf\">L\u00e9xico Hist\u00f3rico do Portugu\u00eas Brasileiro &#8211; LHisPB<\/a><\/strong><\/p>\n\n\n\n<p>L\u00edderes: Vanderci de Andrade Aguilera e Fabiane Cristina Altino<\/p>\n<\/div>\n\n\n\n<p><\/p>\n\n\n\n<p>Os nossos docentes tamb\u00e9m participam de grupos liderados por docentes de outras institui\u00e7\u00f5es ou em parceria com estes:<\/p>\n\n\n\n<p>GESTELD &#8211; Grupo de Estudos em Educa\u00e7\u00e3o, Sexualidade, Tecnologias, Linguagens e Discursos (UNESP), com a participa\u00e7\u00e3o da docente Rosemeire Baltazar Passos e docentes de outras institui\u00e7\u00f5es.<\/p>\n\n\n\n<p>ILFBRA &#8211; Rede Brasileira de Estudos de Ingl\u00eas como L\u00edngua Franca, com a lideran\u00e7a do docente Domingos S\u00e1vio Siqueira (UFBA) e Telma Nunes Gimenez (UEL). O grupo re\u00fane pesquisadores de v\u00e1rias universidades brasileiras interessados em Ingl\u00eas como L\u00edngua Franca (ILF) ou English as a Lingua Franca (ELF) no contexto internacional, com o objetivo de desenvolver projetos de pesquisa em conjunto, organizar eventos, publicar artigos cient\u00edficos e compartilhar resultados de demais a\u00e7\u00f5es voltadas para forma\u00e7\u00e3o docente, pol\u00edticas para o ensino de l\u00edngua inglesa e produ\u00e7\u00e3o de materiais did\u00e1ticos<\/p>\n\n\n\n<hr class=\"wp-block-separator has-alpha-channel-opacity is-style-dots\" \/>\n\n\n\n<p class=\"has-text-align-center\"><strong>Voc\u00ea sabe a diferen\u00e7a entre Linha de Pesquisa, Projeto de Pesquisa e <strong>Grupo de Pesquisa<\/strong>?<\/strong><\/p>\n\n\n\n<div class=\"wp-block-group is-vertical is-layout-flex wp-container-core-group-is-layout-8cf370e7 wp-block-group-is-layout-flex\">\n<p><strong>Linha de pesquisa<\/strong>&nbsp;representa temas aglutinadores de estudos cient\u00edficos que se fundamentam em tradi\u00e7\u00e3o investigativa, de onde se originam projetos cujos resultados guardam afinidades entre si.<\/p>\n\n\n\n<p><strong>Projeto de pesquisa<\/strong>&nbsp;\u00e9 a investiga\u00e7\u00e3o com in\u00edcio e final definidos, fundamentada em objetivos espec\u00edficos, visando a obten\u00e7\u00e3o de resultados, de causa e efeito ou coloca\u00e7\u00e3o de fatos novos em evid\u00eancia.<\/p>\n\n\n\n<p><strong>Grupo de pesquisa <\/strong>\u00e9  um grupo de pesquisadores, estudantes e pessoal de apoio t\u00e9cnico que est\u00e1 organizado em torno \u00e0 execu\u00e7\u00e3o de linhas de pesquisa segundo uma regra hier\u00e1rquica fundada na experi\u00eancia e na compet\u00eancia t\u00e9cnico-cient\u00edfica. Esse conjunto de pessoas utiliza, em comum, facilidades e instala\u00e7\u00f5es f\u00edsicas. Como se v\u00ea, as linhas de pesquisa subordinam-se ao grupo, e n\u00e3o o contr\u00e1rio.<\/p>\n\n\n\n<p><\/p>\n\n\n\n<p class=\"has-small-font-size\">(Adaptado do&nbsp;<a href=\"https:\/\/lattes.cnpq.br\/web\/dgp\/faq?p_p_id=54_INSTANCE_39Zlb9kA3d0e&amp;p_p_lifecycle=0&amp;p_p_state=normal&amp;p_p_mode=view&amp;p_p_col_id=column-3&amp;p_p_col_count=1&amp;_54_INSTANCE_39Zlb9kA3d0e_struts_action=%2Fwiki_display%2Fview&amp;_54_INSTANCE_39Zlb9kA3d0e_nodeName=Main&amp;_54_INSTANCE_39Zlb9kA3d0e_title=LP1.+O+que+%C3%A9%20linha+de+pesquisa%3F+Qual+a+diferen%C3%A7a+entre+linha+e+projeto+de+pesquisa%3F\">Diret\u00f3rio dos Grupos de Pesquisa no Brasil (CNPq)<\/a>. Acesso em: 26 mar. 2025)&nbsp;<\/p>\n<\/div>\n\n\n\n<p><\/p>\n","protected":false},"excerpt":{"rendered":"<p>GRUPOS DE PESQUISA EM LETRAS\/LINGU\u00cdSTICA, ATUALIZADOS,CERTIFICADOS CNPQ E LIDERADOS PELOS DOCENTES FELICE &#8211; Forma\u00e7\u00e3o de professores e ensino de l\u00ednguas para crian\u00e7as L\u00edderes: Juliana Reichert Assun\u00e7\u00e3o Tonelli e Gla\u00eds Sales Cordeiro Linguagem e Educa\u00e7\u00e3o L\u00edder: Vera L\u00facia Lopes Cristov\u00e3o Tesouro do l\u00e9xico patrimonial galego e portugu\u00eas: Brasil L\u00edderes: Silvia Figueiredo Brand\u00e3o e Vanderci de Andrade [&hellip;]<\/p>\n","protected":false},"author":10,"featured_media":0,"parent":0,"menu_order":0,"comment_status":"closed","ping_status":"closed","template":"","meta":{"footnotes":""},"class_list":["post-132","page","type-page","status-publish","hentry"],"_links":{"self":[{"href":"https:\/\/pos.uel.br\/ppgel\/wp-json\/wp\/v2\/pages\/132","targetHints":{"allow":["GET"]}}],"collection":[{"href":"https:\/\/pos.uel.br\/ppgel\/wp-json\/wp\/v2\/pages"}],"about":[{"href":"https:\/\/pos.uel.br\/ppgel\/wp-json\/wp\/v2\/types\/page"}],"author":[{"embeddable":true,"href":"https:\/\/pos.uel.br\/ppgel\/wp-json\/wp\/v2\/users\/10"}],"replies":[{"embeddable":true,"href":"https:\/\/pos.uel.br\/ppgel\/wp-json\/wp\/v2\/comments?post=132"}],"version-history":[{"count":16,"href":"https:\/\/pos.uel.br\/ppgel\/wp-json\/wp\/v2\/pages\/132\/revisions"}],"predecessor-version":[{"id":1437,"href":"https:\/\/pos.uel.br\/ppgel\/wp-json\/wp\/v2\/pages\/132\/revisions\/1437"}],"wp:attachment":[{"href":"https:\/\/pos.uel.br\/ppgel\/wp-json\/wp\/v2\/media?parent=132"}],"curies":[{"name":"wp","href":"https:\/\/api.w.org\/{rel}","templated":true}]}}

<div style="height:27px" aria-hidden="true" class="wp-block-spacer"></div>



<p class="has-text-align-center has-medium-font-size"><strong>GRUPOS DE PESQUISA EM LETRAS/LINGUÍSTICA, ATUALIZADOS,<br>CERTIFICADOS CNPQ E LIDERADOS PELOS DOCENTES</strong></p>



<div style="height:27px" aria-hidden="true" class="wp-block-spacer"></div>



<div class="wp-block-group is-vertical is-layout-flex wp-container-core-group-is-layout-8cf370e7 wp-block-group-is-layout-flex">
<p><strong><a href="http://dgp.cnpq.br/dgp/espelhogrupo/7106943312930158">FELICE &#8211; Formação de professores e ensino de línguas para crianças</a></strong></p>



<div class="wp-block-group is-vertical is-layout-flex wp-container-core-group-is-layout-8cf370e7 wp-block-group-is-layout-flex">
<p>Líderes: Juliana Reichert Assunção Tonelli e Glaís Sales Cordeiro</p>
</div>
</div>



<div style="height:21px" aria-hidden="true" class="wp-block-spacer"></div>



<div class="wp-block-group is-vertical is-layout-flex wp-container-core-group-is-layout-8cf370e7 wp-block-group-is-layout-flex">
<p><a href="http://dgp.cnpq.br/dgp/espelhogrupo/0322576119665502"><strong>Linguagem e Educação</strong></a></p>



<div class="wp-block-group is-vertical is-layout-flex wp-container-core-group-is-layout-8cf370e7 wp-block-group-is-layout-flex">
<p>Líder: Vera Lúcia Lopes Cristovão</p>
</div>
</div>



<div style="height:30px" aria-hidden="true" class="wp-block-spacer"></div>



<div class="wp-block-group is-vertical is-layout-flex wp-container-core-group-is-layout-8cf370e7 wp-block-group-is-layout-flex">
<p><a href="http://dgp.cnpq.br/dgp/espelhogrupo/9281642613946373"><strong>Tesouro do léxico patrimonial galego e português: Brasil</strong></a></p>



<p>Líderes: Silvia Figueiredo Brandão e Vanderci de Andrade Aguilera</p>
</div>



<div style="height:27px" aria-hidden="true" class="wp-block-spacer"></div>



<div class="wp-block-group is-vertical is-layout-flex wp-container-core-group-is-layout-8cf370e7 wp-block-group-is-layout-flex">
<p><strong><a href="http://dgp.cnpq.br/dgp/espelhogrupo/2718070508994381">VALE: Variação linguística na escola</a></strong></p>



<p>Líder: Joyce Elaine de Almeida Baronas</p>
</div>



<div style="height:26px" aria-hidden="true" class="wp-block-spacer"></div>



<div class="wp-block-group is-vertical is-layout-flex wp-container-core-group-is-layout-8cf370e7 wp-block-group-is-layout-flex">
<p><a href="http://dgp.cnpq.br/dgp/espelhogrupo/9281642613946373"><strong>FELIP &#8211; Formação e Ensino em Língua Portuguesa</strong></a></p>



<p>Líder: Sheila Oliveira Lima</p>
</div>



<div style="height:31px" aria-hidden="true" class="wp-block-spacer"></div>



<div class="wp-block-group is-vertical is-layout-flex wp-container-core-group-is-layout-8cf370e7 wp-block-group-is-layout-flex">
<p><a href="http://dgp.cnpq.br/dgp/espelhogrupo/797140"><strong>GPAD &#8211; Grupo de Pesquisa em Análise de Discurso</strong></a></p>



<p>Líder: Rosemeire Baltazar Passos</p>
</div>



<div style="height:21px" aria-hidden="true" class="wp-block-spacer"></div>



<div class="wp-block-group is-vertical is-layout-flex wp-container-core-group-is-layout-8cf370e7 wp-block-group-is-layout-flex">
<p><strong><a href="http://dgp.cnpq.br/dgp/faces/consulta/consulta_parametrizada.jsf">Léxico Histórico do Português Brasileiro &#8211; LHisPB</a></strong></p>



<p>Líderes: Vanderci de Andrade Aguilera e Fabiane Cristina Altino</p>
</div>



<p></p>



<p>Os nossos docentes também participam de grupos liderados por docentes de outras instituições ou em parceria com estes:</p>



<p>GESTELD &#8211; Grupo de Estudos em Educação, Sexualidade, Tecnologias, Linguagens e Discursos (UNESP), com a participação da docente Rosemeire Baltazar Passos e docentes de outras instituições.</p>



<p>ILFBRA &#8211; Rede Brasileira de Estudos de Inglês como Língua Franca, com a liderança do docente Domingos Sávio Siqueira (UFBA) e Telma Nunes Gimenez (UEL). O grupo reúne pesquisadores de várias universidades brasileiras interessados em Inglês como Língua Franca (ILF) ou English as a Lingua Franca (ELF) no contexto internacional, com o objetivo de desenvolver projetos de pesquisa em conjunto, organizar eventos, publicar artigos científicos e compartilhar resultados de demais ações voltadas para formação docente, políticas para o ensino de língua inglesa e produção de materiais didáticos</p>



<hr class="wp-block-separator has-alpha-channel-opacity is-style-dots" />



<p class="has-text-align-center"><strong>Você sabe a diferença entre Linha de Pesquisa, Projeto de Pesquisa e <strong>Grupo de Pesquisa</strong>?</strong></p>



<div class="wp-block-group is-vertical is-layout-flex wp-container-core-group-is-layout-8cf370e7 wp-block-group-is-layout-flex">
<p><strong>Linha de pesquisa</strong>&nbsp;representa temas aglutinadores de estudos científicos que se fundamentam em tradição investigativa, de onde se originam projetos cujos resultados guardam afinidades entre si.</p>



<p><strong>Projeto de pesquisa</strong>&nbsp;é a investigação com início e final definidos, fundamentada em objetivos específicos, visando a obtenção de resultados, de causa e efeito ou colocação de fatos novos em evidência.</p>



<p><strong>Grupo de pesquisa </strong>é  um grupo de pesquisadores, estudantes e pessoal de apoio técnico que está organizado em torno à execução de linhas de pesquisa segundo uma regra hierárquica fundada na experiência e na competência técnico-científica. Esse conjunto de pessoas utiliza, em comum, facilidades e instalações físicas. Como se vê, as linhas de pesquisa subordinam-se ao grupo, e não o contrário.</p>



<p></p>



<p class="has-small-font-size">(Adaptado do&nbsp;<a href="https://lattes.cnpq.br/web/dgp/faq?p_p_id=54_INSTANCE_39Zlb9kA3d0e&amp;p_p_lifecycle=0&amp;p_p_state=normal&amp;p_p_mode=view&amp;p_p_col_id=column-3&amp;p_p_col_count=1&amp;_54_INSTANCE_39Zlb9kA3d0e_struts_action=%2Fwiki_display%2Fview&amp;_54_INSTANCE_39Zlb9kA3d0e_nodeName=Main&amp;_54_INSTANCE_39Zlb9kA3d0e_title=LP1.+O+que+%C3%A9%20linha+de+pesquisa%3F+Qual+a+diferen%C3%A7a+entre+linha+e+projeto+de+pesquisa%3F">Diretório dos Grupos de Pesquisa no Brasil (CNPq)</a>. Acesso em: 26 mar. 2025)&nbsp;</p>
</div>



<p></p>

<p>GRUPOS DE PESQUISA EM LETRAS/LINGUÍSTICA, ATUALIZADOS,CERTIFICADOS CNPQ E LIDERADOS PELOS DOCENTES FELICE &#8211; Formação de professores e ensino de línguas para crianças Líderes: Juliana Reichert Assunção Tonelli e Glaís Sales Cordeiro Linguagem e Educação Líder: Vera Lúcia Lopes Cristovão Tesouro do léxico patrimonial galego e português: Brasil Líderes: Silvia Figueiredo Brandão e Vanderci de Andrade [&hellip;]</p>
