{"id":1229,"date":"2025-05-28T23:39:13","date_gmt":"2025-05-29T02:39:13","guid":{"rendered":"https:\/\/pos.uel.br\/ppgel\/?page_id=1229"},"modified":"2025-06-10T15:52:16","modified_gmt":"2025-06-10T18:52:16","slug":"doutorado-2023","status":"publish","type":"page","link":"https:\/\/pos.uel.br\/ppgel\/en\/doutorado-2023\/","title":{"rendered":"DOUTORADO 2023"},"content":{"rendered":"\n<div style=\"height:100px\" aria-hidden=\"true\" class=\"wp-block-spacer\"><\/div>\n\n\n\n<figure class=\"wp-block-table is-style-stripes\"><table class=\"has-fixed-layout\"><tbody><tr><td>Egresso<\/td><td>Lattes<\/td><td>Disserta\u00e7\u00e3o<\/td><td>Orientador<\/td><\/tr><\/tbody><\/table><\/figure>\n\n\n\n<figure class=\"wp-block-table is-style-stripes\"><table class=\"has-fixed-layout\"><tbody><tr><td><strong>Jo\u00e3o Carlos Domingues dos Santos Rodrigues<\/strong><\/td><td><a href=\"http:\/\/lattes.cnpq.br\/3445340283193472\"><strong>3445340283193472<\/strong><\/a><\/td><td><a href=\"https:\/\/repositorio.uel.br\/items\/dff4dd40-010a-489a-91e0-239c034f27e6\" target=\"_blank\" rel=\"noreferrer noopener\">Varia\u00e7\u00e3o Lingu\u00edstica e Literatura: Uma Abordagem Variacionista de Tr\u00eas Romances de Rachel de Queiroz<\/a><\/td><td><strong>Joyce Elaine de Almeida Baronas<\/strong><\/td><\/tr><tr><td><strong>\u00c9der Wilton Gustavo Felix Calado<\/strong><\/td><td><a href=\"http:\/\/lattes.cnpq.br\/046332488505704\"><strong>046332488505704<\/strong><\/a><strong>&nbsp;<\/strong><\/td><td><a href=\"https:\/\/repositorio.uel.br\/items\/9238bcc0-5247-4d45-acf7-0c0d04d1e6b5\" target=\"_blank\" rel=\"noreferrer noopener\">O discurso eucar\u00edstico ao longo do tempo: uma abordagem foucaultiana<\/a><\/td><td><strong>Rosemeri Passos Baltazar Machado<\/strong><\/td><\/tr><tr><td><strong>Isadora Teixeira Moraes<\/strong><\/td><td><a href=\"http:\/\/lattes.cnpq.br\/9478476109141850\"><strong>9478476109141850<\/strong><\/a><\/td><td><a href=\"https:\/\/repositorio.uel.br\/items\/9908ddfb-8e7c-4dba-9213-e2b317bb18ed\" target=\"_blank\" rel=\"noreferrer noopener\">A promo\u00e7\u00e3o do letramento em avalia\u00e7\u00e3o para a pr\u00e1xis de formadoras de professores\/as de ingl\u00eas: Implica\u00e7\u00f5es para a forma\u00e7\u00e3o inicial e continuada<\/a><\/td><td><strong>Viviane Aparecida Bagio Furtoso<\/strong><\/td><\/tr><\/tbody><\/table><\/figure>\n\n\n\n<div class=\"wp-block-buttons is-content-justification-right is-layout-flex wp-container-core-buttons-is-layout-765c4724 wp-block-buttons-is-layout-flex\">\n<div class=\"wp-block-button\"><a class=\"wp-block-button__link has-primary-accent-background-color has-background wp-element-button\" href=\"https:\/\/pos.uel.br\/ppgel\/egressos\/\">Voltar<\/a><\/div>\n<\/div>\n","protected":false},"excerpt":{"rendered":"<p>Egresso Lattes Disserta\u00e7\u00e3o Orientador Jo\u00e3o Carlos Domingues dos Santos Rodrigues 3445340283193472 Varia\u00e7\u00e3o Lingu\u00edstica e Literatura: Uma Abordagem Variacionista de Tr\u00eas Romances de Rachel de Queiroz Joyce Elaine de Almeida Baronas \u00c9der Wilton Gustavo Felix Calado 046332488505704&nbsp; O discurso eucar\u00edstico ao longo do tempo: uma abordagem foucaultiana Rosemeri Passos Baltazar Machado Isadora Teixeira Moraes 9478476109141850 A [&hellip;]<\/p>\n","protected":false},"author":10,"featured_media":0,"parent":0,"menu_order":0,"comment_status":"closed","ping_status":"closed","template":"","meta":{"footnotes":""},"class_list":["post-1229","page","type-page","status-publish","hentry"],"_links":{"self":[{"href":"https:\/\/pos.uel.br\/ppgel\/wp-json\/wp\/v2\/pages\/1229","targetHints":{"allow":["GET"]}}],"collection":[{"href":"https:\/\/pos.uel.br\/ppgel\/wp-json\/wp\/v2\/pages"}],"about":[{"href":"https:\/\/pos.uel.br\/ppgel\/wp-json\/wp\/v2\/types\/page"}],"author":[{"embeddable":true,"href":"https:\/\/pos.uel.br\/ppgel\/wp-json\/wp\/v2\/users\/10"}],"replies":[{"embeddable":true,"href":"https:\/\/pos.uel.br\/ppgel\/wp-json\/wp\/v2\/comments?post=1229"}],"version-history":[{"count":2,"href":"https:\/\/pos.uel.br\/ppgel\/wp-json\/wp\/v2\/pages\/1229\/revisions"}],"predecessor-version":[{"id":1300,"href":"https:\/\/pos.uel.br\/ppgel\/wp-json\/wp\/v2\/pages\/1229\/revisions\/1300"}],"wp:attachment":[{"href":"https:\/\/pos.uel.br\/ppgel\/wp-json\/wp\/v2\/media?parent=1229"}],"curies":[{"name":"wp","href":"https:\/\/api.w.org\/{rel}","templated":true}]}}