{"id":1219,"date":"2025-05-28T23:23:45","date_gmt":"2025-05-29T02:23:45","guid":{"rendered":"https:\/\/pos.uel.br\/ppgel\/?page_id=1219"},"modified":"2025-06-10T15:44:08","modified_gmt":"2025-06-10T18:44:08","slug":"doutorado-2019","status":"publish","type":"page","link":"https:\/\/pos.uel.br\/ppgel\/en\/doutorado-2019\/","title":{"rendered":"DOUTORADO 2019"},"content":{"rendered":"\n<div style=\"height:100px\" aria-hidden=\"true\" class=\"wp-block-spacer\"><\/div>\n\n\n\n<figure class=\"wp-block-table is-style-stripes\"><table class=\"has-fixed-layout\"><tbody><tr><td>Egresso<\/td><td>Lattes<\/td><td>Disserta\u00e7\u00e3o<\/td><td>Orientador<\/td><\/tr><\/tbody><\/table><\/figure>\n\n\n\n<figure class=\"wp-block-table is-style-stripes\"><table class=\"has-fixed-layout\"><tbody><tr><td><strong>Marileuza Ascencio Miquelante<\/strong><\/td><td><a href=\"http:\/\/lattes.cnpq.br\/2271245846846164\"><strong>2271245846846164<\/strong><\/a><\/td><td><a href=\"https:\/\/repositorio.uel.br\/items\/d7ba2e09-5ed2-4f70-a0d9-15a4c8248aa0\" target=\"_blank\" rel=\"noreferrer noopener\">Sequ\u00eancias de Forma\u00e7\u00e3o no Ensino de L\u00edngua Estrangeira: Instrumentos mediadores para Desenvolvimento de Saberes Docentes<\/a><\/td><td><strong>Vera L\u00facia Lopes Crist\u00f3v\u00e3o<\/strong><\/td><\/tr><tr><td><strong>Carla Fabiana Barcaro<\/strong><\/td><td><a href=\"http:\/\/lattes.cnpq.br\/0685539979700109\"><strong>0685539979700109<\/strong><\/a><\/td><td><a href=\"https:\/\/repositorio.uel.br\/items\/0fa4ea65-bfb5-47fe-9820-1446b9349e8c\" target=\"_blank\" rel=\"noreferrer noopener\">L\u00edngua Inglesa, Tecnologias e Cidadania Global: Representa\u00e7\u00f5es de Estudantes e Professores no \u00c2mbito do Programa Novos Talentos<\/a><\/td><td><strong>Telma Nunes Gimenez<\/strong><\/td><\/tr><tr><td><strong>Wellem Aparecida de Freitas Semczuk<\/strong><\/td><td><a href=\"http:\/\/lattes.cnpq.br\/4281139006727831\"><strong>4281139006727831<\/strong><\/a><\/td><td><a href=\"https:\/\/repositorio.uel.br\/items\/8fb45114-c2ed-4411-903c-33ab3b1924ce\" target=\"_blank\" rel=\"noreferrer noopener\">A abordagem da oralidade e a form(a\u00e7\u00e3o) docente nos anos iniciais: desafios e possibilidades<strong>\u00a0<\/strong><\/a><\/td><td><strong>Joyce Elaine de Almeira Baronas<\/strong><\/td><\/tr><tr><td><strong>Vanessa Yida<\/strong><\/td><td><a href=\"http:\/\/lattes.cnpq.br\/2169215236083024\"><strong>2169215236083024<\/strong><\/a><\/td><td><a href=\"https:\/\/repositorio.uel.br\/items\/66e4c202-f910-4391-b850-0bbccebcea32\" target=\"_blank\" rel=\"noreferrer noopener\">Normas Lingu\u00edsticas em Uso: Uma Descri\u00e7\u00e3o dos Regionalismos no Campo Sem\u00e2ntico da Alimenta\u00e7\u00e3o e Cozinha do Projeto ATLAS Lingu\u00edstico do Brasil (ALIB)<\/a><\/td><td><strong>Vanderci de Andrade Aguilera<\/strong><\/td><\/tr><tr><td><strong>Renan Luis Salermo<\/strong><\/td><td><a href=\"http:\/\/lattes.cnpq.br\/2358554046468709\"><strong>2358554046468709<\/strong><\/a><\/td><td><a href=\"https:\/\/repositorio.uel.br\/items\/577fbd51-6f0e-43ce-9f21-41c60930321d\" target=\"_blank\" rel=\"noreferrer noopener\">O fant\u00e1stico nos quadrinhos; intera\u00e7\u00f5es semi\u00f3ticas e leitura na escola<\/a><\/td><td><strong>Loredana Limoli<\/strong><\/td><\/tr><tr><td><strong>Reinaldo C\u00e9sar Zanardi<\/strong><\/td><td><a href=\"http:\/\/lattes.cnpq.br\/1420878359641727\"><strong>1420878359641727<\/strong><\/a><\/td><td><a href=\"https:\/\/repositorio.uel.br\/items\/8a501221-dfa3-4433-83f5-8eea094711e9\" target=\"_blank\" rel=\"noreferrer noopener\">Linguagem Politicamente Correta: um estudo sobre variantes lingu\u00edsticas na produ\u00e7\u00e3o jornal\u00edstica da Folha de S.Paulo<\/a><\/td><td><strong>Fabiane Cristina Altino<\/strong><\/td><\/tr><tr><td><strong>Paula Kracker Francescon<\/strong><\/td><td><a href=\"http:\/\/lattes.cnpq.br\/1968776377435289\"><strong>1968776377435289<\/strong><\/a><\/td><td><a href=\"https:\/\/repositorio.uel.br\/items\/e1b30736-f318-4c5d-9a3e-e547899daed9\" target=\"_blank\" rel=\"noreferrer noopener\">Desenvolvimento de saberes e capacidades docentes na forma\u00e7\u00e3o inicial de professores de l\u00edngua inglesa: experi\u00eancia de uma sequ\u00eancia de forma\u00e7\u00e3o<\/a><\/td><td><strong>Vera L\u00facia Lopes Crist\u00f3v\u00e3o<\/strong><\/td><\/tr><tr><td><strong>Lisiane Freitas de Freitas<\/strong><\/td><td><a href=\"http:\/\/lattes.cnpq.br\/5391214140565785\"><strong>5391214140565785<\/strong><\/a><\/td><td><a href=\"https:\/\/repositorio.uel.br\/items\/bf2c681f-3446-4335-ae85-105fa9018021\" target=\"_blank\" rel=\"noreferrer noopener\">Os Gritos, Os Ecos e o Sil\u00eancio que Emergiram da Greve dos Professores da Educa\u00e7\u00e3o P\u00fablica do Paran\u00e1 de 2015: Uma An\u00e1lise Discursiva<\/a><\/td><td><strong>Mari\u00e2ngela Peccioli Galli Joanilho<\/strong><\/td><\/tr><tr><td><strong>D\u00e9borah Caroline Cardoso Pereira Rorato<\/strong><\/td><td><a href=\"http:\/\/lattes.cnpq.br\/5677545506036227\"><strong>5677545506036227<\/strong><\/a><\/td><td><a href=\"https:\/\/repositorio.uel.br\/items\/a7758b5d-d2c9-42f1-8063-9b1b28ffc765\" target=\"_blank\" rel=\"noreferrer noopener\">O processo de desenvolvimento conceitual: um estudo sobre a forma\u00e7\u00e3o docente cr\u00edtica<\/a><\/td><td><strong>Elaine Fernandes Mateus<\/strong><\/td><\/tr><tr><td><strong>Dayse de Souza Louren\u00e7o Sim\u00f5es<\/strong><\/td><td><a href=\"http:\/\/lattes.cnpq.br\/1167012228917177\"><strong>1167012228917177<\/strong><\/a><\/td><td><a href=\"https:\/\/repositorio.uel.br\/items\/b68bb194-a53a-4a4c-bd75-42d36ab8e844\" target=\"_blank\" rel=\"noreferrer noopener\">A Vogal M\u00e9dia Anterior \/E\/ Post\u00f4nica Final nos Falares Sul Brasileiros: Um Estudo cocm os Dados do ATLAS Lingu\u00edstico do Brasil<\/a><\/td><td><strong>Fabiane Cristina Altino<\/strong><\/td><\/tr><tr><td><strong>Luiz Antonio Xavier Dias<\/strong><\/td><td><a href=\"http:\/\/lattes.cnpq.br\/7698691282795364\"><strong>7698691282795364<\/strong><\/a><\/td><td><a href=\"https:\/\/repositorio.uel.br\/items\/b1f9b558-666e-4fe8-8f03-aae1bafb50c4\" target=\"_blank\" rel=\"noreferrer noopener\">Anima\u00e7\u00e3o digital e cr\u00edtica gen\u00e9tica: o processo de cria\u00e7\u00e3o em Shrek 2 (2004)<\/a><\/td><td><strong>Edina Regina Pugas Panichi.<\/strong><\/td><\/tr><\/tbody><\/table><\/figure>\n\n\n\n<div class=\"wp-block-buttons is-content-justification-right is-layout-flex wp-container-core-buttons-is-layout-765c4724 wp-block-buttons-is-layout-flex\">\n<div class=\"wp-block-button\"><a class=\"wp-block-button__link has-primary-accent-background-color has-background wp-element-button\" href=\"https:\/\/pos.uel.br\/ppgel\/egressos\/\">Voltar<\/a><\/div>\n<\/div>\n\n\n\n<p><\/p>\n","protected":false},"excerpt":{"rendered":"<p>Egresso Lattes Disserta\u00e7\u00e3o Orientador Marileuza Ascencio Miquelante 2271245846846164 Sequ\u00eancias de Forma\u00e7\u00e3o no Ensino de L\u00edngua Estrangeira: Instrumentos mediadores para Desenvolvimento de Saberes Docentes Vera L\u00facia Lopes Crist\u00f3v\u00e3o Carla Fabiana Barcaro 0685539979700109 L\u00edngua Inglesa, Tecnologias e Cidadania Global: Representa\u00e7\u00f5es de Estudantes e Professores no \u00c2mbito do Programa Novos Talentos Telma Nunes Gimenez Wellem Aparecida de Freitas [&hellip;]<\/p>\n","protected":false},"author":10,"featured_media":0,"parent":0,"menu_order":0,"comment_status":"closed","ping_status":"closed","template":"","meta":{"footnotes":""},"class_list":["post-1219","page","type-page","status-publish","hentry"],"_links":{"self":[{"href":"https:\/\/pos.uel.br\/ppgel\/wp-json\/wp\/v2\/pages\/1219","targetHints":{"allow":["GET"]}}],"collection":[{"href":"https:\/\/pos.uel.br\/ppgel\/wp-json\/wp\/v2\/pages"}],"about":[{"href":"https:\/\/pos.uel.br\/ppgel\/wp-json\/wp\/v2\/types\/page"}],"author":[{"embeddable":true,"href":"https:\/\/pos.uel.br\/ppgel\/wp-json\/wp\/v2\/users\/10"}],"replies":[{"embeddable":true,"href":"https:\/\/pos.uel.br\/ppgel\/wp-json\/wp\/v2\/comments?post=1219"}],"version-history":[{"count":3,"href":"https:\/\/pos.uel.br\/ppgel\/wp-json\/wp\/v2\/pages\/1219\/revisions"}],"predecessor-version":[{"id":1292,"href":"https:\/\/pos.uel.br\/ppgel\/wp-json\/wp\/v2\/pages\/1219\/revisions\/1292"}],"wp:attachment":[{"href":"https:\/\/pos.uel.br\/ppgel\/wp-json\/wp\/v2\/media?parent=1219"}],"curies":[{"name":"wp","href":"https:\/\/api.w.org\/{rel}","templated":true}]}}