{"id":1217,"date":"2025-05-28T22:37:42","date_gmt":"2025-05-29T01:37:42","guid":{"rendered":"https:\/\/pos.uel.br\/ppgel\/?page_id=1217"},"modified":"2025-06-10T15:33:32","modified_gmt":"2025-06-10T18:33:32","slug":"doutorado-2017","status":"publish","type":"page","link":"https:\/\/pos.uel.br\/ppgel\/en\/doutorado-2017\/","title":{"rendered":"DOUTORADO 2017"},"content":{"rendered":"\n<div style=\"height:81px\" aria-hidden=\"true\" class=\"wp-block-spacer\"><\/div>\n\n\n\n<figure class=\"wp-block-table is-style-stripes\"><table class=\"has-fixed-layout\"><tbody><tr><td>Egresso<\/td><td>Lattes<\/td><td>Disserta\u00e7\u00e3o<\/td><td>Orientador<\/td><\/tr><\/tbody><\/table><\/figure>\n\n\n\n<figure class=\"wp-block-table is-style-stripes\"><table class=\"has-fixed-layout\"><tbody><tr><td><strong>Raquel Gamero<\/strong><\/td><td><a href=\"http:\/\/lattes.cnpq.br\/0214301381996144\"><strong>0214301381996144<\/strong><\/a><\/td><td><a href=\"https:\/\/repositorio.uel.br\/items\/888b36dc-42ea-4b5e-b3be-bb15b17b738e\" target=\"_blank\" rel=\"noreferrer noopener\">Aspectos Identit\u00e1rios de Professores-Pesquisadores em Lingu\u00edstica Aplicada<\/a><\/td><td><strong>Vera L\u00facia Lopes Cristov\u00e3o<\/strong><\/td><\/tr><tr><td><strong>Maria Julia Carneiro Giraldes<\/strong><\/td><td><a href=\"http:\/\/lattes.cnpq.br\/7309722468980898\"><strong>7309722468980898<\/strong><\/a><\/td><td><a href=\"https:\/\/repositorio.uel.br\/items\/b181cff3-dc4d-49a8-8796-88ad9247c34a\" target=\"_blank\" rel=\"noreferrer noopener\">Espa\u00e7o da Ci\u00eancia: as discursividade nos pref\u00e1cios\/apresenta\u00e7\u00f5es da obra comnica\u00e7\u00e3o em prosa moderna<\/a><\/td><td><strong>Mari\u00e2ngela Peccioli Galli Joanilho<\/strong><\/td><\/tr><tr><td><strong>Tania Regina Montanha Toledo Scoparo<\/strong><\/td><td><a href=\"http:\/\/lattes.cnpq.br\/6411425551167257\"><strong>6411425551167257<\/strong><\/a><strong>&nbsp;<\/strong><\/td><td><a href=\"https:\/\/repositorio.uel.br\/items\/7fbc92be-ae33-4144-b2b0-ccae434121bc\" target=\"_blank\" rel=\"noreferrer noopener\">Entre romance e filme: leitura e ensino em Lavoura Arcaica<\/a><\/td><td><strong>Loredana Limoli<\/strong><\/td><\/tr><tr><td><strong>Maran\u00fabia Pereira Barbosa Doiron<\/strong><\/td><td><a href=\"http:\/\/lattes.cnpq.br\/2128800240395916\"><strong>2128800240395916<\/strong><\/a><\/td><td><a href=\"https:\/\/repositorio.uel.br\/items\/f81ebd8b-6f46-4f3e-b650-2a589533e7e8\" target=\"_blank\" rel=\"noreferrer noopener\">A motiva\u00e7\u00e3o sem\u00e2ntica nas respostas dos informantes do Atlas Lingu\u00edstico do Estado de Alagoas<\/a><\/td><td><strong>VANDERCI DE ANDRADE AGUILERA<\/strong><\/td><\/tr><tr><td><strong>Juliana Foga\u00e7a Sanches Simm<\/strong><\/td><td><a href=\"http:\/\/lattes.cnpq.br\/9542893209246294\"><strong>9542893209246294<\/strong><\/a><\/td><td><a href=\"https:\/\/repositorio.uel.br\/items\/74a117f8-8a1e-4e7d-ba36-ef901c989f32\" target=\"_blank\" rel=\"noreferrer noopener\">Tradi\u00e7\u00f5es Discursivas no Paran\u00e1: Perman\u00eancias e Mudan\u00e7as do G\u00eanero &#8220;Carta de Leitor&#8221; ao &#8220;Coment\u00e1rio de Leitor Online<\/a><\/td><td><strong>Joyce Elaine de Almeira Baronas<\/strong><\/td><\/tr><tr><td><strong>Jozelia Jane Corrente Tanaca<\/strong><\/td><td><a href=\"http:\/\/lattes.cnpq.br\/5465759322386603\"><strong>5465759322386603<\/strong><\/a><\/td><td><a href=\"https:\/\/repositorio.uel.br\/items\/685e2e34-9409-4a02-a3ae-cdfa0e946519\" target=\"_blank\" rel=\"noreferrer noopener\">Aprendizagem Expansiva em Espa\u00e7os H\u00edbridos de Forma\u00e7\u00e3o de Professores de Ingl\u00eas para Crian\u00e7as no Projeto Londrina Global<\/a><\/td><td><strong>Elaine Fernandes Mateus<\/strong><\/td><\/tr><tr><td><strong>Fl\u00e1vio Brand\u00e3o Silva<\/strong><\/td><td><a href=\"http:\/\/lattes.cnpq.br\/5078391133587121\"><strong>5078391133587121<\/strong><\/a><\/td><td><a href=\"https:\/\/repositorio.uel.br\/items\/8d60cc48-88aa-4edf-811a-c32bab3ffed1\" target=\"_blank\" rel=\"noreferrer noopener\">A Abordagem da Varia\u00e7\u00e3o Lingu\u00edstica no Ensino de L\u00edngua Portuguesa em Institui\u00e7\u00f5es P\u00fablicas de Ensino do Estado do Paran\u00e1<strong>\u00a0<\/strong><\/a><\/td><td><strong>Joyce Elaine de Almeira Baronas<\/strong><\/td><\/tr><tr><td><strong>Edn\u00e9ia Aparecida Bernardineli Bernini<\/strong><\/td><td><a href=\"http:\/\/lattes.cnpq.br\/4146847206047632\"><strong>4146847206047632<\/strong><\/a><\/td><td><a href=\"https:\/\/repositorio.uel.br\/items\/1e4977f4-ce24-429e-a91f-bba67c84ae2e\" target=\"_blank\" rel=\"noreferrer noopener\">As tecnologias digitais da informa\u00e7\u00e3o e comunica\u00e7\u00e3o nas pr\u00e1ticas dos professores PDE\/PR de l\u00edngua portuguesa<\/a><\/td><td><strong>N\u00fabio Delanne Ferraz Mafra<\/strong><\/td><\/tr><tr><td><strong>Cl\u00e1udia de Faria Barbeta<\/strong><\/td><td><a href=\"http:\/\/lattes.cnpq.br\/5037740876137934\"><strong>5037740876137934<\/strong><\/a><\/td><td><a href=\"https:\/\/repositorio.uel.br\/items\/b048699c-8e6a-4f60-adfa-39d05cc1e009\" target=\"_blank\" rel=\"noreferrer noopener\">Tecnologias Digitais de Informa\u00e7\u00e3o e Comunica\u00e7\u00e3o na Constru\u00e7\u00e3o do Trabalho Docente com a Linguagem<\/a><\/td><td><strong>N\u00fabio Delanne Ferraz Mafra<\/strong><\/td><\/tr><\/tbody><\/table><\/figure>\n\n\n\n<div class=\"wp-block-buttons is-content-justification-right is-layout-flex wp-container-core-buttons-is-layout-765c4724 wp-block-buttons-is-layout-flex\">\n<div class=\"wp-block-button\"><a class=\"wp-block-button__link has-primary-accent-background-color has-background wp-element-button\" href=\"https:\/\/pos.uel.br\/ppgel\/egressos\/\">Voltar<\/a><\/div>\n<\/div>\n\n\n\n<p><\/p>\n","protected":false},"excerpt":{"rendered":"<p>Egresso Lattes Disserta\u00e7\u00e3o Orientador Raquel Gamero 0214301381996144 Aspectos Identit\u00e1rios de Professores-Pesquisadores em Lingu\u00edstica Aplicada Vera L\u00facia Lopes Cristov\u00e3o Maria Julia Carneiro Giraldes 7309722468980898 Espa\u00e7o da Ci\u00eancia: as discursividade nos pref\u00e1cios\/apresenta\u00e7\u00f5es da obra comnica\u00e7\u00e3o em prosa moderna Mari\u00e2ngela Peccioli Galli Joanilho Tania Regina Montanha Toledo Scoparo 6411425551167257&nbsp; Entre romance e filme: leitura e ensino em Lavoura [&hellip;]<\/p>\n","protected":false},"author":10,"featured_media":0,"parent":0,"menu_order":0,"comment_status":"closed","ping_status":"closed","template":"","meta":{"footnotes":""},"class_list":["post-1217","page","type-page","status-publish","hentry"],"_links":{"self":[{"href":"https:\/\/pos.uel.br\/ppgel\/wp-json\/wp\/v2\/pages\/1217","targetHints":{"allow":["GET"]}}],"collection":[{"href":"https:\/\/pos.uel.br\/ppgel\/wp-json\/wp\/v2\/pages"}],"about":[{"href":"https:\/\/pos.uel.br\/ppgel\/wp-json\/wp\/v2\/types\/page"}],"author":[{"embeddable":true,"href":"https:\/\/pos.uel.br\/ppgel\/wp-json\/wp\/v2\/users\/10"}],"replies":[{"embeddable":true,"href":"https:\/\/pos.uel.br\/ppgel\/wp-json\/wp\/v2\/comments?post=1217"}],"version-history":[{"count":2,"href":"https:\/\/pos.uel.br\/ppgel\/wp-json\/wp\/v2\/pages\/1217\/revisions"}],"predecessor-version":[{"id":1288,"href":"https:\/\/pos.uel.br\/ppgel\/wp-json\/wp\/v2\/pages\/1217\/revisions\/1288"}],"wp:attachment":[{"href":"https:\/\/pos.uel.br\/ppgel\/wp-json\/wp\/v2\/media?parent=1217"}],"curies":[{"name":"wp","href":"https:\/\/api.w.org\/{rel}","templated":true}]}}