{"id":1201,"date":"2025-05-28T21:52:24","date_gmt":"2025-05-29T00:52:24","guid":{"rendered":"https:\/\/pos.uel.br\/ppgel\/?page_id=1201"},"modified":"2025-06-10T15:10:26","modified_gmt":"2025-06-10T18:10:26","slug":"mestrado-2021","status":"publish","type":"page","link":"https:\/\/pos.uel.br\/ppgel\/en\/mestrado-2021\/","title":{"rendered":"MESTRADO 2021"},"content":{"rendered":"\n<div style=\"height:83px\" aria-hidden=\"true\" class=\"wp-block-spacer\"><\/div>\n\n\n\n<figure class=\"wp-block-table is-style-stripes\"><table class=\"has-fixed-layout\"><tbody><tr><td>Egresso<\/td><td>Lattes<\/td><td>Disserta\u00e7\u00e3o<\/td><td>Orientador<\/td><\/tr><\/tbody><\/table><\/figure>\n\n\n\n<figure class=\"wp-block-table is-style-stripes\"><table class=\"has-fixed-layout\"><tbody><tr><td><strong>Michele Borges Chaves De Oliveira<\/strong><\/td><td><a href=\"http:\/\/lattes.cnpq.br\/6628384311554004\"><strong>6628384311554004<\/strong><\/a><strong>&nbsp;<\/strong><\/td><td><a href=\"https:\/\/repositorio.uel.br\/items\/2d0c838f-77d7-450e-a170-691edf7fab25\" target=\"_blank\" rel=\"noreferrer noopener\">Dia Internacional da Mulher: Aspectos Ideol\u00f3gico-Argumentativos Apreendidos de Discursos Presidenciais Comemorativos<\/a><\/td><td>Isabel Cristina Cordeiro<\/td><\/tr><tr><td><strong>Mariana Rodrigues Ferreira Fantinelli<\/strong><\/td><td><a href=\"http:\/\/lattes.cnpq.br\/1326100937265359\"><strong>1326100937265359<\/strong><\/a><strong>&nbsp;<\/strong><\/td><td><a href=\"https:\/\/repositorio.uel.br\/items\/fda0ac9c-aa98-49c4-9bc7-3ad0d27d2148\" target=\"_blank\" rel=\"noreferrer noopener\">Registros da cria\u00e7\u00e3o: An\u00e1lises gen\u00e9tica e estil\u00edstica em letras de Pedro Valen\u00e7a e do grupo Vocal Livre<\/a><\/td><td>Edina Regina Pugas Panichi<\/td><\/tr><tr><td><strong>Lucas Mateus Giacometti De Freitas<\/strong><\/td><td><a href=\"http:\/\/lattes.cnpq.br\/5372661461038996\"><strong>5372661461038996<\/strong><\/a><\/td><td><a href=\"https:\/\/repositorio.uel.br\/items\/67242311-6daa-4f19-a932-6977e53268d8\" target=\"_blank\" rel=\"noreferrer noopener\">Portf\u00f3lio Tradut\u00f3rio: os pap\u00e9is da atividade tradut\u00f3ria no processo de ensino, aprendizagem e avalia\u00e7\u00e3o<\/a><\/td><td>Vera L\u00facia Lopes Crist\u00f3v\u00e3o<\/td><\/tr><tr><td><strong>Luana Camila Costa<\/strong><\/td><td><a href=\"http:\/\/lattes.cnpq.br\/6440876225226770\"><strong>6440876225226770<\/strong><\/a><\/td><td><a href=\"https:\/\/repositorio.uel.br\/items\/c9d0184d-faae-43a4-8675-fe462bfef80f\" target=\"_blank\" rel=\"noreferrer noopener\">A express\u00e3o da locatividade no Kaingang da TI Apucaraninha<\/a><\/td><td>Marcelo Silveira<\/td><\/tr><tr><td><strong>Isabella Medeiros Ferro<\/strong><\/td><td><a href=\"http:\/\/lattes.cnpq.br\/4985214654574026\"><strong>4985214654574026<\/strong><\/a><\/td><td><a href=\"https:\/\/repositorio.uel.br\/items\/1da64df2-7b56-4aec-aa12-19238db87c79\" target=\"_blank\" rel=\"noreferrer noopener\">Indicadores de sujeito em Kaingang (Macro-J\u00ea): an\u00e1lises e considera\u00e7\u00f5es<\/a><\/td><td>Marcelo Silveira<\/td><\/tr><tr><td><strong>Heloanna Salatta Pini<\/strong><\/td><td><a href=\"http:\/\/lattes.cnpq.br\/3546145488434928\"><strong>3546145488434928<\/strong><\/a><\/td><td><a href=\"https:\/\/repositorio.uel.br\/items\/434a9cf3-dbc3-46bf-bdc9-0fd99846e342\" target=\"_blank\" rel=\"noreferrer noopener\">A varia\u00e7\u00e3o nas formas de representa\u00e7\u00e3o do futuro na fala de informantes das Regi\u00f5es Sul e Centro-Oeste do pa\u00eds: uma investiga\u00e7\u00e3o com dados do ALiB<\/a><\/td><td>Dircel Aparecida Kailer<\/td><\/tr><tr><td><strong>Gabrielli Martins Magiolo<\/strong><\/td><td><a href=\"http:\/\/lattes.cnpq.br\/1416484391541399\"><strong>1416484391541399<\/strong><\/a><\/td><td><a href=\"https:\/\/repositorio.uel.br\/items\/ee7138af-cb70-4dd6-a579-66dc338cf1f7\" target=\"_blank\" rel=\"noreferrer noopener\">Ensino de ingl\u00eas nas s\u00e9ries iniciais como instrumento propulsor de justi\u00e7a social: uma proposta de emancipa\u00e7\u00e3o por meio do trabalho com o g\u00eanero hist\u00f3ria infantil<\/a><\/td><td>Juliana Reichert Assun\u00e7\u00e3o Tonelli<\/td><\/tr><tr><td><strong>D\u00e9bora Cristina Monteiro Pena<\/strong><\/td><td><a href=\"http:\/\/lattes.cnpq.br\/6153018850219223\"><strong>6153018850219223<\/strong><\/a><\/td><td><a href=\"https:\/\/repositorio.uel.br\/items\/258a5e01-f283-41e0-a51a-760d476df782\" target=\"_blank\" rel=\"noreferrer noopener\">Ensino de L\u00edngua Inglesa com Base em G\u00eaneros Textuais: An\u00e1lise de uma Sequ\u00eancia did\u00e1tica em Perspectiva Antissexista<\/a><\/td><td>Vera L\u00facia Lopes Crist\u00f3v\u00e3o<\/td><\/tr><tr><td><strong>Carla Giovana De Campos<\/strong><\/td><td><a href=\"http:\/\/lattes.cnpq.br\/3564122984774617\"><strong>3564122984774617<\/strong><\/a><\/td><td><a href=\"https:\/\/repositorio.uel.br\/items\/d0dab65d-b63f-4430-bfd7-cef97ec72bc1\" target=\"_blank\" rel=\"noreferrer noopener\">A reescrita no Ensino Fundamental I: o olhar do professor sobre o seu agir.<\/a><\/td><td>Elvira Lopes Nascimento<\/td><\/tr><tr><td><strong>Ang\u00e9lica Regina Gon\u00e7alves Bertolazzi<\/strong><\/td><td><a href=\"http:\/\/lattes.cnpq.br\/5138327716225617\"><strong>5138327716225617<\/strong><\/a><\/td><td><a href=\"https:\/\/repositorio.uel.br\/items\/9bddf4d0-f8b3-4b71-9890-fbe96c2203a2\" target=\"_blank\" rel=\"noreferrer noopener\">Conceitualiza\u00e7\u00e3o metaf\u00f3rica no discurso quadrin\u00edstico<\/a><\/td><td>Isabel Cristina Cordeiro<\/td><\/tr><tr><td><strong>Ana Paula Pelegrinelli De Farias Lima<\/strong><\/td><td><a href=\"http:\/\/lattes.cnpq.br\/6776087032797991\"><strong>6776087032797991<\/strong><\/a><\/td><td><a href=\"https:\/\/repositorio.uel.br\/items\/4b1ceb57-70f8-4da8-b9bc-70605c6e51d8\" target=\"_blank\" rel=\"noreferrer noopener\">Um professor da EJA e as Representa\u00e7\u00f5es sobre o seu Trabalho: Uma abordagem discursiva<\/a><\/td><td>Elvira Lopes Nascimento<\/td><\/tr><tr><td><strong>Luana Aparecida Da Silva<\/strong><\/td><td><a href=\"http:\/\/lattes.cnpq.br\/9442729392736100\"><strong>9442729392736100<\/strong><\/a><\/td><td><a href=\"https:\/\/repositorio.uel.br\/items\/dab238ea-a07a-4113-bddb-05f84f746c62\" target=\"_blank\" rel=\"noreferrer noopener\">O Falar Paraibano: Um estudo da varia\u00e7\u00e3o lexical nos cord\u00e9is do poeta Z\u00e9 da Luz<\/a><\/td><td>Fabiane Cristina Altino<\/td><\/tr><tr><td><strong>Ismael Ribeiro Da Silva<\/strong><\/td><td><a href=\"http:\/\/lattes.cnpq.br\/9176141317027467\"><strong>9176141317027467<\/strong><\/a><\/td><td><a href=\"https:\/\/repositorio.uel.br\/items\/d9d5a577-174e-4a8f-bab5-010f0b530acc\" target=\"_blank\" rel=\"noreferrer noopener\">O Pronome Reto como Acusativo na Fala e na Escrita: Um Estudo Sociolingu\u00edstico<\/a><\/td><td>Fabiane Cristina Altino<\/td><\/tr><\/tbody><\/table><\/figure>\n\n\n\n<div class=\"wp-block-buttons is-content-justification-right is-layout-flex wp-container-core-buttons-is-layout-765c4724 wp-block-buttons-is-layout-flex\">\n<div class=\"wp-block-button\"><a class=\"wp-block-button__link has-primary-accent-background-color has-background wp-element-button\" href=\"https:\/\/pos.uel.br\/ppgel\/egressos\/\">Voltar<\/a><\/div>\n<\/div>\n\n\n\n<p><\/p>\n","protected":false},"excerpt":{"rendered":"<p>Egresso Lattes Disserta\u00e7\u00e3o Orientador Michele Borges Chaves De Oliveira 6628384311554004&nbsp; Dia Internacional da Mulher: Aspectos Ideol\u00f3gico-Argumentativos Apreendidos de Discursos Presidenciais Comemorativos Isabel Cristina Cordeiro Mariana Rodrigues Ferreira Fantinelli 1326100937265359&nbsp; Registros da cria\u00e7\u00e3o: An\u00e1lises gen\u00e9tica e estil\u00edstica em letras de Pedro Valen\u00e7a e do grupo Vocal Livre Edina Regina Pugas Panichi Lucas Mateus Giacometti De Freitas [&hellip;]<\/p>\n","protected":false},"author":10,"featured_media":0,"parent":0,"menu_order":0,"comment_status":"closed","ping_status":"closed","template":"","meta":{"footnotes":""},"class_list":["post-1201","page","type-page","status-publish","hentry"],"_links":{"self":[{"href":"https:\/\/pos.uel.br\/ppgel\/wp-json\/wp\/v2\/pages\/1201","targetHints":{"allow":["GET"]}}],"collection":[{"href":"https:\/\/pos.uel.br\/ppgel\/wp-json\/wp\/v2\/pages"}],"about":[{"href":"https:\/\/pos.uel.br\/ppgel\/wp-json\/wp\/v2\/types\/page"}],"author":[{"embeddable":true,"href":"https:\/\/pos.uel.br\/ppgel\/wp-json\/wp\/v2\/users\/10"}],"replies":[{"embeddable":true,"href":"https:\/\/pos.uel.br\/ppgel\/wp-json\/wp\/v2\/comments?post=1201"}],"version-history":[{"count":4,"href":"https:\/\/pos.uel.br\/ppgel\/wp-json\/wp\/v2\/pages\/1201\/revisions"}],"predecessor-version":[{"id":1280,"href":"https:\/\/pos.uel.br\/ppgel\/wp-json\/wp\/v2\/pages\/1201\/revisions\/1280"}],"wp:attachment":[{"href":"https:\/\/pos.uel.br\/ppgel\/wp-json\/wp\/v2\/media?parent=1201"}],"curies":[{"name":"wp","href":"https:\/\/api.w.org\/{rel}","templated":true}]}}