{"id":1199,"date":"2025-05-28T21:47:52","date_gmt":"2025-05-29T00:47:52","guid":{"rendered":"https:\/\/pos.uel.br\/ppgel\/?page_id=1199"},"modified":"2025-06-10T15:02:07","modified_gmt":"2025-06-10T18:02:07","slug":"mestrado-2019","status":"publish","type":"page","link":"https:\/\/pos.uel.br\/ppgel\/en\/mestrado-2019\/","title":{"rendered":"MESTRADO 2019"},"content":{"rendered":"\n<div style=\"height:65px\" aria-hidden=\"true\" class=\"wp-block-spacer\"><\/div>\n\n\n\n<figure class=\"wp-block-table is-style-stripes\"><table class=\"has-fixed-layout\"><tbody><tr><td>Egresso<\/td><td>Lattes<\/td><td>Disserta\u00e7\u00e3o<\/td><td>Orientador<\/td><\/tr><\/tbody><\/table><\/figure>\n\n\n\n<figure class=\"wp-block-table is-style-stripes\"><table class=\"has-fixed-layout\"><tbody><tr><td><strong>\u00c1gatha Demarque de Lacqua<\/strong><\/td><td><a href=\"http:\/\/lattes.cnpq.br\/8133456969517654\"><strong>8133456969517654<\/strong><\/a><strong>&nbsp;<\/strong><\/td><td><a href=\"https:\/\/repositorio.uel.br\/items\/cc070f9c-fcd6-4496-ac8c-a360fd8a4ca5\" target=\"_blank\" rel=\"noreferrer noopener\">Aprendizagem de Professores de L\u00edngua Inglesa: Um Estudo em Contexto de Ensino Colaborativo<\/a><\/td><td>Elaine Mateus<\/td><\/tr><tr><td><strong>Lu\u00eds Renato Dias Petry<\/strong><\/td><td><a href=\"http:\/\/lattes.cnpq.br\/8722662419362196\"><strong>8722662419362196<\/strong><\/a><\/td><td><a href=\"https:\/\/repositorio.uel.br\/items\/6c0d1ca7-00b9-4d41-a2d4-e53a37e43b1c\" target=\"_blank\" rel=\"noreferrer noopener\">A tecnologia na forma\u00e7\u00e3o continuada do professor de l\u00edngua estrangeira: percep\u00e7\u00f5es e perspectivas<\/a><\/td><td>Viviane Aparecida Bagio Furtoso<\/td><\/tr><tr><td><strong>Aldimeres Ferraz da Silva<\/strong><\/td><td><a href=\"http:\/\/lattes.cnpq.br\/3325042997320287\"><strong>3325042997320287<\/strong><\/a><strong>&nbsp;<\/strong><\/td><td><a href=\"https:\/\/repositorio.uel.br\/items\/1856d698-7d08-4c84-a187-ab869c13c9b8\" target=\"_blank\" rel=\"noreferrer noopener\">Um olhar discursivo sobre a escrita: algumas representa\u00e7\u00f5es<\/a><\/td><td>Eliana Maria Severino Ruiz<\/td><\/tr><tr><td><strong>Paula Aparecida Avila<\/strong><\/td><td><a href=\"http:\/\/lattes.cnpq.br\/0577400678740616\"><strong>0577400678740616<\/strong><\/a><strong>&nbsp;<\/strong><\/td><td><a href=\"https:\/\/repositorio.uel.br\/items\/574d730d-3848-455a-91eb-e6620a154579\" target=\"_blank\" rel=\"noreferrer noopener\">Ensino de Ingl\u00eas nos Anos Iniciais e Internacionaliza\u00e7\u00e3o do Ensino Superior: um estudo de caso em um munic\u00edpio do Paran\u00e1<\/a><\/td><td>Juliana Reichert Assun\u00e7\u00e3o Tonelli<\/td><\/tr><tr><td><strong>Patr\u00edcia Cardoso Batista<\/strong><\/td><td><a href=\"http:\/\/lattes.cnpq.br\/8621062703004955\"><strong>8621062703004955<\/strong><\/a><strong>&nbsp;<\/strong><\/td><td><a href=\"https:\/\/repositorio.uel.br\/items\/16268a6f-f4be-4805-9c25-ba98d1c983b4\" target=\"_blank\" rel=\"noreferrer noopener\">Forma\u00e7\u00e3o de leitores liter\u00e1rios no Ensino M\u00e9dio: tecendo hist\u00f3rias<\/a><\/td><td>Sheila Oliveira Lima<\/td><\/tr><tr><td><strong>Myriam Rossi Sleiman Gholmie<\/strong><\/td><td><a href=\"http:\/\/lattes.cnpq.br\/0923359583754285\"><strong>0923359583754285<\/strong><\/a><strong>&nbsp;<\/strong><\/td><td><a href=\"https:\/\/repositorio.uel.br\/items\/48874404-db13-4797-b3ec-b64fcf1e085f\" target=\"_blank\" rel=\"noreferrer noopener\">Motiva\u00e7\u00e3o na cria\u00e7\u00e3o lexical: o elo entre cultura e linguagem em dados do Atlas Lingu\u00edstico do Paran\u00e1<\/a><\/td><td>Vanderci de Andrade Aguilera<\/td><\/tr><tr><td><strong>Mariana Spagnolo Martins<\/strong><\/td><td><a href=\"http:\/\/lattes.cnpq.br\/9988800375664911\"><strong>9988800375664911<\/strong><\/a><\/td><td><a href=\"https:\/\/repositorio.uel.br\/items\/bc397450-781e-4f42-8aef-084ed494b408\" target=\"_blank\" rel=\"noreferrer noopener\">O Campo Sem\u00e2ntico Vida Urbana do Question\u00e1rio do Projeto ALIB: A Motiva\u00e7\u00e3o Lexical nos Dados das Capitais Brasileiras<\/a><\/td><td>Vanderci de Andrade Aguilera<\/td><\/tr><tr><td><strong>Josyelle Bonfante Curti<\/strong><\/td><td><a href=\"http:\/\/lattes.cnpq.br\/8937727813591044\"><strong>8937727813591044<\/strong><\/a><\/td><td><a href=\"https:\/\/repositorio.uel.br\/items\/0375a6e4-5052-4fa1-b8bd-25a7059a4abd\" target=\"_blank\" rel=\"noreferrer noopener\">Intera\u00e7\u00e3o no Contexto Forense: Linguagem e Argumenta\u00e7\u00e3o no G\u00eanero Interrogat\u00f3rio<\/a><\/td><td>Isabel Cristina Cordeiro<\/td><\/tr><tr><td><strong>Claudia Peres Barbosa Jorge<\/strong><\/td><td><a href=\"http:\/\/lattes.cnpq.br\/7515299249779020\"><strong>7515299249779020<\/strong><\/a><\/td><td><a href=\"https:\/\/repositorio.uel.br\/items\/088198ce-6285-4ec3-ba10-273962b35f8d\" target=\"_blank\" rel=\"noreferrer noopener\">Os Saberes do Professor: Pr\u00e1tica de Letramento Docente Compartilhados na Forma\u00e7\u00e3o Continuada<\/a><\/td><td>Ana L\u00facia de Campos Almeida<\/td><\/tr><tr><td><strong>Camila Maria da Silva<\/strong><\/td><td><a href=\"http:\/\/lattes.cnpq.br\/9118786524453324\"><strong>9118786524453324<\/strong><\/a><\/td><td><a href=\"https:\/\/repositorio.uel.br\/items\/b0fc93b4-9de6-4d3c-86c8-7a34ca748c6e\" target=\"_blank\" rel=\"noreferrer noopener\">As contribui\u00e7\u00f5es de instrumentos de pesquisa na constru\u00e7\u00e3o do m\u00e9tier de um professor de l\u00edngua portuguesa em forma\u00e7\u00e3o inicial<\/a><\/td><td>Elvira Lopes Nascimento<\/td><\/tr><tr><td><strong>Ana Carolina Bernardino<\/strong><\/td><td><a href=\"http:\/\/lattes.cnpq.br\/6725023757666224\"><strong>6725023757666224<\/strong><\/a><\/td><td><a href=\"https:\/\/repositorio.uel.br\/items\/99afbbd4-78fa-431c-8e7c-bcf254f2faf7\" target=\"_blank\" rel=\"noreferrer noopener\">Vozes que Ressignificam Al\u00e9m dos Muros: An\u00e1lise Discursiva de Picha\u00e7\u00f5es em Universidade<\/a><\/td><td>Rosemeri Passos Baltazar Machado<\/td><\/tr><tr><td><strong>Aline Miyuke Miyamoto<\/strong><\/td><td><a href=\"http:\/\/lattes.cnpq.br\/4404805367497353\"><strong>4404805367497353<\/strong><\/a><\/td><td><a href=\"https:\/\/repositorio.uel.br\/items\/4f7a5ddc-48c5-4ae4-ba63-d40b683e5bdb\" target=\"_blank\" rel=\"noreferrer noopener\">Sujeito Pleno na Primeira Pessoa do Singular em Quatro Localidades Brasileiras: Um Estudo Geossociolingu\u00edstico com Dados ALiB<\/a><\/td><td>Dircel Aparecida Kailer<\/td><\/tr><tr><td><strong>Alex Alves Egido<\/strong><\/td><td><a href=\"http:\/\/lattes.cnpq.br\/3048054098873061\"><strong>3048054098873061<\/strong><\/a><\/td><td><a href=\"https:\/\/repositorio.uel.br\/items\/8b5a6459-f862-42f1-9c05-2f96c7a23c45\" target=\"_blank\" rel=\"noreferrer noopener\">O Eu e o Outro: uma breve hist\u00f3ria da \u00e9tica em pesquisa em Lingu\u00edstica Aplicada<\/a><\/td><td>Simone Reis<\/td><\/tr><\/tbody><\/table><\/figure>\n\n\n\n<div class=\"wp-block-buttons is-content-justification-right is-layout-flex wp-container-core-buttons-is-layout-765c4724 wp-block-buttons-is-layout-flex\">\n<div class=\"wp-block-button\"><a class=\"wp-block-button__link has-primary-accent-background-color has-background wp-element-button\" href=\"https:\/\/pos.uel.br\/ppgel\/egressos\/\">Voltar<\/a><\/div>\n<\/div>\n\n\n\n<p><\/p>\n","protected":false},"excerpt":{"rendered":"<p>Egresso Lattes Disserta\u00e7\u00e3o Orientador \u00c1gatha Demarque de Lacqua 8133456969517654&nbsp; Aprendizagem de Professores de L\u00edngua Inglesa: Um Estudo em Contexto de Ensino Colaborativo Elaine Mateus Lu\u00eds Renato Dias Petry 8722662419362196 A tecnologia na forma\u00e7\u00e3o continuada do professor de l\u00edngua estrangeira: percep\u00e7\u00f5es e perspectivas Viviane Aparecida Bagio Furtoso Aldimeres Ferraz da Silva 3325042997320287&nbsp; Um olhar discursivo sobre [&hellip;]<\/p>\n","protected":false},"author":10,"featured_media":0,"parent":0,"menu_order":0,"comment_status":"closed","ping_status":"closed","template":"","meta":{"footnotes":""},"class_list":["post-1199","page","type-page","status-publish","hentry"],"_links":{"self":[{"href":"https:\/\/pos.uel.br\/ppgel\/wp-json\/wp\/v2\/pages\/1199","targetHints":{"allow":["GET"]}}],"collection":[{"href":"https:\/\/pos.uel.br\/ppgel\/wp-json\/wp\/v2\/pages"}],"about":[{"href":"https:\/\/pos.uel.br\/ppgel\/wp-json\/wp\/v2\/types\/page"}],"author":[{"embeddable":true,"href":"https:\/\/pos.uel.br\/ppgel\/wp-json\/wp\/v2\/users\/10"}],"replies":[{"embeddable":true,"href":"https:\/\/pos.uel.br\/ppgel\/wp-json\/wp\/v2\/comments?post=1199"}],"version-history":[{"count":3,"href":"https:\/\/pos.uel.br\/ppgel\/wp-json\/wp\/v2\/pages\/1199\/revisions"}],"predecessor-version":[{"id":1276,"href":"https:\/\/pos.uel.br\/ppgel\/wp-json\/wp\/v2\/pages\/1199\/revisions\/1276"}],"wp:attachment":[{"href":"https:\/\/pos.uel.br\/ppgel\/wp-json\/wp\/v2\/media?parent=1199"}],"curies":[{"name":"wp","href":"https:\/\/api.w.org\/{rel}","templated":true}]}}