{"id":1149,"date":"2025-05-07T15:31:30","date_gmt":"2025-05-07T18:31:30","guid":{"rendered":"https:\/\/pos.uel.br\/ppgel\/?page_id=1149"},"modified":"2025-06-10T15:56:29","modified_gmt":"2025-06-10T18:56:29","slug":"doutorado-2024","status":"publish","type":"page","link":"https:\/\/pos.uel.br\/ppgel\/en\/doutorado-2024\/","title":{"rendered":"DOUTORADO 2024"},"content":{"rendered":"\n<div style=\"height:100px\" aria-hidden=\"true\" class=\"wp-block-spacer\"><\/div>\n\n\n\n<figure class=\"wp-block-table is-style-stripes\"><table class=\"has-fixed-layout\"><tbody><tr><td><strong>Otto Henrique Silva Ferreira<\/strong><\/td><td><a href=\"http:\/\/lattes.cnpq.br\/0687686666539363\"><strong>0687686666539363<\/strong><\/a><\/td><td><a href=\"https:\/\/repositorio.uel.br\/items\/d148d1b5-7f48-4934-aa54-b15023378bd7\" target=\"_blank\" rel=\"noreferrer noopener\">Ingl\u00eas Musical: educa\u00e7\u00e3o lingu\u00edstica transdisciplinar na inf\u00e2ncia por meio do g\u00eanero can\u00e7\u00e3o contempor\u00e2nea pop<\/a><\/td><td>Juliana Reichert Assun\u00e7\u00e3o Tonelli<\/td><\/tr><tr><td><strong>Ana Paula da Silva<\/strong><\/td><td><a href=\"https:\/\/lattes.cnpq.br\/4698504504938977\"><strong>4698504504938977<\/strong><\/a><\/td><td><a href=\"https:\/\/repositorio.uel.br\/items\/d0f83cd5-1b02-4777-8ea4-e80e27247066\" target=\"_blank\" rel=\"noreferrer noopener\">(<em>Re)construindo<\/em>\u00a0<em>v\u00ednculo<\/em>\u00a0<em>estudante<\/em>\u00a0&amp;\u00a0<em>escola<\/em>: projeto de letramento \u201cPor tr\u00e1s das nossas faces\u201d sobre mem\u00f3rias da pandemia de Covid-19<\/a><\/td><td>Ana L\u00facia de Campos Almeida<\/td><\/tr><tr><td><strong>Ana Carolina Moreira Salatini<\/strong><\/td><td><a href=\"http:\/\/lattes.cnpq.br\/3021831726242221\"><strong>3021831726242221<\/strong><\/a><\/td><td><a href=\"https:\/\/repositorio.uel.br\/items\/dc3b9f2f-e213-41a7-b4fd-ba7e5ae1f3f5\" target=\"_blank\" rel=\"noreferrer noopener\">Proposta lexicogr\u00e1fica de um gloss\u00e1rio de g\u00edrias mexicanas na dire\u00e7\u00e3o espanhol-portugu\u00eas<\/a><\/td><td>Ot\u00e1vio Goes de Andrade<\/td><\/tr><tr><td><strong>Fab\u00edola Grasiele Zappielo Camara<\/strong><\/td><td><a href=\"http:\/\/lattes.cnpq.br\/4354496195650223\"><strong>4354496195650223<\/strong><\/a><\/td><td><a href=\"https:\/\/repositorio.uel.br\/items\/7db9e8c5-d498-4f22-86fe-51e16d7a4cf8\" target=\"_blank\" rel=\"noreferrer noopener\">A varia\u00e7\u00e3o lingu\u00edstica nos cursos de Letras-Libras da Regi\u00e3o Sul do Brasil: percep\u00e7\u00f5es e reflex\u00f5es<\/a><\/td><td>Joyce Elaine de Almeida<\/td><\/tr><tr><td><strong>F\u00e1tima Christina Calicchio<\/strong><\/td><td><a href=\"http:\/\/lattes.cnpq.br\/2351396382686006\"><strong>2351396382686006<\/strong><\/a><\/td><td><a href=\"https:\/\/repositorio.uel.br\/items\/bd326760-cd55-46cf-a616-26a430f4221f\" target=\"_blank\" rel=\"noreferrer noopener\">Forma\u00e7\u00e3o Docente e Ensino de Gram\u00e1tica: Por uma Pedagogia da Varia\u00e7\u00e3o Lingu\u00edstica na Escola<\/a><\/td><td>Joyce Elaine de Almeida Baronas<\/td><\/tr><\/tbody><\/table><\/figure>\n\n\n\n<div class=\"wp-block-buttons is-content-justification-right is-layout-flex wp-container-core-buttons-is-layout-765c4724 wp-block-buttons-is-layout-flex\">\n<div class=\"wp-block-button\"><a class=\"wp-block-button__link has-primary-accent-background-color has-background wp-element-button\" href=\"https:\/\/pos.uel.br\/ppgel\/egressos\/\">Voltar<\/a><\/div>\n<\/div>\n\n\n\n<p><\/p>\n","protected":false},"excerpt":{"rendered":"<p>Otto Henrique Silva Ferreira 0687686666539363 Ingl\u00eas Musical: educa\u00e7\u00e3o lingu\u00edstica transdisciplinar na inf\u00e2ncia por meio do g\u00eanero can\u00e7\u00e3o contempor\u00e2nea pop Juliana Reichert Assun\u00e7\u00e3o Tonelli Ana Paula da Silva 4698504504938977 (Re)construindo\u00a0v\u00ednculo\u00a0estudante\u00a0&amp;\u00a0escola: projeto de letramento \u201cPor tr\u00e1s das nossas faces\u201d sobre mem\u00f3rias da pandemia de Covid-19 Ana L\u00facia de Campos Almeida Ana Carolina Moreira Salatini 3021831726242221 Proposta lexicogr\u00e1fica [&hellip;]<\/p>\n","protected":false},"author":10,"featured_media":0,"parent":0,"menu_order":0,"comment_status":"closed","ping_status":"closed","template":"","meta":{"footnotes":""},"class_list":["post-1149","page","type-page","status-publish","hentry"],"_links":{"self":[{"href":"https:\/\/pos.uel.br\/ppgel\/wp-json\/wp\/v2\/pages\/1149","targetHints":{"allow":["GET"]}}],"collection":[{"href":"https:\/\/pos.uel.br\/ppgel\/wp-json\/wp\/v2\/pages"}],"about":[{"href":"https:\/\/pos.uel.br\/ppgel\/wp-json\/wp\/v2\/types\/page"}],"author":[{"embeddable":true,"href":"https:\/\/pos.uel.br\/ppgel\/wp-json\/wp\/v2\/users\/10"}],"replies":[{"embeddable":true,"href":"https:\/\/pos.uel.br\/ppgel\/wp-json\/wp\/v2\/comments?post=1149"}],"version-history":[{"count":5,"href":"https:\/\/pos.uel.br\/ppgel\/wp-json\/wp\/v2\/pages\/1149\/revisions"}],"predecessor-version":[{"id":1302,"href":"https:\/\/pos.uel.br\/ppgel\/wp-json\/wp\/v2\/pages\/1149\/revisions\/1302"}],"wp:attachment":[{"href":"https:\/\/pos.uel.br\/ppgel\/wp-json\/wp\/v2\/media?parent=1149"}],"curies":[{"name":"wp","href":"https:\/\/api.w.org\/{rel}","templated":true}]}}