{"id":198,"date":"2021-01-05T16:31:41","date_gmt":"2021-01-05T18:31:41","guid":{"rendered":"http:\/\/localhost\/posenges\/?page_id=198"},"modified":"2021-01-05T16:31:41","modified_gmt":"2021-01-05T18:31:41","slug":"laboratorio-de-engenharia-de-transportes-let","status":"publish","type":"page","link":"https:\/\/pos.uel.br\/ppgeciv\/laboratorio-de-engenharia-de-transportes-let\/","title":{"rendered":"Laborat\u00f3rio de Engenharia de Transportes (LET)"},"content":{"rendered":"\n<p>Coordenador: Prof. Dr. Carlos Prado Junior<\/p>\n\n\n\n<p>E-mail: <a rel=\"noreferrer noopener\" href=\"mailto:letctu@uel.br\" target=\"_blank\">letctu@uel.br<\/a><\/p>\n\n\n\n<p>Este laborat\u00f3rio tem o objetivo de atender demandas relacionadas \u00e0 pesquisa e \u00e0 presta\u00e7\u00e3o de servi\u00e7os \u00e0 comunidade na \u00e1rea de engenharia de Transportes (infraestrutura, planejamento e opera\u00e7\u00e3o) e mobilidade.<\/p>\n\n\n\n<p>O laborat\u00f3rio \u00e9 ocupado pelos participantes do grupe de pesquisa: Grupo de pesquisa GEOTRANS.<\/p>\n\n\n\n<p>Atualmente o laborat\u00f3rio tem atuado nas seguintes atividades como:<\/p>\n\n\n\n<ul class=\"wp-block-list\"><li>Prototipagem de um sistema GPS\/GNSS para identificar caracter\u00edsticas das viagens nos diversos sistemas de transporte urbano;<\/li><li>Prototipagem de um equipamento capaz de caracterizar o ambiente interno e externo dos sistemas de transportes;&nbsp;<\/li><li>Prototipagem de um equipamento capaz de estimar a dist\u00e2ncia lateral e a velocidade de um ve\u00edculo motorizado (autom\u00f3vel, caminh\u00e3o, \u00f4nibus etc.) no momento de uma ultrapassagem em rela\u00e7\u00e3o a um ciclista.<\/li><\/ul>\n","protected":false},"excerpt":{"rendered":"<p>Coordenador: Prof. Dr. Carlos Prado Junior E-mail: letctu@uel.br Este laborat\u00f3rio tem o objetivo de atender demandas relacionadas \u00e0 pesquisa e \u00e0 presta\u00e7\u00e3o de servi\u00e7os \u00e0 comunidade na \u00e1rea de engenharia de Transportes (infraestrutura, planejamento e opera\u00e7\u00e3o) e mobilidade. O laborat\u00f3rio \u00e9 ocupado pelos participantes do grupe de pesquisa: Grupo de pesquisa GEOTRANS. Atualmente o laborat\u00f3rio [&hellip;]<\/p>\n","protected":false},"author":7,"featured_media":0,"parent":0,"menu_order":0,"comment_status":"closed","ping_status":"closed","template":"","meta":{"_acf_changed":false,"footnotes":""},"class_list":["post-198","page","type-page","status-publish","hentry"],"acf":[],"_links":{"self":[{"href":"https:\/\/pos.uel.br\/ppgeciv\/wp-json\/wp\/v2\/pages\/198","targetHints":{"allow":["GET"]}}],"collection":[{"href":"https:\/\/pos.uel.br\/ppgeciv\/wp-json\/wp\/v2\/pages"}],"about":[{"href":"https:\/\/pos.uel.br\/ppgeciv\/wp-json\/wp\/v2\/types\/page"}],"author":[{"embeddable":true,"href":"https:\/\/pos.uel.br\/ppgeciv\/wp-json\/wp\/v2\/users\/7"}],"replies":[{"embeddable":true,"href":"https:\/\/pos.uel.br\/ppgeciv\/wp-json\/wp\/v2\/comments?post=198"}],"version-history":[{"count":0,"href":"https:\/\/pos.uel.br\/ppgeciv\/wp-json\/wp\/v2\/pages\/198\/revisions"}],"wp:attachment":[{"href":"https:\/\/pos.uel.br\/ppgeciv\/wp-json\/wp\/v2\/media?parent=198"}],"curies":[{"name":"wp","href":"https:\/\/api.w.org\/{rel}","templated":true}]}}