{"id":189,"date":"2021-01-05T16:27:51","date_gmt":"2021-01-05T18:27:51","guid":{"rendered":"http:\/\/localhost\/posenges\/?page_id=189"},"modified":"2021-01-05T16:27:51","modified_gmt":"2021-01-05T18:27:51","slug":"labesc-laboratorio-escola-de-pos-graduacao","status":"publish","type":"page","link":"https:\/\/pos.uel.br\/ppgeciv\/labesc-laboratorio-escola-de-pos-graduacao\/","title":{"rendered":"LABESC &#8211; Laborat\u00f3rio Escola de P\u00f3s-Gradua\u00e7\u00e3o"},"content":{"rendered":"\n<p>O LABESC, constru\u00eddo com recursos da FINEP, visa oferecer um ambiente adequado para as atividades acad\u00eamicas dos Programas de P\u00f3s-Gradu\u00e7\u00e3o Stricto sensu dos diversos Centros de Estudos da UEL, bem como dos Grupos de Pesquisa, al\u00e9m de algumas atividades de apoio \u00e0 Pesquisa e a \u00e0 P\u00f3s-Gradua\u00e7\u00e3o. As salas do LABESC foram concebidas para oferecer um ambiente adeuado para a realiza\u00e7\u00e3o de reuni\u00f5es de pesquisa, semin\u00e1rios, workshops e simp\u00f3sios, realizados pelos pesquisadores, estudantes e programas de P\u00f3s-Gradua\u00e7\u00e3o. O objetivo \u00e9 que os espa\u00e7os n\u00e3o sejam utilizados como salas de aula preceptiva com foco irradicador concentrado no docente, mas que haja o compartilhamento da informa\u00e7\u00e3o, discuss\u00e3o de leituras e troca de conhecimento.<\/p>\n\n\n\n<p>As atividades de apoio \u00e0 Pesquisa e P\u00f3s-Gradua\u00e7\u00e3o que s\u00e3o abrigadas no LABESC s\u00e3o as seguintes: Comit\u00ea de \u00c9tica em Pesquisa envolvendo Seres Humanos (CEP-UEL); Comiss\u00e3o de \u00c9tica no Uso de Animais (CEUA-UEL); Comiss\u00e3o Organizadora do EAIC\/UEL (Encontro Anual de Inicia\u00e7\u00e3o Cient\u00edfica); Revistas Semina (Ci\u00eancias Agr\u00e1rias, Ci\u00eancias Biol\u00f3gicas\/Sa\u00fade, Ci\u00eancias Exatas\/Tecnol\u00f3gicas e Ci\u00eancias Sociais\/Humanas).<\/p>\n\n\n\n<div class=\"wp-block-buttons aligncenter is-layout-flex wp-block-buttons-is-layout-flex\">\n<div class=\"wp-block-button\"><a class=\"wp-block-button__link has-white-color has-text-color has-background no-border-radius\" href=\"http:\/\/www.uel.br\/proppg\/portalnovo\/pages\/.-laboratorios\/labesc.php\" style=\"background-color:#4f6228\" target=\"_blank\" rel=\"noreferrer noopener\">RESERVA DE SALAS<\/a><\/div>\n<\/div>\n","protected":false},"excerpt":{"rendered":"<p>O LABESC, constru\u00eddo com recursos da FINEP, visa oferecer um ambiente adequado para as atividades acad\u00eamicas dos Programas de P\u00f3s-Gradu\u00e7\u00e3o Stricto sensu dos diversos Centros de Estudos da UEL, bem como dos Grupos de Pesquisa, al\u00e9m de algumas atividades de apoio \u00e0 Pesquisa e a \u00e0 P\u00f3s-Gradua\u00e7\u00e3o. As salas do LABESC foram concebidas para oferecer [&hellip;]<\/p>\n","protected":false},"author":7,"featured_media":0,"parent":0,"menu_order":0,"comment_status":"closed","ping_status":"closed","template":"","meta":{"_acf_changed":false,"footnotes":""},"class_list":["post-189","page","type-page","status-publish","hentry"],"acf":[],"_links":{"self":[{"href":"https:\/\/pos.uel.br\/ppgeciv\/wp-json\/wp\/v2\/pages\/189","targetHints":{"allow":["GET"]}}],"collection":[{"href":"https:\/\/pos.uel.br\/ppgeciv\/wp-json\/wp\/v2\/pages"}],"about":[{"href":"https:\/\/pos.uel.br\/ppgeciv\/wp-json\/wp\/v2\/types\/page"}],"author":[{"embeddable":true,"href":"https:\/\/pos.uel.br\/ppgeciv\/wp-json\/wp\/v2\/users\/7"}],"replies":[{"embeddable":true,"href":"https:\/\/pos.uel.br\/ppgeciv\/wp-json\/wp\/v2\/comments?post=189"}],"version-history":[{"count":0,"href":"https:\/\/pos.uel.br\/ppgeciv\/wp-json\/wp\/v2\/pages\/189\/revisions"}],"wp:attachment":[{"href":"https:\/\/pos.uel.br\/ppgeciv\/wp-json\/wp\/v2\/media?parent=189"}],"curies":[{"name":"wp","href":"https:\/\/api.w.org\/{rel}","templated":true}]}}