{"id":168,"date":"2021-01-05T15:57:42","date_gmt":"2021-01-05T17:57:42","guid":{"rendered":"http:\/\/localhost\/posenges\/?page_id=159"},"modified":"2025-09-04T09:54:31","modified_gmt":"2025-09-04T12:54:31","slug":"saneamento-e-recursos-hidricos","status":"publish","type":"page","link":"https:\/\/pos.uel.br\/ppgeciv\/saneamento-e-recursos-hidricos\/","title":{"rendered":"Saneamento e Recursos H\u00eddricos"},"content":{"rendered":"\n<p>Engloba pesquisas sobre tecnologias de tratamento de \u00e1gua para abastecimento e \u00e1guas residu\u00e1rias, al\u00e9m do gerenciamento e valoriza\u00e7\u00e3o de res\u00edduos s\u00f3lidos urbanos. A linha tamb\u00e9m abrange estudos voltados para drenagem urbana e o desenvolvimento de dispositivos de drenagem mais sustent\u00e1veis.<\/p>\n\n\n\n<h3 class=\"wp-block-heading\">Professores Orientadores:<\/h3>\n\n\n\n    <style>\n      .docentes-container { display:flex; flex-wrap:wrap; gap:30px; justify-content:center; max-width:1200px; margin:0 auto; padding:20px; }\n      .docente-card { width:280px; text-align:center; transition:transform .3s ease-in-out; background:#fff; }\n      .docente-card:hover { transform: translateY(-5px); }\n      .docente-foto { width: 200px; height: 200px; border-radius: 50%; object-fit: cover; filter: sepia(100%) hue-rotate(90deg) saturate(200%); transition: filter .3s ease-in-out; }\n      .docente-card:hover .docente-foto { filter: sepia(0%) hue-rotate(0deg) saturate(100%); }\n      .docente-nome { font-size: 18px; font-weight: 700; margin-top: 10px; color: #222; }\n      .docente-cargo, .docente-linha { font-size: 14px; color: #666; margin: 2px 0; }\n      .docente-link { text-decoration: none; color: #006400; }\n      .docente-link:hover { text-decoration: underline; }\n\n      \/* Barra de filtros (p\u00edlulas) *\/\n      .docentes-filtros { max-width:1200px; margin:0 auto 10px; padding:0 20px; display:flex; flex-wrap:wrap; gap:8px; align-items:center; justify-content:center; }\n      .docentes-filtros .f-label { margin-right:6px; color:#444; font-weight:600; }\n      .f-pill { display:inline-block; padding:7px 12px; border:1px solid #0e6946; color:#0e6946; border-radius:999px; text-decoration:none; font-size:14px; }\n      .f-pill:hover { background:#0e6946; color:#fff; }\n      .f-pill.active { background:#0e6946; color:#fff; }\n    <\/style>\n\n    <div class=\"docentes-filtros\">\n      <span class=\"f-label\">Linha de pesquisa:<\/span>\n      <a class=\"f-pill \" href=\"https:\/\/pos.uel.br\/ppgeciv\/\">Todas<\/a><a class=\"f-pill \" href=\"https:\/\/pos.uel.br\/ppgeciv\/?linha=geotecnia-e-transportes\">Geotecnia e Transportes<\/a><a class=\"f-pill active\" href=\"https:\/\/pos.uel.br\/ppgeciv\/?linha=saneamento-e-recursos-hidricos\">Saneamento e Recursos H\u00eddricos<\/a><a class=\"f-pill \" href=\"https:\/\/pos.uel.br\/ppgeciv\/?linha=tecnologia-e-gestao-na-construcao-civil\">Tecnologia e Gest\u00e3o na Constru\u00e7\u00e3o Civil<\/a>    <\/div>\n\n    <div class=\"docentes-container\"><div class=\"docente-card\"><a href=\"https:\/\/pos.uel.br\/ppgeciv\/perfil-docente\/?docente_id=1599\"><img decoding=\"async\" src=\"https:\/\/pos.uel.br\/ppgeciv\/wp-content\/uploads\/2025\/03\/caio_lattes.jpg\" alt=\"Caio Victor Louren\u00e7o Rodrigues\" class=\"docente-foto\"><\/a><p class=\"docente-nome\"><a href=\"https:\/\/pos.uel.br\/ppgeciv\/perfil-docente\/?docente_id=1599\" class=\"docente-link\">Caio Victor Louren\u00e7o Rodrigues<\/a><\/p><p class=\"docente-linha\">Saneamento e Recursos H\u00eddricos<\/p><\/div><div class=\"docente-card\"><a href=\"https:\/\/pos.uel.br\/ppgeciv\/perfil-docente\/?docente_id=1627\"><img decoding=\"async\" src=\"https:\/\/pos.uel.br\/ppgeciv\/wp-content\/uploads\/2025\/02\/Deize-210x210-1.jpg\" alt=\"Deize Dias Lopes\" class=\"docente-foto\"><\/a><p class=\"docente-nome\"><a href=\"https:\/\/pos.uel.br\/ppgeciv\/perfil-docente\/?docente_id=1627\" class=\"docente-link\">Deize Dias Lopes<\/a><\/p><p class=\"docente-linha\">Saneamento e Recursos H\u00eddricos<\/p><\/div><div class=\"docente-card\"><a href=\"https:\/\/pos.uel.br\/ppgeciv\/perfil-docente\/?docente_id=1628\"><img decoding=\"async\" src=\"https:\/\/pos.uel.br\/ppgeciv\/wp-content\/uploads\/2025\/02\/Emilia-210x210-1.jpg\" alt=\"Emilia Kiyomi Kuroda\" class=\"docente-foto\"><\/a><p class=\"docente-nome\"><a href=\"https:\/\/pos.uel.br\/ppgeciv\/perfil-docente\/?docente_id=1628\" class=\"docente-link\">Emilia Kiyomi Kuroda<\/a><\/p><p class=\"docente-linha\">Saneamento e Recursos H\u00eddricos<\/p><\/div><div class=\"docente-card\"><a href=\"https:\/\/pos.uel.br\/ppgeciv\/perfil-docente\/?docente_id=1629\"><img decoding=\"async\" src=\"https:\/\/pos.uel.br\/ppgeciv\/wp-content\/uploads\/2025\/03\/fernando_fernandes.jpg\" alt=\"Fernando Fernandes\" class=\"docente-foto\"><\/a><p class=\"docente-nome\"><a href=\"https:\/\/pos.uel.br\/ppgeciv\/perfil-docente\/?docente_id=1629\" class=\"docente-link\">Fernando Fernandes<\/a><\/p><p class=\"docente-linha\">Saneamento e Recursos H\u00eddricos<\/p><\/div><div class=\"docente-card\"><a href=\"https:\/\/pos.uel.br\/ppgeciv\/perfil-docente\/?docente_id=1588\"><img decoding=\"async\" src=\"https:\/\/pos.uel.br\/ppgeciv\/wp-content\/uploads\/2025\/03\/IMG_2641.jpg\" alt=\"Hemerson D Pinheiro\" class=\"docente-foto\"><\/a><p class=\"docente-nome\"><a href=\"https:\/\/pos.uel.br\/ppgeciv\/perfil-docente\/?docente_id=1588\" class=\"docente-link\">Hemerson D Pinheiro<\/a><\/p><p class=\"docente-linha\">Saneamento e Recursos H\u00eddricos<\/p><\/div><\/div>\n","protected":false},"excerpt":{"rendered":"<p>Engloba pesquisas sobre tecnologias de tratamento de \u00e1gua para abastecimento e \u00e1guas residu\u00e1rias, al\u00e9m do gerenciamento e valoriza\u00e7\u00e3o de res\u00edduos s\u00f3lidos urbanos. A linha tamb\u00e9m abrange estudos voltados para drenagem urbana e o desenvolvimento de dispositivos de drenagem mais sustent\u00e1veis. Professores Orientadores:<\/p>\n","protected":false},"author":7,"featured_media":0,"parent":0,"menu_order":0,"comment_status":"closed","ping_status":"closed","template":"","meta":{"_acf_changed":false,"footnotes":""},"class_list":["post-168","page","type-page","status-publish","hentry"],"acf":[],"_links":{"self":[{"href":"https:\/\/pos.uel.br\/ppgeciv\/wp-json\/wp\/v2\/pages\/168","targetHints":{"allow":["GET"]}}],"collection":[{"href":"https:\/\/pos.uel.br\/ppgeciv\/wp-json\/wp\/v2\/pages"}],"about":[{"href":"https:\/\/pos.uel.br\/ppgeciv\/wp-json\/wp\/v2\/types\/page"}],"author":[{"embeddable":true,"href":"https:\/\/pos.uel.br\/ppgeciv\/wp-json\/wp\/v2\/users\/7"}],"replies":[{"embeddable":true,"href":"https:\/\/pos.uel.br\/ppgeciv\/wp-json\/wp\/v2\/comments?post=168"}],"version-history":[{"count":2,"href":"https:\/\/pos.uel.br\/ppgeciv\/wp-json\/wp\/v2\/pages\/168\/revisions"}],"predecessor-version":[{"id":3871,"href":"https:\/\/pos.uel.br\/ppgeciv\/wp-json\/wp\/v2\/pages\/168\/revisions\/3871"}],"wp:attachment":[{"href":"https:\/\/pos.uel.br\/ppgeciv\/wp-json\/wp\/v2\/media?parent=168"}],"curies":[{"name":"wp","href":"https:\/\/api.w.org\/{rel}","templated":true}]}}