{"id":151,"date":"2021-01-05T15:54:04","date_gmt":"2021-01-05T17:54:04","guid":{"rendered":"http:\/\/localhost\/posenges\/?page_id=151"},"modified":"2025-09-04T09:52:24","modified_gmt":"2025-09-04T12:52:24","slug":"tecnologia-e-gestao-na-construcao-civil-2","status":"publish","type":"page","link":"https:\/\/pos.uel.br\/ppgeciv\/tecnologia-e-gestao-na-construcao-civil-2\/","title":{"rendered":"Tecnologia e Gest\u00e3o na Constru\u00e7\u00e3o Civil"},"content":{"rendered":"\n<p>Envolve pesquisas sobre o desenvolvimento integrado do processo construtivo, combinando materiais e componentes inovadores e sustent\u00e1veis, incluindo modelagem virtual e f\u00edsica. Os estudos contemplam a efici\u00eancia energ\u00e9tica e o conforto das edifica\u00e7\u00f5es, bem como o desempenho f\u00edsico, qu\u00edmico, mec\u00e2nico, hidr\u00e1ulico e de durabilidade dos materiais. Al\u00e9m disso, s\u00e3o abordados aspectos relacionados \u00e0 otimiza\u00e7\u00e3o dos processos produtivos, redu\u00e7\u00e3o de perdas e melhoria da qualidade da m\u00e3o de obra.<\/p>\n\n\n\n<h3 class=\"wp-block-heading\">Professores Orientadores:<\/h3>\n\n\n\n    <style>\n      .docentes-container { display:flex; flex-wrap:wrap; gap:30px; justify-content:center; max-width:1200px; margin:0 auto; padding:20px; }\n      .docente-card { width:280px; text-align:center; transition:transform .3s ease-in-out; background:#fff; }\n      .docente-card:hover { transform: translateY(-5px); }\n      .docente-foto { width: 200px; height: 200px; border-radius: 50%; object-fit: cover; filter: sepia(100%) hue-rotate(90deg) saturate(200%); transition: filter .3s ease-in-out; }\n      .docente-card:hover .docente-foto { filter: sepia(0%) hue-rotate(0deg) saturate(100%); }\n      .docente-nome { font-size: 18px; font-weight: 700; margin-top: 10px; color: #222; }\n      .docente-cargo, .docente-linha { font-size: 14px; color: #666; margin: 2px 0; }\n      .docente-link { text-decoration: none; color: #006400; }\n      .docente-link:hover { text-decoration: underline; }\n\n      \/* Barra de filtros (p\u00edlulas) *\/\n      .docentes-filtros { max-width:1200px; margin:0 auto 10px; padding:0 20px; display:flex; flex-wrap:wrap; gap:8px; align-items:center; justify-content:center; }\n      .docentes-filtros .f-label { margin-right:6px; color:#444; font-weight:600; }\n      .f-pill { display:inline-block; padding:7px 12px; border:1px solid #0e6946; color:#0e6946; border-radius:999px; text-decoration:none; font-size:14px; }\n      .f-pill:hover { background:#0e6946; color:#fff; }\n      .f-pill.active { background:#0e6946; color:#fff; }\n    <\/style>\n\n    <div class=\"docentes-filtros\">\n      <span class=\"f-label\">Linha de pesquisa:<\/span>\n      <a class=\"f-pill \" href=\"https:\/\/pos.uel.br\/ppgeciv\/\">Todas<\/a><a class=\"f-pill \" href=\"https:\/\/pos.uel.br\/ppgeciv\/?linha=geotecnia-e-transportes\">Geotecnia e Transportes<\/a><a class=\"f-pill \" href=\"https:\/\/pos.uel.br\/ppgeciv\/?linha=saneamento-e-recursos-hidricos\">Saneamento e Recursos H\u00eddricos<\/a><a class=\"f-pill active\" href=\"https:\/\/pos.uel.br\/ppgeciv\/?linha=tecnologia-e-gestao-na-construcao-civil\">Tecnologia e Gest\u00e3o na Constru\u00e7\u00e3o Civil<\/a>    <\/div>\n\n    <div class=\"docentes-container\"><div class=\"docente-card\"><a href=\"https:\/\/pos.uel.br\/ppgeciv\/perfil-docente\/?docente_id=1598\"><img decoding=\"async\" src=\"https:\/\/pos.uel.br\/ppgeciv\/wp-content\/uploads\/2025\/02\/Altibano-210x210-1.png\" alt=\"Altibano Ortenzi Junior\" class=\"docente-foto\"><\/a><p class=\"docente-nome\"><a href=\"https:\/\/pos.uel.br\/ppgeciv\/perfil-docente\/?docente_id=1598\" class=\"docente-link\">Altibano Ortenzi Junior<\/a><\/p><p class=\"docente-linha\">Tecnologia e Gest\u00e3o na Constru\u00e7\u00e3o Civil<\/p><\/div><div class=\"docente-card\"><a href=\"https:\/\/pos.uel.br\/ppgeciv\/perfil-docente\/?docente_id=1589\"><img decoding=\"async\" src=\"https:\/\/pos.uel.br\/ppgeciv\/wp-content\/uploads\/2025\/02\/Berenice_1-210x210-1.jpg\" alt=\"Berenice Martins Toralles\" class=\"docente-foto\"><\/a><p class=\"docente-nome\"><a href=\"https:\/\/pos.uel.br\/ppgeciv\/perfil-docente\/?docente_id=1589\" class=\"docente-link\">Berenice Martins Toralles<\/a><\/p><p class=\"docente-linha\">Tecnologia e Gest\u00e3o na Constru\u00e7\u00e3o Civil<\/p><\/div><div class=\"docente-card\"><a href=\"https:\/\/pos.uel.br\/ppgeciv\/perfil-docente\/?docente_id=1600\"><img decoding=\"async\" src=\"https:\/\/pos.uel.br\/ppgeciv\/wp-content\/uploads\/2025\/02\/Camila_Atem-210x210-1.jpg\" alt=\"Camila Greg\u00f3rio Atem\" class=\"docente-foto\"><\/a><p class=\"docente-nome\"><a href=\"https:\/\/pos.uel.br\/ppgeciv\/perfil-docente\/?docente_id=1600\" class=\"docente-link\">Camila Greg\u00f3rio Atem<\/a><\/p><p class=\"docente-linha\">Tecnologia e Gest\u00e3o na Constru\u00e7\u00e3o Civil<\/p><\/div><div class=\"docente-card\"><a href=\"https:\/\/pos.uel.br\/ppgeciv\/perfil-docente\/?docente_id=1632\"><img decoding=\"async\" src=\"https:\/\/pos.uel.br\/ppgeciv\/wp-content\/uploads\/2025\/02\/Thalita-210x210-1.jpg\" alt=\"Thalita Gorban Ferreira Giglio\" class=\"docente-foto\"><\/a><p class=\"docente-nome\"><a href=\"https:\/\/pos.uel.br\/ppgeciv\/perfil-docente\/?docente_id=1632\" class=\"docente-link\">Thalita Gorban Ferreira Giglio<\/a><\/p><p class=\"docente-linha\">Tecnologia e Gest\u00e3o na Constru\u00e7\u00e3o Civil<\/p><\/div><div class=\"docente-card\"><a href=\"https:\/\/pos.uel.br\/ppgeciv\/perfil-docente\/?docente_id=1633\"><img decoding=\"async\" src=\"https:\/\/pos.uel.br\/ppgeciv\/wp-content\/uploads\/2025\/03\/servletrecuperafoto-4-scaled.jpeg\" alt=\"Wanessa Roberta Fazinga\" class=\"docente-foto\"><\/a><p class=\"docente-nome\"><a href=\"https:\/\/pos.uel.br\/ppgeciv\/perfil-docente\/?docente_id=1633\" class=\"docente-link\">Wanessa Roberta Fazinga<\/a><\/p><p class=\"docente-linha\">Tecnologia e Gest\u00e3o na Constru\u00e7\u00e3o Civil<\/p><\/div><\/div>\n\n\n\n<p><\/p>\n","protected":false},"excerpt":{"rendered":"<p>Envolve pesquisas sobre o desenvolvimento integrado do processo construtivo, combinando materiais e componentes inovadores e sustent\u00e1veis, incluindo modelagem virtual e f\u00edsica. Os estudos contemplam a efici\u00eancia energ\u00e9tica e o conforto das edifica\u00e7\u00f5es, bem como o desempenho f\u00edsico, qu\u00edmico, mec\u00e2nico, hidr\u00e1ulico e de durabilidade dos materiais. Al\u00e9m disso, s\u00e3o abordados aspectos relacionados \u00e0 otimiza\u00e7\u00e3o dos processos [&hellip;]<\/p>\n","protected":false},"author":7,"featured_media":0,"parent":0,"menu_order":0,"comment_status":"closed","ping_status":"closed","template":"","meta":{"_acf_changed":false,"footnotes":""},"class_list":["post-151","page","type-page","status-publish","hentry"],"acf":[],"_links":{"self":[{"href":"https:\/\/pos.uel.br\/ppgeciv\/wp-json\/wp\/v2\/pages\/151","targetHints":{"allow":["GET"]}}],"collection":[{"href":"https:\/\/pos.uel.br\/ppgeciv\/wp-json\/wp\/v2\/pages"}],"about":[{"href":"https:\/\/pos.uel.br\/ppgeciv\/wp-json\/wp\/v2\/types\/page"}],"author":[{"embeddable":true,"href":"https:\/\/pos.uel.br\/ppgeciv\/wp-json\/wp\/v2\/users\/7"}],"replies":[{"embeddable":true,"href":"https:\/\/pos.uel.br\/ppgeciv\/wp-json\/wp\/v2\/comments?post=151"}],"version-history":[{"count":5,"href":"https:\/\/pos.uel.br\/ppgeciv\/wp-json\/wp\/v2\/pages\/151\/revisions"}],"predecessor-version":[{"id":3869,"href":"https:\/\/pos.uel.br\/ppgeciv\/wp-json\/wp\/v2\/pages\/151\/revisions\/3869"}],"wp:attachment":[{"href":"https:\/\/pos.uel.br\/ppgeciv\/wp-json\/wp\/v2\/media?parent=151"}],"curies":[{"name":"wp","href":"https:\/\/api.w.org\/{rel}","templated":true}]}}

Tecnologia e Gestão na Construção Civil

<p>Envolve pesquisas sobre o desenvolvimento integrado do processo construtivo, combinando materiais e componentes inovadores e sustentáveis, incluindo modelagem virtual e física. Os estudos contemplam a eficiência energética e o conforto das edificações, bem como o desempenho físico, químico, mecânico, hidráulico e de durabilidade dos materiais. Além disso, são abordados aspectos relacionados à otimização dos processos produtivos, redução de perdas e melhoria da qualidade da mão de obra.</p>



<h3 class="wp-block-heading">Professores Orientadores:</h3>



    <style>
      .docentes-container { display:flex; flex-wrap:wrap; gap:30px; justify-content:center; max-width:1200px; margin:0 auto; padding:20px; }
      .docente-card { width:280px; text-align:center; transition:transform .3s ease-in-out; background:#fff; }
      .docente-card:hover { transform: translateY(-5px); }
      .docente-foto { width: 200px; height: 200px; border-radius: 50%; object-fit: cover; filter: sepia(100%) hue-rotate(90deg) saturate(200%); transition: filter .3s ease-in-out; }
      .docente-card:hover .docente-foto { filter: sepia(0%) hue-rotate(0deg) saturate(100%); }
      .docente-nome { font-size: 18px; font-weight: 700; margin-top: 10px; color: #222; }
      .docente-cargo, .docente-linha { font-size: 14px; color: #666; margin: 2px 0; }
      .docente-link { text-decoration: none; color: #006400; }
      .docente-link:hover { text-decoration: underline; }

      /* Barra de filtros (pílulas) */
      .docentes-filtros { max-width:1200px; margin:0 auto 10px; padding:0 20px; display:flex; flex-wrap:wrap; gap:8px; align-items:center; justify-content:center; }
      .docentes-filtros .f-label { margin-right:6px; color:#444; font-weight:600; }
      .f-pill { display:inline-block; padding:7px 12px; border:1px solid #0e6946; color:#0e6946; border-radius:999px; text-decoration:none; font-size:14px; }
      .f-pill:hover { background:#0e6946; color:#fff; }
      .f-pill.active { background:#0e6946; color:#fff; }
    </style>

    <div class="docentes-filtros">
      <span class="f-label">Linha de pesquisa:</span>
      <a class="f-pill " href="https://pos.uel.br/ppgeciv/">Todas</a><a class="f-pill " href="https://pos.uel.br/ppgeciv/?linha=geotecnia-e-transportes">Geotecnia e Transportes</a><a class="f-pill " href="https://pos.uel.br/ppgeciv/?linha=saneamento-e-recursos-hidricos">Saneamento e Recursos Hídricos</a><a class="f-pill active" href="https://pos.uel.br/ppgeciv/?linha=tecnologia-e-gestao-na-construcao-civil">Tecnologia e Gestão na Construção Civil</a>    </div>

    <div class="docentes-container"><div class="docente-card"><a href="https://pos.uel.br/ppgeciv/perfil-docente/?docente_id=1598"><img decoding="async" src="https://pos.uel.br/ppgeciv/wp-content/uploads/2025/02/Altibano-210x210-1.png" alt="Altibano Ortenzi Junior" class="docente-foto"></a><p class="docente-nome"><a href="https://pos.uel.br/ppgeciv/perfil-docente/?docente_id=1598" class="docente-link">Altibano Ortenzi Junior</a></p><p class="docente-linha">Tecnologia e Gestão na Construção Civil</p></div><div class="docente-card"><a href="https://pos.uel.br/ppgeciv/perfil-docente/?docente_id=1589"><img decoding="async" src="https://pos.uel.br/ppgeciv/wp-content/uploads/2025/02/Berenice_1-210x210-1.jpg" alt="Berenice Martins Toralles" class="docente-foto"></a><p class="docente-nome"><a href="https://pos.uel.br/ppgeciv/perfil-docente/?docente_id=1589" class="docente-link">Berenice Martins Toralles</a></p><p class="docente-linha">Tecnologia e Gestão na Construção Civil</p></div><div class="docente-card"><a href="https://pos.uel.br/ppgeciv/perfil-docente/?docente_id=1600"><img decoding="async" src="https://pos.uel.br/ppgeciv/wp-content/uploads/2025/02/Camila_Atem-210x210-1.jpg" alt="Camila Gregório Atem" class="docente-foto"></a><p class="docente-nome"><a href="https://pos.uel.br/ppgeciv/perfil-docente/?docente_id=1600" class="docente-link">Camila Gregório Atem</a></p><p class="docente-linha">Tecnologia e Gestão na Construção Civil</p></div><div class="docente-card"><a href="https://pos.uel.br/ppgeciv/perfil-docente/?docente_id=1632"><img decoding="async" src="https://pos.uel.br/ppgeciv/wp-content/uploads/2025/02/Thalita-210x210-1.jpg" alt="Thalita Gorban Ferreira Giglio" class="docente-foto"></a><p class="docente-nome"><a href="https://pos.uel.br/ppgeciv/perfil-docente/?docente_id=1632" class="docente-link">Thalita Gorban Ferreira Giglio</a></p><p class="docente-linha">Tecnologia e Gestão na Construção Civil</p></div><div class="docente-card"><a href="https://pos.uel.br/ppgeciv/perfil-docente/?docente_id=1633"><img decoding="async" src="https://pos.uel.br/ppgeciv/wp-content/uploads/2025/03/servletrecuperafoto-4-scaled.jpeg" alt="Wanessa Roberta Fazinga" class="docente-foto"></a><p class="docente-nome"><a href="https://pos.uel.br/ppgeciv/perfil-docente/?docente_id=1633" class="docente-link">Wanessa Roberta Fazinga</a></p><p class="docente-linha">Tecnologia e Gestão na Construção Civil</p></div></div>



<p></p>

<p>Envolve pesquisas sobre o desenvolvimento integrado do processo construtivo, combinando materiais e componentes inovadores e sustentáveis, incluindo modelagem virtual e física. Os estudos contemplam a eficiência energética e o conforto das edificações, bem como o desempenho físico, químico, mecânico, hidráulico e de durabilidade dos materiais. Além disso, são abordados aspectos relacionados à otimização dos processos [&hellip;]</p>
