{"id":13,"date":"2025-02-06T14:50:02","date_gmt":"2025-02-06T17:50:02","guid":{"rendered":"https:\/\/pos.uel.br\/ppgeciv\/?page_id=13"},"modified":"2026-02-06T11:31:28","modified_gmt":"2026-02-06T14:31:28","slug":"pagina-inicial","status":"publish","type":"page","link":"https:\/\/pos.uel.br\/ppgeciv\/","title":{"rendered":"(sem t\u00edtulo)"},"content":{"rendered":"\n<p>DESTAQUES<\/p>\n\n\n  <div class=\"swiper-container swiper ppg-destaque-swiper\">\n    <div class=\"swiper-wrapper\">\n      <div class=\"swiper-slide\"><article class=\"ppg-card\"><a class=\"ppg-thumb ppg-thumb--defesa\" href=\"https:\/\/pos.uel.br\/ppgeciv\/visualizar-defesa\/?id=4128\"><img decoding=\"async\" class=\"ppg-thumb-img\" src=\"data:image\/svg+xml;utf8,<svg xmlns='http:\/\/www.w3.org\/2000\/svg' viewBox='0 0 1600 900'><rect width='1600' height='900' fill='%23f1f5f9'\/><text x='50%' y='50%' dominant-baseline='middle' text-anchor='middle' fill='%2399a3ad' font-size='56' font-family='Arial'>PPGECiv<\/text><\/svg>\" alt=\"PPGECiv\" loading=\"lazy\" decoding=\"async\" \/><\/a><div class=\"ppg-body\"><h4 class=\"ppg-title\"><a href=\"https:\/\/pos.uel.br\/ppgeciv\/visualizar-defesa\/?id=4128\">Defesa de Disserta\u00e7\u00e3o de Mestrado: Utiliza\u00e7\u00e3o de modelos de deep learning para reconhecimento autom\u00e1tico de defeitos e seus n\u00edveis de severidade em pavimentos asf\u00e1lticos urbanos<\/a><\/h4><div class=\"ppg-line\"><strong>Candidato(a):<\/strong> \u00c1tila Marconcine de Souza<\/div><div class=\"ppg-line\"><strong>Data:<\/strong> 25\/02\/2026<\/div><\/div><\/article><\/div><div class=\"swiper-slide\"><article class=\"ppg-card\"><a class=\"ppg-thumb ppg-thumb--defesa\" href=\"https:\/\/pos.uel.br\/ppgeciv\/visualizar-defesa\/?id=4126\"><img decoding=\"async\" class=\"ppg-thumb-img\" src=\"data:image\/svg+xml;utf8,<svg xmlns='http:\/\/www.w3.org\/2000\/svg' viewBox='0 0 1600 900'><rect width='1600' height='900' fill='%23f1f5f9'\/><text x='50%' y='50%' dominant-baseline='middle' text-anchor='middle' fill='%2399a3ad' font-size='56' font-family='Arial'>PPGECiv<\/text><\/svg>\" alt=\"PPGECiv\" loading=\"lazy\" decoding=\"async\" \/><\/a><div class=\"ppg-body\"><h4 class=\"ppg-title\"><a href=\"https:\/\/pos.uel.br\/ppgeciv\/visualizar-defesa\/?id=4126\">Defesa de Disserta\u00e7\u00e3o de Mestrado: Contribui\u00e7\u00e3o do sistema de pavimenta\u00e7\u00e3o perme\u00e1vel para o escoamento superficial em \u00e1reas urbanizadas: um estudo utilizando blocos de concreto perme\u00e1vel inertravados e po\u00e7os de infiltra\u00e7\u00e3o<\/a><\/h4><div class=\"ppg-line\"><strong>Candidato(a):<\/strong> Joel Rubens da Silva Filho<\/div><div class=\"ppg-line\"><strong>Data:<\/strong> 27\/02\/2026<\/div><\/div><\/article><\/div><div class=\"swiper-slide\"><article class=\"ppg-card\"><a class=\"ppg-thumb ppg-thumb--edital\" href=\"https:\/\/pos.uel.br\/ppgeciv\/visualizar-edital\/?id=4144\"><img width=\"64\" height=\"64\" src=\"https:\/\/pos.uel.br\/ppgeciv\/wp-content\/uploads\/2025\/07\/svgviewer-output-7.png\" class=\"ppg-thumb-img wp-post-image\" alt=\"Resultado da classifica\u00e7\u00e3o de candidatos \u00e0 Bolsa de Demanda Social (BDS) &#8211; Mestrado e Doutorado\" loading=\"lazy\" decoding=\"async\" \/><\/a><div class=\"ppg-body\"><h4 class=\"ppg-title\"><a href=\"https:\/\/pos.uel.br\/ppgeciv\/visualizar-edital\/?id=4144\">Resultado da classifica\u00e7\u00e3o de candidatos \u00e0 Bolsa de Demanda Social (BDS) &#8211; Mestrado e Doutorado<\/a><\/h4><div class=\"ppg-line\"><strong>Publicado em:<\/strong> 06\/04\/2026<\/div><\/div><\/article><\/div><div class=\"swiper-slide\"><article class=\"ppg-card\"><a class=\"ppg-thumb ppg-thumb--edital\" href=\"https:\/\/pos.uel.br\/ppgeciv\/visualizar-edital\/?id=4135\"><img decoding=\"async\" class=\"ppg-thumb-img\" src=\"data:image\/svg+xml;utf8,<svg xmlns='http:\/\/www.w3.org\/2000\/svg' viewBox='0 0 1600 900'><rect width='1600' height='900' fill='%23f1f5f9'\/><text x='50%' y='50%' dominant-baseline='middle' text-anchor='middle' fill='%2399a3ad' font-size='56' font-family='Arial'>PPGECiv<\/text><\/svg>\" alt=\"PPGECiv\" loading=\"lazy\" decoding=\"async\" \/><\/a><div class=\"ppg-body\"><h4 class=\"ppg-title\"><a href=\"https:\/\/pos.uel.br\/ppgeciv\/visualizar-edital\/?id=4135\">EDITAL PPGECiv N\u00ba 02\/2026 &#8211; Classifica\u00e7\u00e3o para bolsas de Mestrado e Doutorado<\/a><\/h4><div class=\"ppg-line\"><strong>Publicado em:<\/strong> 25\/03\/2026<\/div><\/div><\/article><\/div><div class=\"swiper-slide\"><article class=\"ppg-card\"><a class=\"ppg-thumb ppg-thumb--horarios\" href=\"https:\/\/pos.uel.br\/ppgeciv\/horario\/\"><img decoding=\"async\" class=\"ppg-thumb-img\" src=\"data:image\/svg+xml;utf8,<svg xmlns='http:\/\/www.w3.org\/2000\/svg' viewBox='0 0 1600 900'>\n              <defs>\n                <linearGradient id='g' x1='0' y1='0' x2='1' y2='1'>\n                  <stop offset='0' stop-color='%230e6946' stop-opacity='0.12'\/>\n                  <stop offset='1' stop-color='%230e6946' stop-opacity='0.03'\/>\n                <\/linearGradient>\n              <\/defs>\n              <rect width='1600' height='900' fill='url(%23g)'\/>\n              <rect x='220' y='210' width='1160' height='480' rx='40' fill='%23ffffff' fill-opacity='0.9' stroke='%230e6946' stroke-opacity='0.25' stroke-width='8'\/>\n              <rect x='260' y='250' width='1080' height='90' rx='22' fill='%230e6946' fill-opacity='0.12'\/>\n              <text x='50%' y='52%' dominant-baseline='middle' text-anchor='middle' fill='%230e6946' font-size='68' font-family='Arial'>Hor\u00e1rio 2026\/1<\/text>\n              <text x='50%' y='62%' dominant-baseline='middle' text-anchor='middle' fill='%23555' font-size='40' font-family='Arial'>PPGECiv \u2022 UEL<\/text>\n            <\/svg>\" alt=\"Hor\u00e1rios das Disciplinas \u2013 2026\/1\" loading=\"lazy\" decoding=\"async\" \/><\/a><div class=\"ppg-body\"><h4 class=\"ppg-title\"><a href=\"https:\/\/pos.uel.br\/ppgeciv\/horario\/\">Hor\u00e1rios das Disciplinas \u2013 2026\/1<\/a><\/h4><div class=\"ppg-line\"><strong>Consulta r\u00e1pida:<\/strong> hor\u00e1rios do semestre.<\/div><div class=\"ppg-actions\"><a class=\"ppg-btn\" href=\"https:\/\/pos.uel.br\/ppgeciv\/horario\/\">Ver p\u00e1gina de hor\u00e1rios<\/a><\/div><\/div><\/article><\/div><div class=\"swiper-slide\"><article class=\"ppg-card\"><a class=\"ppg-thumb ppg-thumb--noticia\" href=\"https:\/\/pos.uel.br\/ppgeciv\/noticias-e-eventos\/?id=4132&#038;voltar=https:\/\/pos.uel.br\/ppgeciv\/\"><img decoding=\"async\" class=\"ppg-thumb-img\" src=\"data:image\/svg+xml;utf8,<svg xmlns='http:\/\/www.w3.org\/2000\/svg' viewBox='0 0 1600 900'><rect width='1600' height='900' fill='%23f1f5f9'\/><text x='50%' y='50%' dominant-baseline='middle' text-anchor='middle' fill='%2399a3ad' font-size='56' font-family='Arial'>PPGECiv<\/text><\/svg>\" alt=\"PPGECiv\" loading=\"lazy\" decoding=\"async\" \/><\/a><div class=\"ppg-body\"><h4 class=\"ppg-title\"><a href=\"https:\/\/pos.uel.br\/ppgeciv\/noticias-e-eventos\/?id=4132&#038;voltar=https:\/\/pos.uel.br\/ppgeciv\/\">Convite \u2013 Recep\u00e7\u00e3o aos Ingressantes da P\u00f3s-Gradua\u00e7\u00e3o UEL<\/a><\/h4><div class=\"ppg-line\"><strong>Convidado:<\/strong> Profa. Dra. Adriana Louren\u00e7o Soares (CCA-DCTA)<\/div><div class=\"ppg-line\"><strong>Data:<\/strong> 24\/03\/2026<\/div><div class=\"ppg-line\"><strong>Hor\u00e1rio:<\/strong> 8:45 am<\/div><div class=\"ppg-line\"><strong>Local:<\/strong> Anfiteatro Cyro Grossi.<\/div><\/div><\/article><\/div><div class=\"swiper-slide\"><article class=\"ppg-card\"><a class=\"ppg-thumb ppg-thumb--qualificacao\" href=\"https:\/\/pos.uel.br\/ppgeciv\/visualizar-qualificacao\/?id=3881\"><img width=\"900\" height=\"752\" src=\"https:\/\/pos.uel.br\/ppgeciv\/wp-content\/uploads\/2025\/08\/tese3-e1756925616254.webp\" class=\"ppg-thumb-img wp-post-image\" alt=\"Exame de Qualifica\u00e7\u00e3o de Disserta\u00e7\u00e3o de Mestrado: Comparativo de par\u00e2metros de resist\u00eancia do solo obtidos por diferentes m\u00e9todos de retroan\u00e1lise: estudo fundamentado em um talude real\" loading=\"lazy\" decoding=\"async\" \/><\/a><div class=\"ppg-body\"><h4 class=\"ppg-title\"><a href=\"https:\/\/pos.uel.br\/ppgeciv\/visualizar-qualificacao\/?id=3881\">Exame de Qualifica\u00e7\u00e3o de Disserta\u00e7\u00e3o de Mestrado: Comparativo de par\u00e2metros de resist\u00eancia do solo obtidos por diferentes m\u00e9todos de retroan\u00e1lise: estudo fundamentado em um talude real<\/a><\/h4><div class=\"ppg-line\"><strong>Candidato(a):<\/strong> Alex Morin Carneiro<\/div><div class=\"ppg-line\"><strong>Data:<\/strong> 18\/09\/2025<\/div><\/div><\/article><\/div><div class=\"swiper-slide\"><article class=\"ppg-card\"><a class=\"ppg-thumb ppg-thumb--qualificacao\" href=\"https:\/\/pos.uel.br\/ppgeciv\/visualizar-qualificacao\/?id=3816\"><img decoding=\"async\" class=\"ppg-thumb-img\" src=\"data:image\/svg+xml;utf8,<svg xmlns='http:\/\/www.w3.org\/2000\/svg' viewBox='0 0 1600 900'><rect width='1600' height='900' fill='%23f1f5f9'\/><text x='50%' y='50%' dominant-baseline='middle' text-anchor='middle' fill='%2399a3ad' font-size='56' font-family='Arial'>PPGECiv<\/text><\/svg>\" alt=\"PPGECiv\" loading=\"lazy\" decoding=\"async\" \/><\/a><div class=\"ppg-body\"><h4 class=\"ppg-title\"><a href=\"https:\/\/pos.uel.br\/ppgeciv\/visualizar-qualificacao\/?id=3816\">Exame de Qualifica\u00e7\u00e3o de Disserta\u00e7\u00e3o de Mestrado: \u00c1tila Marconcine de Souza<\/a><\/h4><div class=\"ppg-line\"><strong>Candidato(a):<\/strong> \u00c1tila Marconcine de Souza<\/div><div class=\"ppg-line\"><strong>Data:<\/strong> 29\/09\/2025<\/div><\/div><\/article><\/div>    <\/div>\n\n    <div class=\"swiper-pagination\"><\/div>\n    <div class=\"swiper-button-prev\"><\/div>\n    <div class=\"swiper-button-next\"><\/div>\n  <\/div>\n\n  <style>\n    \/* ===== Layout: imagem + texto (uniforme, sem corte) ===== *\/\n    .ppg-destaque-swiper .swiper-slide{height:auto !important}\n    .ppg-card{\n      display:grid; gap:12px;\n      grid-template-columns: 1fr; \/* mobile empilhado *\/\n      align-items:stretch;\n      background:#fff; border:1px solid #e9e9e9; border-radius:14px; padding:12px;\n      box-shadow:0 1px 6px rgba(0,0,0,.05);\n      height:100%;\n    }\n\n    .ppg-thumb{\n      position:relative;\n      width:100%;\n      border-radius:10px;\n      overflow:hidden;\n      background:#fff;\n      display:block;\n    }\n    .ppg-thumb-img{\n      display:block;\n      width:100%;\n      height:auto; \/* Mant\u00e9m propor\u00e7\u00e3o; n\u00e3o corta *\/\n    }\n\n    .ppg-body{display:flex;flex-direction:column;min-width:0}\n    .ppg-title{margin:2px 0 6px;font-size:1.02rem;line-height:1.25}\n    .ppg-title a{color:#0e6946;text-decoration:none}\n    .ppg-title a:hover{text-decoration:underline}\n    .ppg-line{font-size:.95rem;line-height:1.35;white-space:normal;overflow-wrap:anywhere}\n\n    .ppg-actions{margin-top:10px}\n    .ppg-btn{\n      display:inline-block;\n      padding:10px 12px;\n      border-radius:10px;\n      background:#0e6946;\n      color:#fff !important;\n      text-decoration:none !important;\n      font-weight:600;\n      font-size:.95rem;\n    }\n    .ppg-btn:hover{filter:brightness(0.95)}\n\n    @media (min-width:900px){\n      .ppg-card{ grid-template-columns: 1.3fr 1.5fr; }\n    }\n\n    \/* Quantidade de slides por viewport (fallback anti-conflito) *\/\n    @media (max-width: 767.98px){ .ppg-destaque-swiper .swiper-slide{ width:100% !important } }\n    @media (min-width:768px) and (max-width:1199.98px){ .ppg-destaque-swiper .swiper-slide{ width:calc(50% - 16px) !important } }\n    @media (min-width:1200px){ .ppg-destaque-swiper .swiper-slide{ width:calc(33.333% - 18px) !important } }\n  <\/style>\n\n  <script>\n    (function(){\n      function initPPGSwiper(){\n        var el = document.querySelector('.ppg-destaque-swiper');\n        if (!el) return;\n\n        \/\/ Duplica slides se poucos (loop infinito nas setas)\n        var wrapper = el.querySelector('.swiper-wrapper');\n        var slides  = wrapper ? wrapper.children : [];\n        var minSlides = 6;\n        if (slides.length > 0 && slides.length < minSlides) {\n          var clones = [];\n          for (var i=0; i<minSlides; i++){\n            var c = slides[i % slides.length].cloneNode(true);\n            c.classList.add('ppg-clone');\n            clones.push(c);\n          }\n          clones.forEach(function(n){ wrapper.appendChild(n); });\n        }\n\n        if (el.swiper && typeof el.swiper.destroy === 'function') {\n          try { el.swiper.destroy(true, true); } catch(e){}\n        }\n\n        if (window.Swiper) {\n          var swiper = new Swiper(el, {\n            slidesPerView: 1,\n            spaceBetween: 14,\n            loop: true,\n            loopAdditionalSlides: 10,\n\n            \/\/ \u2705 MAIS R\u00c1PIDO\n            speed: 300, \/\/ transi\u00e7\u00e3o (antes: 500)\n\n            \/\/ \u2705 AUTOPLAY (troca autom\u00e1tica mais r\u00e1pida)\n            autoplay: {\n              delay: 2500,               \/\/ tempo entre trocas (ajuste aqui)\n              disableOnInteraction: false, \/\/ n\u00e3o para ao clicar\/arrastar\n              pauseOnMouseEnter: true      \/\/ pausa se o mouse ficar em cima\n            },\n\n            watchOverflow: false,\n            observer: true,\n            observeParents: true,\n            navigation: {\n              nextEl: el.querySelector('.swiper-button-next'),\n              prevEl: el.querySelector('.swiper-button-prev')\n            },\n            pagination: { el: el.querySelector('.swiper-pagination'), clickable: true },\n            breakpoints: {\n              768:  { slidesPerView: 2, spaceBetween: 16 },\n              1200: { slidesPerView: 3, spaceBetween: 18 }\n            }\n          });\n\n          function equalizeHeights(){\n            var cards = el.querySelectorAll('.ppg-card');\n            var maxH = 0;\n            cards.forEach(function(card){ card.style.height = 'auto'; });\n            cards.forEach(function(card){ maxH = Math.max(maxH, card.getBoundingClientRect().height); });\n            cards.forEach(function(card){ card.style.height = maxH + 'px'; });\n          }\n\n          function enforceMobile(){\n            var w = window.innerWidth || document.documentElement.clientWidth;\n            if (w < 768 && swiper.params.slidesPerView !== 1) {\n              swiper.params.slidesPerView = 1; swiper.update();\n            }\n          }\n\n          equalizeHeights();\n          enforceMobile();\n\n          swiper.on('imagesReady', equalizeHeights);\n          swiper.on('slideChangeTransitionEnd', equalizeHeights);\n          swiper.on('resize', function(){ equalizeHeights(); enforceMobile(); });\n          window.addEventListener('load', equalizeHeights);\n          window.addEventListener('resize', function(){ equalizeHeights(); enforceMobile(); });\n        }\n      }\n\n      document.addEventListener('DOMContentLoaded', initPPGSwiper);\n      window.addEventListener('load', function(){ setTimeout(initPPGSwiper, 80); });\n    })();\n  <\/script>\n  \n\n\n\n<hr class=\"wp-block-separator has-alpha-channel-opacity\" \/>\n\n\n\n<p>QUEM SOMOS<\/p>\n\n\n\n<h2 class=\"wp-block-heading\">Apresenta\u00e7\u00e3o<\/h2>\n\n\n\n<p><\/p>\n\n\n\n<div class=\"wp-block-columns is-layout-flex wp-container-core-columns-is-layout-9d6595d7 wp-block-columns-is-layout-flex\">\n<div class=\"wp-block-column is-layout-flow wp-block-column-is-layout-flow\" style=\"flex-basis:66.66%\">\n<p><\/p>\n\n\n\n<p><\/p>\n\n\n\n<p><\/p>\n\n\n\n<p>O Programa de P\u00f3s-Gradua\u00e7\u00e3o em Engenharia Civil (PPGECiv) da UEL teve in\u00edcio em 2002, com o Mestrado e o nome ENGES \u2013 Programa de P\u00f3s-Gradua\u00e7\u00e3o em Engenharia de Edifica\u00e7\u00f5es e Saneamento. Ele foi criado para atender \u00e0 demanda regional por forma\u00e7\u00e3o t\u00e9cnica e cient\u00edfica de profissionais, al\u00e9m de fortalecer as pesquisas do Departamento de Constru\u00e7\u00e3o Civil.<\/p>\n\n\n\n<p>Com o crescimento do grupo de pesquisa e a chegada de novos docentes doutores, foi proposta a cria\u00e7\u00e3o do Doutorado, aprovado pela Capes em 2016 e iniciado no segundo semestre daquele ano. A implanta\u00e7\u00e3o do Doutorado levou \u00e0 reestrutura\u00e7\u00e3o do Mestrado, com atualiza\u00e7\u00f5es em disciplinas, \u00e1reas de concentra\u00e7\u00e3o e linhas de pesquisa.<\/p>\n\n\n\n<p><\/p>\n\n\n\n<p>Desde ent\u00e3o, o programa passou a se chamar oficialmente PPGECiv \u2013 Programa de P\u00f3s-Gradua\u00e7\u00e3o em Engenharia Civil. <\/p>\n\n\n\n<div class=\"wp-block-columns is-layout-flex wp-container-core-columns-is-layout-9d6595d7 wp-block-columns-is-layout-flex\">\n<div class=\"wp-block-column is-layout-flow wp-block-column-is-layout-flow\"><div class=\"wp-block-image\">\n<figure class=\"aligncenter size-medium is-resized\"><img loading=\"lazy\" decoding=\"async\" width=\"300\" height=\"87\" src=\"https:\/\/pos.uel.br\/ppgeciv\/wp-content\/uploads\/2026\/02\/QUAD21_24-300x87.png\" alt=\"\" class=\"wp-image-4121\" style=\"width:305px;height:auto\" srcset=\"https:\/\/pos.uel.br\/ppgeciv\/wp-content\/uploads\/2026\/02\/QUAD21_24-300x87.png 300w, https:\/\/pos.uel.br\/ppgeciv\/wp-content\/uploads\/2026\/02\/QUAD21_24-1024x297.png 1024w, https:\/\/pos.uel.br\/ppgeciv\/wp-content\/uploads\/2026\/02\/QUAD21_24-768x223.png 768w, https:\/\/pos.uel.br\/ppgeciv\/wp-content\/uploads\/2026\/02\/QUAD21_24.png 1220w\" sizes=\"auto, (max-width: 300px) 100vw, 300px\" \/><\/figure>\n<\/div><\/div>\n\n\n\n<div class=\"wp-block-column is-vertically-aligned-center is-layout-flow wp-block-column-is-layout-flow\">\n<div class=\"wp-block-buttons is-layout-flex wp-block-buttons-is-layout-flex\">\n<div class=\"wp-block-button\"><a class=\"wp-block-button__link wp-element-button\" href=\"https:\/\/pos.uel.br\/ppgeciv\/apresentacao\/\">saiba mais<\/a><\/div>\n<\/div>\n<\/div>\n<\/div>\n<\/div>\n\n\n\n<div class=\"wp-block-column is-vertically-aligned-center is-layout-flow wp-block-column-is-layout-flow\" style=\"flex-basis:33.33%\"><div class=\"wp-block-image\">\n<figure class=\"aligncenter size-full\"><img loading=\"lazy\" decoding=\"async\" width=\"827\" height=\"437\" src=\"https:\/\/pos.uel.br\/ppgeciv\/wp-content\/uploads\/2025\/07\/materiais.png\" alt=\"\" class=\"wp-image-3425\" style=\"aspect-ratio:1;object-fit:cover\" srcset=\"https:\/\/pos.uel.br\/ppgeciv\/wp-content\/uploads\/2025\/07\/materiais.png 827w, https:\/\/pos.uel.br\/ppgeciv\/wp-content\/uploads\/2025\/07\/materiais-300x159.png 300w, https:\/\/pos.uel.br\/ppgeciv\/wp-content\/uploads\/2025\/07\/materiais-768x406.png 768w\" sizes=\"auto, (max-width: 827px) 100vw, 827px\" \/><\/figure>\n<\/div><\/div>\n<\/div>\n\n\n\n<hr class=\"wp-block-separator has-alpha-channel-opacity\" \/>\n\n\n\n<p>ACESSO R\u00c1PIDO<\/p>\n\n\n    <table style=\"width: 100%; text-align: center; border: none\">\n      <tr>\n        <td style=\"padding: 20px\">\n          <a href=\"https:\/\/pos.uel.br\/ppgeciv\/defesas-2\/\" style=\"text-decoration: none; color: #006633\">\n            <img decoding=\"async\" src=\"https:\/\/pos.uel.br\/ppgeciv\/wp-content\/uploads\/2025\/07\/icon1.png\" alt=\"Pr\u00f3ximas Defesas\" style=\"width: 48px; height: 48px\">\n            <div style=\"font-weight: 600; margin-top: 8px\">Pr\u00f3ximas Defesas<\/div>\n          <\/a>\n        <\/td>\n        <td style=\"padding: 20px\">\n          <a href=\"https:\/\/pos.uel.br\/ppgeciv\/001-2\/\" style=\"text-decoration: none; color: #006633\">\n            <img decoding=\"async\" src=\"https:\/\/pos.uel.br\/ppgeciv\/wp-content\/uploads\/2025\/07\/svgviewer-output-6.png\" alt=\"Disciplinas\" style=\"width: 48px; height: 48px\">\n            <div style=\"font-weight: 600; margin-top: 8px\">Disciplinas<\/div>\n          <\/a>\n        <\/td>\n        <td style=\"padding: 20px\">\n          <a href=\"https:\/\/pos.uel.br\/ppgeciv\/docentes\" style=\"text-decoration: none; color: #006633\">\n            <img decoding=\"async\" src=\"https:\/\/pos.uel.br\/ppgeciv\/wp-content\/uploads\/2025\/07\/icon3.png\" alt=\"Docentes\" style=\"width: 48px; height: 48px\">\n            <div style=\"font-weight: 600; margin-top: 8px\">Docentes<\/div>\n          <\/a>\n        <\/td>\n        <td style=\"padding: 20px\">\n          <a href=\"https:\/\/pos.uel.br\/ppgeciv\/linhas-de-pesquisa\" style=\"text-decoration: none; color: #006633\">\n            <img decoding=\"async\" src=\"https:\/\/pos.uel.br\/ppgeciv\/wp-content\/uploads\/2025\/07\/svgviewer-output-9.png\" alt=\"Linhas de Pesquisa\" style=\"width: 48px; height: 48px\">\n            <div style=\"font-weight: 600; margin-top: 8px\">Linhas de Pesquisa<\/div>\n          <\/a>\n        <\/td>\n      <\/tr>\n    <\/table>\n    <div style=\"height: 60px\"><\/div>\n    \n\n\n\n<hr class=\"wp-block-separator has-alpha-channel-opacity\" \/>\n\n\n\n<p>AG\u00caNCIAS DE FOMENTO<\/p>\n\n\n    <!-- Swiper CSS -->\n    <link rel=\"stylesheet\" href=\"https:\/\/cdn.jsdelivr.net\/npm\/swiper@9\/swiper-bundle.min.css\"\/>\n\n    <div class=\"agencias-fomento-container\">\n        <div class=\"swiper agencias-swiper\">\n            <div class=\"swiper-wrapper\">\n                <div class=\"swiper-slide\">\n                    <a href=\"https:\/\/www.gov.br\/capes\/pt-br\" target=\"_blank\">\n                        <img decoding=\"async\" src=\"https:\/\/pos.uel.br\/ppgeciv\/wp-content\/uploads\/2025\/07\/logo_capes.png\" alt=\"CAPES\">\n                    <\/a>\n                <\/div>\n                <div class=\"swiper-slide\">\n                    <a href=\"https:\/\/www.gov.br\/cnpq\/pt-br\" target=\"_blank\">\n                        <img decoding=\"async\" src=\"https:\/\/pos.uel.br\/ppgeciv\/wp-content\/uploads\/2025\/07\/logo_cnpq.png\" alt=\"CNPq\">\n                    <\/a>\n                <\/div>\n                <div class=\"swiper-slide\">\n                    <a href=\"https:\/\/www.fappr.pr.gov.br\" target=\"_blank\">\n                        <img decoding=\"async\" src=\"https:\/\/pos.uel.br\/ppgeciv\/wp-content\/uploads\/2025\/07\/logo_fa.jpg\" alt=\"FA\">\n                    <\/a>\n                <\/div>\n                <div class=\"swiper-slide\">\n                    <a href=\"https:\/\/site.sanepar.com.br\" target=\"_blank\">\n                        <img decoding=\"async\" src=\"https:\/\/pos.uel.br\/ppgeciv\/wp-content\/uploads\/2025\/07\/Logotipo_Sanepar.png\" alt=\"Sanepar\">\n                    <\/a>\n                <\/div>\n                <div class=\"swiper-slide\">\n                    <a href=\"http:\/\/www.finep.gov.br\" target=\"_blank\">\n                        <img decoding=\"async\" src=\"https:\/\/pos.uel.br\/ppgeciv\/wp-content\/uploads\/2025\/07\/logo_finep.png\" alt=\"Finep\">\n                    <\/a>\n                <\/div>\n                <div class=\"swiper-slide\">\n                    <a href=\"https:\/\/www.copel.com\/site\/\" target=\"_blank\">\n                        <img decoding=\"async\" src=\"https:\/\/pos.uel.br\/ppgeciv\/wp-content\/uploads\/2025\/07\/logo-copel-256.png\" alt=\"Copel\">\n                    <\/a>\n                <\/div>\n            <\/div>\n\n            <!-- Setas -->\n            <div class=\"swiper-button-next\"><\/div>\n            <div class=\"swiper-button-prev\"><\/div>\n        <\/div>\n    <\/div>\n\n    <!-- Swiper JS -->\n    <script src=\"https:\/\/cdn.jsdelivr.net\/npm\/swiper@9\/swiper-bundle.min.js\"><\/script>\n\n    <style>\n        .agencias-fomento-container {\n            max-width: 1000px;\n            margin: auto;\n            padding: 20px 0;\n        }\n\n        .agencias-swiper .swiper-slide {\n            display: flex;\n            justify-content: center;\n            align-items: center;\n        }\n\n        .agencias-swiper img {\n            width: 250px;\n            height: auto;\n            display: block;\n            transition: transform 0.3s ease;\n        }\n\n        .agencias-swiper img:hover {\n            transform: scale(1.05);\n        }\n\n        .swiper-button-next,\n        .swiper-button-prev {\n            color: #02754d;\n        }\n    <\/style>\n\n    <script>\n        const swiperFomento = new Swiper('.agencias-swiper', {\n            slidesPerView: 3,\n            spaceBetween: 30,\n            loop: true,\n            autoplay: {\n                delay: 2100,\n                disableOnInteraction: false,\n                pauseOnMouseEnter: true\n            },\n            navigation: {\n                nextEl: '.swiper-button-next',\n                prevEl: '.swiper-button-prev',\n            },\n        });\n    <\/script>\n    \n\n\n\n<p><\/p>\n","protected":false},"excerpt":{"rendered":"<p>DESTAQUES QUEM SOMOS Apresenta\u00e7\u00e3o O Programa de P\u00f3s-Gradua\u00e7\u00e3o em Engenharia Civil (PPGECiv) da UEL teve in\u00edcio em 2002, com o Mestrado e o nome ENGES \u2013 Programa de P\u00f3s-Gradua\u00e7\u00e3o em Engenharia de Edifica\u00e7\u00f5es e Saneamento. Ele foi criado para atender \u00e0 demanda regional por forma\u00e7\u00e3o t\u00e9cnica e cient\u00edfica de profissionais, al\u00e9m de fortalecer as pesquisas [&hellip;]<\/p>\n","protected":false},"author":7,"featured_media":0,"parent":0,"menu_order":0,"comment_status":"closed","ping_status":"closed","template":"","meta":{"_acf_changed":false,"footnotes":""},"class_list":["post-13","page","type-page","status-publish","hentry"],"acf":[],"_links":{"self":[{"href":"https:\/\/pos.uel.br\/ppgeciv\/wp-json\/wp\/v2\/pages\/13","targetHints":{"allow":["GET"]}}],"collection":[{"href":"https:\/\/pos.uel.br\/ppgeciv\/wp-json\/wp\/v2\/pages"}],"about":[{"href":"https:\/\/pos.uel.br\/ppgeciv\/wp-json\/wp\/v2\/types\/page"}],"author":[{"embeddable":true,"href":"https:\/\/pos.uel.br\/ppgeciv\/wp-json\/wp\/v2\/users\/7"}],"replies":[{"embeddable":true,"href":"https:\/\/pos.uel.br\/ppgeciv\/wp-json\/wp\/v2\/comments?post=13"}],"version-history":[{"count":82,"href":"https:\/\/pos.uel.br\/ppgeciv\/wp-json\/wp\/v2\/pages\/13\/revisions"}],"predecessor-version":[{"id":4122,"href":"https:\/\/pos.uel.br\/ppgeciv\/wp-json\/wp\/v2\/pages\/13\/revisions\/4122"}],"wp:attachment":[{"href":"https:\/\/pos.uel.br\/ppgeciv\/wp-json\/wp\/v2\/media?parent=13"}],"curies":[{"name":"wp","href":"https:\/\/api.w.org\/{rel}","templated":true}]}}