{"id":1234,"date":"2025-02-11T20:09:46","date_gmt":"2025-02-11T23:09:46","guid":{"rendered":"https:\/\/pos.uel.br\/ppgeciv\/?page_id=1234"},"modified":"2025-07-30T09:52:51","modified_gmt":"2025-07-30T12:52:51","slug":"areas-de-concentracao","status":"publish","type":"page","link":"https:\/\/pos.uel.br\/ppgeciv\/areas-de-concentracao\/","title":{"rendered":"\u00c1reas de Concentra\u00e7\u00e3o"},"content":{"rendered":"\n<p>O&nbsp;<strong>PPGECiv<\/strong>&nbsp;est\u00e1 estruturado em&nbsp;<strong>duas \u00e1reas de concentra\u00e7\u00e3o<\/strong>&nbsp;e&nbsp;<strong>tr\u00eas linhas de pesquisa<\/strong>, que refletem a proposta do programa de produzir conhecimento t\u00e9cnico e cient\u00edfico, tanto b\u00e1sico quanto aplicado, em \u00e1reas estrat\u00e9gicas da Engenharia Civil, sempre com um olhar voltado \u00e0 sustentabilidade.<\/p>\n\n\n\n<p><\/p>\n\n\n\n<ol class=\"wp-block-list\">\n<li><strong>Constru\u00e7\u00e3o Civil<\/strong>\n<ul class=\"wp-block-list\">\n<li><strong>Tecnologia e Gest\u00e3o na Constru\u00e7\u00e3o Civil<\/strong><\/li>\n\n\n\n<li><strong>Geotecnia e Transportes<\/strong><\/li>\n\n\n\n<li><\/li>\n<\/ul>\n<\/li>\n\n\n\n<li><strong>Saneamento e Recursos H\u00eddricos<\/strong>\n<ul class=\"wp-block-list\">\n<li><strong>Saneamento e Recursos H\u00eddricos<\/strong><\/li>\n<\/ul>\n<\/li>\n<\/ol>\n\n\n\n<p><\/p>\n\n\n\n<p>As&nbsp;<strong>tr\u00eas linhas de pesquisa<\/strong>&nbsp;atuam de forma integrada, considerando a sustentabilidade t\u00e9cnica, financeira e ambiental nos seguintes temas:<\/p>\n\n\n\n<p><strong>Avalia\u00e7\u00e3o p\u00f3s-ocupa\u00e7\u00e3o de edifica\u00e7\u00f5es e diagn\u00f3stico de patologias construtivas<\/strong><\/p>\n\n\n\n<p><strong>Gest\u00e3o de recursos h\u00eddricos e saneamento ambiental<\/strong><\/p>\n\n\n\n<p><strong>Controle e gerenciamento de res\u00edduos s\u00f3lidos<\/strong><\/p>\n\n\n\n<p><strong>Redu\u00e7\u00e3o do desperd\u00edcio e das perdas em canteiros de obras<\/strong><\/p>\n\n\n\n<p><strong>Desenvolvimento, aplica\u00e7\u00e3o e avalia\u00e7\u00e3o de desempenho de materiais de constru\u00e7\u00e3o<\/strong><\/p>\n\n\n\n<p><strong>Estudo do solo e desenvolvimento de sistemas de infraestrutura<\/strong><\/p>\n\n\n\n<p><strong>Planejamento de transportes e alternativas de tr\u00e1fego urbano e rodovi\u00e1rio<\/strong><\/p>\n\n\n\n<p><strong>Materiais alternativos para conforto ambiental de edifica\u00e7\u00f5es<\/strong><\/p>\n\n\n\n<p><\/p>\n","protected":false},"excerpt":{"rendered":"<p>O&nbsp;PPGECiv&nbsp;est\u00e1 estruturado em&nbsp;duas \u00e1reas de concentra\u00e7\u00e3o&nbsp;e&nbsp;tr\u00eas linhas de pesquisa, que refletem a proposta do programa de produzir conhecimento t\u00e9cnico e cient\u00edfico, tanto b\u00e1sico quanto aplicado, em \u00e1reas estrat\u00e9gicas da Engenharia Civil, sempre com um olhar voltado \u00e0 sustentabilidade. As&nbsp;tr\u00eas linhas de pesquisa&nbsp;atuam de forma integrada, considerando a sustentabilidade t\u00e9cnica, financeira e ambiental nos seguintes temas: [&hellip;]<\/p>\n","protected":false},"author":7,"featured_media":0,"parent":0,"menu_order":0,"comment_status":"closed","ping_status":"closed","template":"","meta":{"_acf_changed":false,"footnotes":""},"class_list":["post-1234","page","type-page","status-publish","hentry"],"acf":[],"_links":{"self":[{"href":"https:\/\/pos.uel.br\/ppgeciv\/wp-json\/wp\/v2\/pages\/1234","targetHints":{"allow":["GET"]}}],"collection":[{"href":"https:\/\/pos.uel.br\/ppgeciv\/wp-json\/wp\/v2\/pages"}],"about":[{"href":"https:\/\/pos.uel.br\/ppgeciv\/wp-json\/wp\/v2\/types\/page"}],"author":[{"embeddable":true,"href":"https:\/\/pos.uel.br\/ppgeciv\/wp-json\/wp\/v2\/users\/7"}],"replies":[{"embeddable":true,"href":"https:\/\/pos.uel.br\/ppgeciv\/wp-json\/wp\/v2\/comments?post=1234"}],"version-history":[{"count":5,"href":"https:\/\/pos.uel.br\/ppgeciv\/wp-json\/wp\/v2\/pages\/1234\/revisions"}],"predecessor-version":[{"id":3427,"href":"https:\/\/pos.uel.br\/ppgeciv\/wp-json\/wp\/v2\/pages\/1234\/revisions\/3427"}],"wp:attachment":[{"href":"https:\/\/pos.uel.br\/ppgeciv\/wp-json\/wp\/v2\/media?parent=1234"}],"curies":[{"name":"wp","href":"https:\/\/api.w.org\/{rel}","templated":true}]}}